{"id":98718,"date":"2025-11-19T12:46:10","date_gmt":"2025-11-19T11:46:10","guid":{"rendered":"https:\/\/partyinabox.dk\/party\/vare\/elf-on-the-shelf-superhelt-outfit\/"},"modified":"2026-03-19T10:54:57","modified_gmt":"2026-03-19T09:54:57","slug":"elf-on-the-shelf-superhelt-outfit","status":"publish","type":"product","link":"https:\/\/partyinabox.dk\/party\/vare\/elf-on-the-shelf-superhelt-outfit\/","title":{"rendered":"Elf on the shelf superhelt outfit"},"content":{"rendered":"<p>Giv din drillenisse superkr\u00e6fter og g\u00f8r julelegen endnu sjovere med dette farverige superhelt kostume. Perfekt til at forvandle din elf til familiens lille redningsmand i december.<\/p>\n<p>Outfittet best\u00e5r af en r\u00f8d heldragt med &#8220;Super Lutin&#8221;-logo, matchende maske og en bl\u00e5 kappe, der bindes om halsen. Designet passer til de klassiske Elf on the Shelf-dukker. <i>Bem\u00e6rk: Nissen medf\u00f8lger ikke.<\/i><\/p>\n<p>Kostumet er ideelt til kreative nissedrillerier \u2013 lad din elf sv\u00e6ve fra lamper, redde pebern\u00f8dder eller holde \u00f8je med julegaverne fra toppen af reolen.<\/p>\n<p>Indhold: 1 stk. superhelt kostume \/ M\u00e5l: 10 cm x 0,2 cm x 18 cm<\/p>\n","protected":false},"excerpt":{"rendered":"<p>Giv din drillenisse superkr\u00e6fter og g\u00f8r julelegen endnu sjovere med dette farverige superhelt kostume. Perfekt til at forvandle din elf til familiens lille redningsmand i december. Outfittet best\u00e5r af en r\u00f8d heldragt med &#8220;Super Lutin&#8221;-logo, matchende maske og en bl\u00e5 [&hellip;]<\/p>\n","protected":false},"featured_media":98719,"template":"","meta":{"_acf_changed":false},"product_brand":[],"product_cat":[34],"product_tag":[],"class_list":{"0":"post-98718","1":"product","2":"type-product","3":"status-publish","4":"has-post-thumbnail","6":"product_cat-accessories","7":"pa_item-color-roed","8":"pa_item-group-dekoration","9":"pa_item-subgroup-julepynt","10":"pa_pakken-indeholder-superhelt-kostume","11":"pa_tema_tax-superheroes","12":"pa_under-tema-superhero-miscellaneous","14":"first","15":"instock","16":"taxable","17":"shipping-taxable","18":"purchasable","19":"product-type-simple"},"bundled_by":[],"bundle_stock_status":"instock","bundle_stock_quantity":82,"bundle_virtual":false,"bundle_layout":"","bundle_add_to_cart_form_location":"","bundle_editable_in_cart":false,"bundle_sold_individually_context":"","bundle_item_grouping":"","bundle_min_size":"","bundle_max_size":"","bundle_price":[],"bundled_items":[],"bundle_sell_ids":[],"acf":[],"tiered_pricing_type":"fixed","tiered_pricing_fixed_rules":[],"tiered_pricing_product_settings":{"layout":"default","base_unit_name":{"singular":null,"plural":null},"default_variation":null},"tiered_pricing_minimum_quantity":null,"tiered_pricing_roles_data":[],"tiered_pricing_percentage_rules":[],"tiered_pricing_maximum_quantity":null,"tiered_pricing_quantity_step":null,"_links":{"self":[{"href":"https:\/\/partyinabox.dk\/party\/wp-json\/wp\/v2\/product\/98718","targetHints":{"allow":["GET"]}}],"collection":[{"href":"https:\/\/partyinabox.dk\/party\/wp-json\/wp\/v2\/product"}],"about":[{"href":"https:\/\/partyinabox.dk\/party\/wp-json\/wp\/v2\/types\/product"}],"wp:featuredmedia":[{"embeddable":true,"href":"https:\/\/partyinabox.dk\/party\/wp-json\/wp\/v2\/media\/98719"}],"wp:attachment":[{"href":"https:\/\/partyinabox.dk\/party\/wp-json\/wp\/v2\/media?parent=98718"}],"wp:term":[{"taxonomy":"product_brand","embeddable":true,"href":"https:\/\/partyinabox.dk\/party\/wp-json\/wp\/v2\/product_brand?post=98718"},{"taxonomy":"product_cat","embeddable":true,"href":"https:\/\/partyinabox.dk\/party\/wp-json\/wp\/v2\/product_cat?post=98718"},{"taxonomy":"product_tag","embeddable":true,"href":"https:\/\/partyinabox.dk\/party\/wp-json\/wp\/v2\/product_tag?post=98718"}],"curies":[{"name":"wp","href":"https:\/\/api.w.org\/{rel}","templated":true}]}}