{"id":98298,"date":"2025-11-11T20:06:54","date_gmt":"2025-11-11T19:06:54","guid":{"rendered":"https:\/\/partyinabox.dk\/party\/?post_type=product&#038;p=98298"},"modified":"2026-03-13T11:16:30","modified_gmt":"2026-03-13T10:16:30","slug":"paw-patrol-dug-3","status":"publish","type":"product","link":"https:\/\/partyinabox.dk\/party\/vare\/paw-patrol-dug-3\/","title":{"rendered":"Paw Patrol\u00ae dug"},"content":{"rendered":"<h6 class=\"sr-only\"><strong style=\"font-size: 16px;\" data-start=\"0\" data-end=\"53\">Klar til redningsmission &#8211; ogs\u00e5 til f\u00f8dselsdagen!<\/strong><\/h6>\n<div class=\"text-base my-auto mx-auto pb-10 [--thread-content-margin:--spacing(4)] thread-sm:[--thread-content-margin:--spacing(6)] thread-lg:[--thread-content-margin:--spacing(16)] px-(--thread-content-margin)\">\n<div class=\"[--thread-content-max-width:40rem] thread-lg:[--thread-content-max-width:48rem] mx-auto max-w-(--thread-content-max-width) flex-1 group\/turn-messages focus-visible:outline-hidden relative flex w-full min-w-0 flex-col agent-turn\" tabindex=\"-1\">\n<div class=\"flex max-w-full flex-col grow\">\n<div class=\"min-h-8 text-message relative flex w-full flex-col items-end gap-2 text-start break-words whitespace-normal [.text-message+&amp;]:mt-1\" dir=\"auto\" data-message-author-role=\"assistant\" data-message-id=\"152f2394-8de3-4921-b742-aa9bdd2531d5\" data-message-model-slug=\"gpt-4o\">\n<div class=\"flex w-full flex-col gap-1 empty:hidden first:pt-[1px]\">\n<div class=\"markdown prose dark:prose-invert w-full break-words light markdown-new-styling\">\n<p data-start=\"55\" data-end=\"401\">G\u00f8r f\u00f8dselsdagsbordet ekstra sejt med denne farverige Paw Patrol dug! Her f\u00e5r du alle yndlingshvalpene samlet &#8211; Chase, Rubble, Marshall og resten af holdet &#8211; klar til at g\u00f8re festen til en vaske\u00e6gte action-oplevelse. Perfekt til sm\u00e5 fans af det popul\u00e6re tv-show, som vil elske at v\u00e6re omgivet af deres helte hele vejen fra kage til saftevand.<\/p>\n<p data-start=\"403\" data-end=\"604\">\ud83d\udfe5 <strong data-start=\"406\" data-end=\"441\">Praktisk og festlig p\u00e5 \u00e9n gang:<\/strong><br data-start=\"441\" data-end=\"444\" \/>\u2013 Fremstillet i plastik &#8211; nem at t\u00f8rre af og super slidst\u00e6rk<br data-start=\"504\" data-end=\"507\" \/>\u2013 M\u00e5ler 120 x 180 cm &#8211; passer til de fleste borde<br data-start=\"556\" data-end=\"559\" \/>\u2013 Ideel til b\u00e5de indend\u00f8rs og udend\u00f8rs brug<\/p>\n<p data-start=\"606\" data-end=\"774\" data-is-last-node=\"\" data-is-only-node=\"\">Kombin\u00e9r med Paw Patrol-tallerkener, krus og servietter for det ultimative temabord &#8211; og lad Ryder og hvalpene hj\u00e6lpe dig med at redde dagen (og bordet fra pletter)! \ud83d\udc3e<\/p>\n<\/div>\n<\/div>\n<\/div>\n<\/div>\n<\/div>\n<\/div>\n","protected":false},"excerpt":{"rendered":"<p>Klar til redningsmission &#8211; ogs\u00e5 til f\u00f8dselsdagen! G\u00f8r f\u00f8dselsdagsbordet ekstra sejt med denne farverige Paw Patrol dug! Her f\u00e5r du alle yndlingshvalpene samlet &#8211; Chase, Rubble, Marshall og resten af holdet &#8211; klar til at g\u00f8re festen til en vaske\u00e6gte [&hellip;]<\/p>\n","protected":false},"featured_media":98299,"template":"","meta":{"_acf_changed":false},"product_brand":[],"product_cat":[32],"product_tag":[],"class_list":{"0":"post-98298","1":"product","2":"type-product","3":"status-publish","4":"has-post-thumbnail","6":"product_cat-service","8":"first","9":"outofstock","10":"taxable","11":"shipping-taxable","12":"purchasable","13":"product-type-simple"},"bundled_by":[],"bundle_stock_status":"outofstock","bundle_stock_quantity":0,"bundle_virtual":false,"bundle_layout":"","bundle_add_to_cart_form_location":"","bundle_editable_in_cart":false,"bundle_sold_individually_context":"","bundle_item_grouping":"","bundle_min_size":"","bundle_max_size":"","bundle_price":[],"bundled_items":[],"bundle_sell_ids":[],"acf":[],"tiered_pricing_type":"fixed","tiered_pricing_fixed_rules":[],"tiered_pricing_product_settings":{"layout":"default","base_unit_name":{"singular":null,"plural":null},"default_variation":null},"tiered_pricing_minimum_quantity":null,"tiered_pricing_roles_data":[],"tiered_pricing_percentage_rules":[],"tiered_pricing_maximum_quantity":null,"tiered_pricing_quantity_step":null,"_links":{"self":[{"href":"https:\/\/partyinabox.dk\/party\/wp-json\/wp\/v2\/product\/98298","targetHints":{"allow":["GET"]}}],"collection":[{"href":"https:\/\/partyinabox.dk\/party\/wp-json\/wp\/v2\/product"}],"about":[{"href":"https:\/\/partyinabox.dk\/party\/wp-json\/wp\/v2\/types\/product"}],"wp:featuredmedia":[{"embeddable":true,"href":"https:\/\/partyinabox.dk\/party\/wp-json\/wp\/v2\/media\/98299"}],"wp:attachment":[{"href":"https:\/\/partyinabox.dk\/party\/wp-json\/wp\/v2\/media?parent=98298"}],"wp:term":[{"taxonomy":"product_brand","embeddable":true,"href":"https:\/\/partyinabox.dk\/party\/wp-json\/wp\/v2\/product_brand?post=98298"},{"taxonomy":"product_cat","embeddable":true,"href":"https:\/\/partyinabox.dk\/party\/wp-json\/wp\/v2\/product_cat?post=98298"},{"taxonomy":"product_tag","embeddable":true,"href":"https:\/\/partyinabox.dk\/party\/wp-json\/wp\/v2\/product_tag?post=98298"}],"curies":[{"name":"wp","href":"https:\/\/api.w.org\/{rel}","templated":true}]}}