{"id":96799,"date":"2025-10-20T09:49:27","date_gmt":"2025-10-20T07:49:27","guid":{"rendered":"https:\/\/partyinabox.dk\/party\/?post_type=product&#038;p=96799"},"modified":"2026-03-18T07:54:44","modified_gmt":"2026-03-18T06:54:44","slug":"elf-on-the-shelf-rensdyr-outfit","status":"publish","type":"product","link":"https:\/\/partyinabox.dk\/party\/vare\/elf-on-the-shelf-rensdyr-outfit\/","title":{"rendered":"Elf on the shelf rensdyr outfit"},"content":{"rendered":"<p data-start=\"0\" data-end=\"37\">\ud83e\udd8c<strong> Elf on the shelf dragt &#8211; rensdyr<\/strong><\/p>\n<p data-start=\"39\" data-end=\"343\">Er der noget s\u00f8dere end en lille nisse forkl\u00e6dt som julemandens trofaste rudolf rensdyr? Denne bl\u00f8de og hyggelige rensdyrdragt g\u00f8r din elf on the shelf endnu mere nuttet &#8211; og helt klar til nye juleeventyr. Kostumet har s\u00f8de \u00f8rer, sm\u00e5 gevirer og en varm rensdyrmave, som giver masser af charme og julestemning.<\/p>\n<p data-start=\"345\" data-end=\"619\">\u2728 Passer perfekt til elf on the shelf-dukken, som ogs\u00e5 findes i shoppen<br data-start=\"416\" data-end=\"419\" \/>\ud83e\udd8c Med bl\u00f8de detaljer og nuttet h\u00e6tte med gevir<br data-start=\"466\" data-end=\"469\" \/>\ud83c\udf84 Perfekt til decemberhygge og sm\u00e5 nissedrillerier<br data-start=\"520\" data-end=\"523\" \/>\ud83d\udc9b G\u00f8r nissen til en elsket del af julepynten &#8211; b\u00e5de p\u00e5 hylden, under tr\u00e6et og i rensdyrsl\u00e6den<\/p>\n<p data-start=\"621\" data-end=\"692\" data-is-last-node=\"\" data-is-only-node=\"\">Et s\u00f8dt lille outfit, der spreder smil, varme og magi hele julem\u00e5neden.<\/p>\n","protected":false},"excerpt":{"rendered":"<p>\ud83e\udd8c Elf on the shelf dragt &#8211; rensdyr Er der noget s\u00f8dere end en lille nisse forkl\u00e6dt som julemandens trofaste rudolf rensdyr? Denne bl\u00f8de og hyggelige rensdyrdragt g\u00f8r din elf on the shelf endnu mere nuttet &#8211; og helt klar [&hellip;]<\/p>\n","protected":false},"featured_media":96800,"template":"","meta":{"_acf_changed":false},"product_brand":[],"product_cat":[19,34],"product_tag":[],"class_list":{"0":"post-96799","1":"product","2":"type-product","3":"status-publish","4":"has-post-thumbnail","6":"product_cat-pynt","7":"product_cat-accessories","9":"first","10":"instock","11":"taxable","12":"shipping-taxable","13":"purchasable","14":"product-type-simple"},"bundled_by":[],"bundle_stock_status":"instock","bundle_stock_quantity":57,"bundle_virtual":false,"bundle_layout":"","bundle_add_to_cart_form_location":"","bundle_editable_in_cart":false,"bundle_sold_individually_context":"","bundle_item_grouping":"","bundle_min_size":"","bundle_max_size":"","bundle_price":[],"bundled_items":[],"bundle_sell_ids":[],"acf":[],"tiered_pricing_type":"fixed","tiered_pricing_fixed_rules":[],"tiered_pricing_product_settings":{"layout":"default","base_unit_name":{"singular":null,"plural":null},"default_variation":null},"tiered_pricing_minimum_quantity":null,"tiered_pricing_roles_data":[],"tiered_pricing_percentage_rules":[],"tiered_pricing_maximum_quantity":null,"tiered_pricing_quantity_step":null,"_links":{"self":[{"href":"https:\/\/partyinabox.dk\/party\/wp-json\/wp\/v2\/product\/96799","targetHints":{"allow":["GET"]}}],"collection":[{"href":"https:\/\/partyinabox.dk\/party\/wp-json\/wp\/v2\/product"}],"about":[{"href":"https:\/\/partyinabox.dk\/party\/wp-json\/wp\/v2\/types\/product"}],"wp:featuredmedia":[{"embeddable":true,"href":"https:\/\/partyinabox.dk\/party\/wp-json\/wp\/v2\/media\/96800"}],"wp:attachment":[{"href":"https:\/\/partyinabox.dk\/party\/wp-json\/wp\/v2\/media?parent=96799"}],"wp:term":[{"taxonomy":"product_brand","embeddable":true,"href":"https:\/\/partyinabox.dk\/party\/wp-json\/wp\/v2\/product_brand?post=96799"},{"taxonomy":"product_cat","embeddable":true,"href":"https:\/\/partyinabox.dk\/party\/wp-json\/wp\/v2\/product_cat?post=96799"},{"taxonomy":"product_tag","embeddable":true,"href":"https:\/\/partyinabox.dk\/party\/wp-json\/wp\/v2\/product_tag?post=96799"}],"curies":[{"name":"wp","href":"https:\/\/api.w.org\/{rel}","templated":true}]}}