{"id":96626,"date":"2025-10-17T11:27:28","date_gmt":"2025-10-17T09:27:28","guid":{"rendered":"https:\/\/partyinabox.dk\/party\/?post_type=product&#038;p=96626"},"modified":"2026-04-16T07:15:19","modified_gmt":"2026-04-16T05:15:19","slug":"dinosaur-folie-ballon-tal-2","status":"publish","type":"product","link":"https:\/\/partyinabox.dk\/party\/vare\/dinosaur-folie-ballon-tal-2\/","title":{"rendered":"Dinosaur folie ballon tal 2"},"content":{"rendered":"<p data-start=\"0\" data-end=\"45\">\ud83e\udd96 <strong>Dino-talballon \u201c2\u201d i brun folie<\/strong> \ud83c\udf89<\/p>\n<p data-start=\"47\" data-end=\"335\">Lad f\u00f8dselsdagen g\u00e5 op i dino-style med denne sk\u00f8nne folieballon formet som tallet 2 &#8211; perfekt til den lille dino-elsker, der fylder \u00e5r! Ballonen er udformet som en dinosaur med sm\u00e5 s\u00f8de pigge og kommer i en l\u00e6kker, brun nuance der matcher flot med naturtema og andre dino-dekorationer.<\/p>\n<p data-start=\"337\" data-end=\"530\">\ud83c\udf88 Ca. 92 cm h\u00f8j efter oppustning<br data-start=\"370\" data-end=\"373\" \/>\ud83e\udd95 Oppustelig med b\u00e5de luft og helium &#8211; suger\u00f8r medf\u00f8lger<br data-start=\"430\" data-end=\"433\" \/>\ud83c\udfaf Selvforseglende og nem at h\u00e6nge op<br data-start=\"489\" data-end=\"492\" \/>\ud83c\udf08 Flot brun farve med dino-detaljer<\/p>\n<p data-start=\"532\" data-end=\"641\" data-is-last-node=\"\" data-is-only-node=\"\">Kombin\u00e9r den med de andet dinosaur pynt og skab et eventyrligt Jurassic univers til f\u00f8dselsdagsfesten! \ud83e\udd73<\/p>\n","protected":false},"excerpt":{"rendered":"<p>\ud83e\udd96 Dino-talballon \u201c2\u201d i brun folie \ud83c\udf89 Lad f\u00f8dselsdagen g\u00e5 op i dino-style med denne sk\u00f8nne folieballon formet som tallet 2 &#8211; perfekt til den lille dino-elsker, der fylder \u00e5r! Ballonen er udformet som en dinosaur med sm\u00e5 s\u00f8de pigge [&hellip;]<\/p>\n","protected":false},"featured_media":96627,"template":"","meta":{"_acf_changed":false},"product_brand":[],"product_cat":[61],"product_tag":[],"class_list":{"0":"post-96626","1":"product","2":"type-product","3":"status-publish","4":"has-post-thumbnail","6":"product_cat-folie-tal","8":"first","9":"instock","10":"taxable","11":"shipping-taxable","12":"purchasable","13":"product-type-simple"},"bundled_by":[],"bundle_stock_status":"instock","bundle_stock_quantity":62,"bundle_virtual":false,"bundle_layout":"","bundle_add_to_cart_form_location":"","bundle_editable_in_cart":false,"bundle_sold_individually_context":"","bundle_item_grouping":"","bundle_min_size":"","bundle_max_size":"","bundle_price":[],"bundled_items":[],"bundle_sell_ids":[],"acf":[],"tiered_pricing_type":"fixed","tiered_pricing_fixed_rules":[],"tiered_pricing_product_settings":{"layout":"default","base_unit_name":{"singular":null,"plural":null},"default_variation":null},"tiered_pricing_minimum_quantity":null,"tiered_pricing_roles_data":[],"tiered_pricing_percentage_rules":[],"tiered_pricing_maximum_quantity":null,"tiered_pricing_quantity_step":null,"_links":{"self":[{"href":"https:\/\/partyinabox.dk\/party\/wp-json\/wp\/v2\/product\/96626","targetHints":{"allow":["GET"]}}],"collection":[{"href":"https:\/\/partyinabox.dk\/party\/wp-json\/wp\/v2\/product"}],"about":[{"href":"https:\/\/partyinabox.dk\/party\/wp-json\/wp\/v2\/types\/product"}],"wp:featuredmedia":[{"embeddable":true,"href":"https:\/\/partyinabox.dk\/party\/wp-json\/wp\/v2\/media\/96627"}],"wp:attachment":[{"href":"https:\/\/partyinabox.dk\/party\/wp-json\/wp\/v2\/media?parent=96626"}],"wp:term":[{"taxonomy":"product_brand","embeddable":true,"href":"https:\/\/partyinabox.dk\/party\/wp-json\/wp\/v2\/product_brand?post=96626"},{"taxonomy":"product_cat","embeddable":true,"href":"https:\/\/partyinabox.dk\/party\/wp-json\/wp\/v2\/product_cat?post=96626"},{"taxonomy":"product_tag","embeddable":true,"href":"https:\/\/partyinabox.dk\/party\/wp-json\/wp\/v2\/product_tag?post=96626"}],"curies":[{"name":"wp","href":"https:\/\/api.w.org\/{rel}","templated":true}]}}