{"id":90615,"date":"2025-07-02T12:35:29","date_gmt":"2025-07-02T10:35:29","guid":{"rendered":"https:\/\/partyinabox.dk\/party\/?post_type=product&#038;p=90615"},"modified":"2026-03-17T03:36:16","modified_gmt":"2026-03-17T02:36:16","slug":"lyseroed-transparent-boelget-plast-skaal-candybar","status":"publish","type":"product","link":"https:\/\/partyinabox.dk\/party\/vare\/lyseroed-transparent-boelget-plast-skaal-candybar\/","title":{"rendered":"Lyser\u00f8d\/transparent stor b\u00f8lget plast sk\u00e5l (candybar)"},"content":{"rendered":"<p data-start=\"77\" data-end=\"145\">\ud83c\udf80 <strong data-start=\"80\" data-end=\"140\">B\u00f8lget sk\u00e5l i rosa klar plast \u2013 fin og festlig servering<\/strong> \ud83c\udf80<\/p>\n<p data-start=\"147\" data-end=\"415\">G\u00f8r din bordd\u00e6kning ekstra indbydende med denne elegante b\u00f8lgesk\u00e5l i transparent plast med en sart rosa kant. Sk\u00e5len er perfekt til at pr\u00e6sentere alt fra sm\u00e5 snacks og s\u00f8de sager til friske frugtstykker eller spr\u00f8de popcorn \u2013 b\u00e5de til hverdag og s\u00e6rlige anledninger.<\/p>\n<p data-start=\"417\" data-end=\"543\">Med sin st\u00f8rrelse p\u00e5 \u00d822,5 cm og en h\u00f8jde p\u00e5 12 cm har sk\u00e5len plads til lidt af hvert uden at fylde for meget p\u00e5 bordet.<\/p>\n<ul data-start=\"545\" data-end=\"733\">\n<li data-start=\"545\" data-end=\"598\">\n<p data-start=\"547\" data-end=\"598\">Fremstillet i robust klar plast med b\u00f8lgende kant<\/p>\n<\/li>\n<li data-start=\"599\" data-end=\"662\">\n<p data-start=\"601\" data-end=\"662\">Let og praktisk \u2013 ideel til b\u00e5de indend\u00f8rs og udend\u00f8rs brug<\/p>\n<\/li>\n<li data-start=\"663\" data-end=\"733\">\n<p data-start=\"665\" data-end=\"733\">Flot detalje til babyshower, f\u00f8dselsdag, konfirmation eller picnic<\/p>\n<\/li>\n<\/ul>\n<p data-start=\"735\" data-end=\"856\">\u2728 <strong data-start=\"737\" data-end=\"745\">Tip:<\/strong> Fyld sk\u00e5len med farverigt slik eller delikate snacks og lad den blive et naturligt blikfang p\u00e5 buffetbordet<\/p>\n<p data-start=\"858\" data-end=\"934\" data-is-last-node=\"\" data-is-only-node=\"\">G\u00f8r serveringen b\u00e5de elegant og enkel med denne fine b\u00f8lgesk\u00e5l i rosa plast.<\/p>\n","protected":false},"excerpt":{"rendered":"<p>\ud83c\udf80 B\u00f8lget sk\u00e5l i rosa klar plast \u2013 fin og festlig servering \ud83c\udf80 G\u00f8r din bordd\u00e6kning ekstra indbydende med denne elegante b\u00f8lgesk\u00e5l i transparent plast med en sart rosa kant. Sk\u00e5len er perfekt til at pr\u00e6sentere alt fra sm\u00e5 snacks [&hellip;]<\/p>\n","protected":false},"featured_media":90616,"template":"","meta":{"_acf_changed":false},"product_brand":[],"product_cat":[32],"product_tag":[],"class_list":{"0":"post-90615","1":"product","2":"type-product","3":"status-publish","4":"has-post-thumbnail","6":"product_cat-service","8":"first","9":"outofstock","10":"taxable","11":"shipping-taxable","12":"purchasable","13":"product-type-simple"},"bundled_by":[],"bundle_stock_status":"outofstock","bundle_stock_quantity":0,"bundle_virtual":false,"bundle_layout":"","bundle_add_to_cart_form_location":"","bundle_editable_in_cart":false,"bundle_sold_individually_context":"","bundle_item_grouping":"","bundle_min_size":"","bundle_max_size":"","bundle_price":[],"bundled_items":[],"bundle_sell_ids":[],"acf":[],"tiered_pricing_type":"fixed","tiered_pricing_fixed_rules":[],"tiered_pricing_product_settings":{"layout":"default","base_unit_name":{"singular":null,"plural":null},"default_variation":null},"tiered_pricing_minimum_quantity":null,"tiered_pricing_roles_data":[],"tiered_pricing_percentage_rules":[],"tiered_pricing_maximum_quantity":null,"tiered_pricing_quantity_step":null,"_links":{"self":[{"href":"https:\/\/partyinabox.dk\/party\/wp-json\/wp\/v2\/product\/90615","targetHints":{"allow":["GET"]}}],"collection":[{"href":"https:\/\/partyinabox.dk\/party\/wp-json\/wp\/v2\/product"}],"about":[{"href":"https:\/\/partyinabox.dk\/party\/wp-json\/wp\/v2\/types\/product"}],"wp:featuredmedia":[{"embeddable":true,"href":"https:\/\/partyinabox.dk\/party\/wp-json\/wp\/v2\/media\/90616"}],"wp:attachment":[{"href":"https:\/\/partyinabox.dk\/party\/wp-json\/wp\/v2\/media?parent=90615"}],"wp:term":[{"taxonomy":"product_brand","embeddable":true,"href":"https:\/\/partyinabox.dk\/party\/wp-json\/wp\/v2\/product_brand?post=90615"},{"taxonomy":"product_cat","embeddable":true,"href":"https:\/\/partyinabox.dk\/party\/wp-json\/wp\/v2\/product_cat?post=90615"},{"taxonomy":"product_tag","embeddable":true,"href":"https:\/\/partyinabox.dk\/party\/wp-json\/wp\/v2\/product_tag?post=90615"}],"curies":[{"name":"wp","href":"https:\/\/api.w.org\/{rel}","templated":true}]}}