{"id":90520,"date":"2025-06-30T11:05:12","date_gmt":"2025-06-30T09:05:12","guid":{"rendered":"https:\/\/partyinabox.dk\/party\/?post_type=product&#038;p=90520"},"modified":"2026-03-16T09:24:28","modified_gmt":"2026-03-16T08:24:28","slug":"creme-ballon-m-sorte-sloejfer","status":"publish","type":"product","link":"https:\/\/partyinabox.dk\/party\/vare\/creme-ballon-m-sorte-sloejfer\/","title":{"rendered":"Creme ballon m\/ sorte sl\u00f8jfer"},"content":{"rendered":"<p data-start=\"74\" data-end=\"133\">\ud83c\udf80 S\u00e6t et charmerende og klassisk pr\u00e6g p\u00e5 din fejring! \ud83c\udf80<\/p>\n<p data-start=\"135\" data-end=\"454\">Disse elegante latexballoner med sorte sl\u00f8jfer p\u00e5 en bl\u00f8d, r\u00e5hvid baggrund er perfekte til at skabe et stilfuldt og indbydende udtryk \u2013 uanset om du holder f\u00f8dselsdag, jubil\u00e6um eller bridal shower. De fine sl\u00f8jfer giver ballonerne et tidl\u00f8st design, der nemt kan kombineres med andet pynt i lyse eller neutrale nuancer.<\/p>\n<ul data-start=\"456\" data-end=\"599\">\n<li data-start=\"456\" data-end=\"505\">\n<p data-start=\"458\" data-end=\"505\">6 stk. i en pakke<\/p>\n<\/li>\n<li data-start=\"506\" data-end=\"575\">\n<p data-start=\"508\" data-end=\"575\">Fyldes med luft eller helium (sv\u00e6vetid ca. 5\u201311 timer med helium)<\/p>\n<\/li>\n<li data-start=\"576\" data-end=\"599\">\n<p data-start=\"578\" data-end=\"599\">Diameter: ca. 30 cm<\/p>\n<\/li>\n<\/ul>\n<p data-start=\"601\" data-end=\"778\" data-is-last-node=\"\" data-is-only-node=\"\">\u2728 Tip: Bind ballonerne i buketter ved indgangen, pynt gavebordet eller lad dem sv\u00e6ve frit i lokalet \u2013 de sm\u00e5 sl\u00f8jfer s\u00e6tter prikken over i\u2019et og binder hele festen smukt sammen<\/p>\n","protected":false},"excerpt":{"rendered":"<p>\ud83c\udf80 S\u00e6t et charmerende og klassisk pr\u00e6g p\u00e5 din fejring! \ud83c\udf80 Disse elegante latexballoner med sorte sl\u00f8jfer p\u00e5 en bl\u00f8d, r\u00e5hvid baggrund er perfekte til at skabe et stilfuldt og indbydende udtryk \u2013 uanset om du holder f\u00f8dselsdag, jubil\u00e6um eller [&hellip;]<\/p>\n","protected":false},"featured_media":90521,"template":"","meta":{"_acf_changed":false},"product_brand":[],"product_cat":[30],"product_tag":[],"class_list":{"0":"post-90520","1":"product","2":"type-product","3":"status-publish","4":"has-post-thumbnail","6":"product_cat-balloner","8":"first","9":"instock","10":"taxable","11":"shipping-taxable","12":"purchasable","13":"product-type-simple"},"bundled_by":[],"bundle_stock_status":"instock","bundle_stock_quantity":20,"bundle_virtual":false,"bundle_layout":"","bundle_add_to_cart_form_location":"","bundle_editable_in_cart":false,"bundle_sold_individually_context":"","bundle_item_grouping":"","bundle_min_size":"","bundle_max_size":"","bundle_price":[],"bundled_items":[],"bundle_sell_ids":[],"acf":[],"tiered_pricing_type":"fixed","tiered_pricing_fixed_rules":[],"tiered_pricing_product_settings":{"layout":"default","base_unit_name":{"singular":null,"plural":null},"default_variation":null},"tiered_pricing_minimum_quantity":null,"tiered_pricing_roles_data":[],"tiered_pricing_percentage_rules":[],"tiered_pricing_maximum_quantity":null,"tiered_pricing_quantity_step":null,"_links":{"self":[{"href":"https:\/\/partyinabox.dk\/party\/wp-json\/wp\/v2\/product\/90520","targetHints":{"allow":["GET"]}}],"collection":[{"href":"https:\/\/partyinabox.dk\/party\/wp-json\/wp\/v2\/product"}],"about":[{"href":"https:\/\/partyinabox.dk\/party\/wp-json\/wp\/v2\/types\/product"}],"wp:featuredmedia":[{"embeddable":true,"href":"https:\/\/partyinabox.dk\/party\/wp-json\/wp\/v2\/media\/90521"}],"wp:attachment":[{"href":"https:\/\/partyinabox.dk\/party\/wp-json\/wp\/v2\/media?parent=90520"}],"wp:term":[{"taxonomy":"product_brand","embeddable":true,"href":"https:\/\/partyinabox.dk\/party\/wp-json\/wp\/v2\/product_brand?post=90520"},{"taxonomy":"product_cat","embeddable":true,"href":"https:\/\/partyinabox.dk\/party\/wp-json\/wp\/v2\/product_cat?post=90520"},{"taxonomy":"product_tag","embeddable":true,"href":"https:\/\/partyinabox.dk\/party\/wp-json\/wp\/v2\/product_tag?post=90520"}],"curies":[{"name":"wp","href":"https:\/\/api.w.org\/{rel}","templated":true}]}}