{"id":90497,"date":"2025-06-30T08:28:00","date_gmt":"2025-06-30T06:28:00","guid":{"rendered":"https:\/\/partyinabox.dk\/party\/?post_type=product&#038;p=90497"},"modified":"2026-05-01T11:13:08","modified_gmt":"2026-05-01T09:13:08","slug":"guld-pokal-m-sort-fod","status":"publish","type":"product","link":"https:\/\/partyinabox.dk\/party\/vare\/guld-pokal-m-sort-fod\/","title":{"rendered":"Guld pokal m\/ sort fod"},"content":{"rendered":"<p data-start=\"74\" data-end=\"119\">\ud83c\udfc6 Giv dine vindere en gylden oplevelse! \ud83c\udfc6<\/p>\n<p data-start=\"121\" data-end=\"422\">Disse flotte guldpokaler i plast er perfekte, n\u00e5r I vil hylde en sejr eller bare s\u00e6tte gang i lidt sjov konkurrence. S\u00e6ttet indeholder 6 skinnende pokaler, der straks skaber den helt rigtige vinderstemning \u2013 uanset om det er til b\u00f8rnef\u00f8dselsdag, firmafest, quiz eller familiens store br\u00e6tspilsaften.<\/p>\n<ul data-start=\"424\" data-end=\"557\">\n<li data-start=\"424\" data-end=\"445\">\n<p data-start=\"426\" data-end=\"445\">H\u00f8jde: ca. 9,6 cm<\/p>\n<\/li>\n<li data-start=\"446\" data-end=\"506\">\n<p data-start=\"448\" data-end=\"506\">Materiale: Let plast \u2013 robust nok til en festlig fejring<\/p>\n<\/li>\n<li data-start=\"507\" data-end=\"557\">\n<p data-start=\"509\" data-end=\"557\">Skinnende guldoverflade, der fanger alles blik<\/p>\n<\/li>\n<\/ul>\n<p data-start=\"559\" data-end=\"677\" data-is-last-node=\"\" data-is-only-node=\"\">\u2728 Tip: Brug dem som pr\u00e6mier, bordpynt eller sm\u00e5 overraskelser i gaveposer. De er et sikkert hit hos b\u00e5de store og sm\u00e5!<\/p>\n","protected":false},"excerpt":{"rendered":"<p>\ud83c\udfc6 Giv dine vindere en gylden oplevelse! \ud83c\udfc6 Disse flotte guldpokaler i plast er perfekte, n\u00e5r I vil hylde en sejr eller bare s\u00e6tte gang i lidt sjov konkurrence. S\u00e6ttet indeholder 6 skinnende pokaler, der straks skaber den helt rigtige [&hellip;]<\/p>\n","protected":false},"featured_media":90498,"template":"","meta":{"_acf_changed":false},"product_brand":[],"product_cat":[19],"product_tag":[],"class_list":{"0":"post-90497","1":"product","2":"type-product","3":"status-publish","4":"has-post-thumbnail","6":"product_cat-pynt","8":"first","9":"instock","10":"taxable","11":"shipping-taxable","12":"purchasable","13":"product-type-simple"},"bundled_by":[],"bundle_stock_status":"instock","bundle_stock_quantity":236,"bundle_virtual":false,"bundle_layout":"","bundle_add_to_cart_form_location":"","bundle_editable_in_cart":false,"bundle_sold_individually_context":"","bundle_item_grouping":"","bundle_min_size":"","bundle_max_size":"","bundle_price":[],"bundled_items":[],"bundle_sell_ids":[],"acf":[],"tiered_pricing_type":"fixed","tiered_pricing_fixed_rules":[],"tiered_pricing_product_settings":{"layout":"default","base_unit_name":{"singular":null,"plural":null},"default_variation":null},"tiered_pricing_minimum_quantity":null,"tiered_pricing_roles_data":[],"tiered_pricing_percentage_rules":[],"tiered_pricing_maximum_quantity":null,"tiered_pricing_quantity_step":null,"_links":{"self":[{"href":"https:\/\/partyinabox.dk\/party\/wp-json\/wp\/v2\/product\/90497","targetHints":{"allow":["GET"]}}],"collection":[{"href":"https:\/\/partyinabox.dk\/party\/wp-json\/wp\/v2\/product"}],"about":[{"href":"https:\/\/partyinabox.dk\/party\/wp-json\/wp\/v2\/types\/product"}],"wp:featuredmedia":[{"embeddable":true,"href":"https:\/\/partyinabox.dk\/party\/wp-json\/wp\/v2\/media\/90498"}],"wp:attachment":[{"href":"https:\/\/partyinabox.dk\/party\/wp-json\/wp\/v2\/media?parent=90497"}],"wp:term":[{"taxonomy":"product_brand","embeddable":true,"href":"https:\/\/partyinabox.dk\/party\/wp-json\/wp\/v2\/product_brand?post=90497"},{"taxonomy":"product_cat","embeddable":true,"href":"https:\/\/partyinabox.dk\/party\/wp-json\/wp\/v2\/product_cat?post=90497"},{"taxonomy":"product_tag","embeddable":true,"href":"https:\/\/partyinabox.dk\/party\/wp-json\/wp\/v2\/product_tag?post=90497"}],"curies":[{"name":"wp","href":"https:\/\/api.w.org\/{rel}","templated":true}]}}