{"id":89852,"date":"2026-01-21T00:00:00","date_gmt":"2026-01-20T23:00:00","guid":{"rendered":"https:\/\/partyinabox.dk\/party\/vare\/lys-lilla-crepe-papir-guirlande\/"},"modified":"2026-04-14T22:37:33","modified_gmt":"2026-04-14T20:37:33","slug":"lys-lilla-crepe-papir-guirlande","status":"publish","type":"product","link":"https:\/\/partyinabox.dk\/party\/vare\/lys-lilla-crepe-papir-guirlande\/","title":{"rendered":"Lys lilla crepe papir guirlande"},"content":{"rendered":"<p>Skab en festlig stemning med denne lilla crepepapir guirlande, der s\u00e6tter et smukt pr\u00e6g p\u00e5 enhver festlig begivenhed. Den bl\u00f8de lillatone giver rummet et elegant udtryk og kan nemt kombineres med andre farver.<\/p>\n<p>Den lette papirguirlande er nem at h\u00e6nge op. De b\u00f8lgende former skaber dybde og bev\u00e6gelse i dekorationen, perfekt til b\u00e5de store og sm\u00e5 rum.<\/p>\n<p>Tip: H\u00e6ng guirlanden i buer fra loft til v\u00e6g eller vikl den om stolper og gel\u00e6ndere for at skabe forskellige dekorative effekter.<\/p>\n<p>Indhold: 1 stk. \/ M\u00e5l: 6 meter<\/p>\n","protected":false},"excerpt":{"rendered":"<p>Skab en festlig stemning med denne lilla crepepapir guirlande, der s\u00e6tter et smukt pr\u00e6g p\u00e5 enhver festlig begivenhed. Den bl\u00f8de lillatone giver rummet et elegant udtryk og kan nemt kombineres med andre farver. Den lette papirguirlande er nem at h\u00e6nge [&hellip;]<\/p>\n","protected":false},"featured_media":89853,"template":"","meta":{"_acf_changed":false},"product_brand":[],"product_cat":[19,31],"product_tag":[],"class_list":{"0":"post-89852","1":"product","2":"type-product","3":"status-publish","4":"has-post-thumbnail","6":"product_cat-pynt","7":"product_cat-til-loftet","8":"pa_item-color-lilla","9":"pa_item-group-loftsdekoration","10":"pa_item-subgroup-guirlander","11":"pa_pakken-indeholder-1-stk-guirlande-6-meter","12":"pa_tema_tax-colour-themes","13":"pa_under-tema-purple-theme","15":"first","16":"instock","17":"taxable","18":"shipping-taxable","19":"purchasable","20":"product-type-simple"},"bundled_by":[],"bundle_stock_status":"instock","bundle_stock_quantity":24,"bundle_virtual":false,"bundle_layout":"","bundle_add_to_cart_form_location":"","bundle_editable_in_cart":false,"bundle_sold_individually_context":"","bundle_item_grouping":"","bundle_min_size":"","bundle_max_size":"","bundle_price":[],"bundled_items":[],"bundle_sell_ids":[],"acf":[],"tiered_pricing_type":"fixed","tiered_pricing_fixed_rules":[],"tiered_pricing_product_settings":{"layout":"default","base_unit_name":{"singular":null,"plural":null},"default_variation":null},"tiered_pricing_minimum_quantity":null,"tiered_pricing_roles_data":[],"tiered_pricing_percentage_rules":[],"tiered_pricing_maximum_quantity":null,"tiered_pricing_quantity_step":null,"_links":{"self":[{"href":"https:\/\/partyinabox.dk\/party\/wp-json\/wp\/v2\/product\/89852","targetHints":{"allow":["GET"]}}],"collection":[{"href":"https:\/\/partyinabox.dk\/party\/wp-json\/wp\/v2\/product"}],"about":[{"href":"https:\/\/partyinabox.dk\/party\/wp-json\/wp\/v2\/types\/product"}],"wp:featuredmedia":[{"embeddable":true,"href":"https:\/\/partyinabox.dk\/party\/wp-json\/wp\/v2\/media\/89853"}],"wp:attachment":[{"href":"https:\/\/partyinabox.dk\/party\/wp-json\/wp\/v2\/media?parent=89852"}],"wp:term":[{"taxonomy":"product_brand","embeddable":true,"href":"https:\/\/partyinabox.dk\/party\/wp-json\/wp\/v2\/product_brand?post=89852"},{"taxonomy":"product_cat","embeddable":true,"href":"https:\/\/partyinabox.dk\/party\/wp-json\/wp\/v2\/product_cat?post=89852"},{"taxonomy":"product_tag","embeddable":true,"href":"https:\/\/partyinabox.dk\/party\/wp-json\/wp\/v2\/product_tag?post=89852"}],"curies":[{"name":"wp","href":"https:\/\/api.w.org\/{rel}","templated":true}]}}