{"id":88567,"date":"2025-05-27T09:49:54","date_gmt":"2025-05-27T07:49:54","guid":{"rendered":"https:\/\/partyinabox.dk\/party\/?post_type=product&#038;p=88567"},"modified":"2026-04-15T11:39:15","modified_gmt":"2026-04-15T09:39:15","slug":"beige-heste-folie-ballon","status":"publish","type":"product","link":"https:\/\/partyinabox.dk\/party\/vare\/beige-heste-folie-ballon\/","title":{"rendered":"Beige heste folie ballon"},"content":{"rendered":"<p class=\"\" data-start=\"102\" data-end=\"451\"><strong data-start=\"102\" data-end=\"151\">Stor folieballon \u2013 st\u00e5ende hest i lyse farver<\/strong><\/p>\n<p class=\"\" data-start=\"102\" data-end=\"451\">Skab en magisk stemning til festen med denne smukke, st\u00e5ende hestefolieballon i lyse, bl\u00f8de nuancer. Ballonen er perfekt til at pynte ved gavebordet, kagebordet eller som en del af en eventyrlig photo wall \u2013 et <em data-start=\"365\" data-end=\"376\">must-have<\/em> til en hestetema-fest, b\u00f8rnef\u00f8dselsdag eller western-inspireret hygge \ud83e\udd20\ud83c\udf89<\/p>\n<p class=\"\" data-start=\"453\" data-end=\"639\">Ballonen m\u00e5ler\u00a0ca. 68,5 x 68,5 cm efter oppustning. Den pustes op med luft (suger\u00f8r medf\u00f8lger) og kan genbruges til flere festlige anledninger.<\/p>\n<p class=\"\" data-start=\"641\" data-end=\"796\">S\u00e6t den sammen med matchende tallerkener, servietter og balloner for en komplet bordd\u00e6kning, der f\u00e5r b\u00e5de sm\u00e5 og store hesteglade g\u00e6ster til at smile! \ud83d\udc0e\ud83c\udf88<\/p>\n","protected":false},"excerpt":{"rendered":"<p>Stor folieballon \u2013 st\u00e5ende hest i lyse farver Skab en magisk stemning til festen med denne smukke, st\u00e5ende hestefolieballon i lyse, bl\u00f8de nuancer. Ballonen er perfekt til at pynte ved gavebordet, kagebordet eller som en del af en eventyrlig photo [&hellip;]<\/p>\n","protected":false},"featured_media":88568,"template":"","meta":{"_acf_changed":false},"product_brand":[],"product_cat":[30],"product_tag":[],"class_list":{"0":"post-88567","1":"product","2":"type-product","3":"status-publish","4":"has-post-thumbnail","6":"product_cat-balloner","8":"first","9":"instock","10":"taxable","11":"shipping-taxable","12":"purchasable","13":"product-type-simple"},"bundled_by":[],"bundle_stock_status":"instock","bundle_stock_quantity":64,"bundle_virtual":false,"bundle_layout":"","bundle_add_to_cart_form_location":"","bundle_editable_in_cart":false,"bundle_sold_individually_context":"","bundle_item_grouping":"","bundle_min_size":"","bundle_max_size":"","bundle_price":[],"bundled_items":[],"bundle_sell_ids":[],"acf":[],"tiered_pricing_type":"fixed","tiered_pricing_fixed_rules":[],"tiered_pricing_product_settings":{"layout":"default","base_unit_name":{"singular":null,"plural":null},"default_variation":null},"tiered_pricing_minimum_quantity":null,"tiered_pricing_roles_data":[],"tiered_pricing_percentage_rules":[],"tiered_pricing_maximum_quantity":null,"tiered_pricing_quantity_step":null,"_links":{"self":[{"href":"https:\/\/partyinabox.dk\/party\/wp-json\/wp\/v2\/product\/88567","targetHints":{"allow":["GET"]}}],"collection":[{"href":"https:\/\/partyinabox.dk\/party\/wp-json\/wp\/v2\/product"}],"about":[{"href":"https:\/\/partyinabox.dk\/party\/wp-json\/wp\/v2\/types\/product"}],"wp:featuredmedia":[{"embeddable":true,"href":"https:\/\/partyinabox.dk\/party\/wp-json\/wp\/v2\/media\/88568"}],"wp:attachment":[{"href":"https:\/\/partyinabox.dk\/party\/wp-json\/wp\/v2\/media?parent=88567"}],"wp:term":[{"taxonomy":"product_brand","embeddable":true,"href":"https:\/\/partyinabox.dk\/party\/wp-json\/wp\/v2\/product_brand?post=88567"},{"taxonomy":"product_cat","embeddable":true,"href":"https:\/\/partyinabox.dk\/party\/wp-json\/wp\/v2\/product_cat?post=88567"},{"taxonomy":"product_tag","embeddable":true,"href":"https:\/\/partyinabox.dk\/party\/wp-json\/wp\/v2\/product_tag?post=88567"}],"curies":[{"name":"wp","href":"https:\/\/api.w.org\/{rel}","templated":true}]}}