{"id":88214,"date":"2025-05-21T08:50:15","date_gmt":"2025-05-21T06:50:15","guid":{"rendered":"https:\/\/partyinabox.dk\/party\/?post_type=product&#038;p=88214"},"modified":"2026-04-19T22:21:29","modified_gmt":"2026-04-19T20:21:29","slug":"roed-satin-baand","status":"publish","type":"product","link":"https:\/\/partyinabox.dk\/party\/vare\/roed-satin-baand\/","title":{"rendered":"R\u00f8d satin b\u00e5nd"},"content":{"rendered":"<p class=\"\" data-start=\"167\" data-end=\"505\"><strong data-start=\"167\" data-end=\"238\">Klassisk r\u00f8dt satinb\u00e5nd \u2013 til smukke detaljer og kreative projekter<\/strong><\/p>\n<p class=\"\" data-start=\"167\" data-end=\"505\">Tilf\u00f8j et strejf af elegance med dette r\u00f8de satinb\u00e5nd, der giver dine dekorationer, gaver og DIY-projekter et sofistikeret og festligt udtryk. B\u00e5ndets glansfulde overflade og dybe farve g\u00f8r det ideelt til b\u00e5de jul, bryllupper, studentergilder og s\u00e6rlige anledninger \u00e5ret rundt.<\/p>\n<p class=\"\" data-start=\"507\" data-end=\"820\">Satinb\u00e5ndet er lavet i slidst\u00e6rk polyester og m\u00e5ler 12 mm i bredden. Med en l\u00e6ngde p\u00e5 25 meter har du masser af b\u00e5nd til alt fra gaveindpakning og bordpynt til kranse, sl\u00f8jfer og kreative hobbyprojekter som scrapbooking og kortdesign.<\/p>\n<p class=\"\" data-start=\"822\" data-end=\"940\">Et alsidigt og dekorativt b\u00e5nd, der b\u00e5de er smukt og holdbart \u2013 og som s\u00e6tter prikken over i\u2019et p\u00e5 ethvert projekt \ud83c\udf81\u2728<\/p>\n","protected":false},"excerpt":{"rendered":"<p>Klassisk r\u00f8dt satinb\u00e5nd \u2013 til smukke detaljer og kreative projekter Tilf\u00f8j et strejf af elegance med dette r\u00f8de satinb\u00e5nd, der giver dine dekorationer, gaver og DIY-projekter et sofistikeret og festligt udtryk. B\u00e5ndets glansfulde overflade og dybe farve g\u00f8r det ideelt [&hellip;]<\/p>\n","protected":false},"featured_media":88215,"template":"","meta":{"_acf_changed":false},"product_brand":[],"product_cat":[15],"product_tag":[],"class_list":{"0":"post-88214","1":"product","2":"type-product","3":"status-publish","4":"has-post-thumbnail","6":"product_cat-ukategoriseret","8":"first","9":"instock","10":"taxable","11":"shipping-taxable","12":"purchasable","13":"product-type-simple"},"bundled_by":[],"bundle_stock_status":"instock","bundle_stock_quantity":71,"bundle_virtual":false,"bundle_layout":"","bundle_add_to_cart_form_location":"","bundle_editable_in_cart":false,"bundle_sold_individually_context":"","bundle_item_grouping":"","bundle_min_size":"","bundle_max_size":"","bundle_price":[],"bundled_items":[],"bundle_sell_ids":[],"acf":[],"tiered_pricing_type":"fixed","tiered_pricing_fixed_rules":[],"tiered_pricing_product_settings":{"layout":"default","base_unit_name":{"singular":null,"plural":null},"default_variation":null},"tiered_pricing_minimum_quantity":null,"tiered_pricing_roles_data":[],"tiered_pricing_percentage_rules":[],"tiered_pricing_maximum_quantity":null,"tiered_pricing_quantity_step":null,"_links":{"self":[{"href":"https:\/\/partyinabox.dk\/party\/wp-json\/wp\/v2\/product\/88214","targetHints":{"allow":["GET"]}}],"collection":[{"href":"https:\/\/partyinabox.dk\/party\/wp-json\/wp\/v2\/product"}],"about":[{"href":"https:\/\/partyinabox.dk\/party\/wp-json\/wp\/v2\/types\/product"}],"wp:featuredmedia":[{"embeddable":true,"href":"https:\/\/partyinabox.dk\/party\/wp-json\/wp\/v2\/media\/88215"}],"wp:attachment":[{"href":"https:\/\/partyinabox.dk\/party\/wp-json\/wp\/v2\/media?parent=88214"}],"wp:term":[{"taxonomy":"product_brand","embeddable":true,"href":"https:\/\/partyinabox.dk\/party\/wp-json\/wp\/v2\/product_brand?post=88214"},{"taxonomy":"product_cat","embeddable":true,"href":"https:\/\/partyinabox.dk\/party\/wp-json\/wp\/v2\/product_cat?post=88214"},{"taxonomy":"product_tag","embeddable":true,"href":"https:\/\/partyinabox.dk\/party\/wp-json\/wp\/v2\/product_tag?post=88214"}],"curies":[{"name":"wp","href":"https:\/\/api.w.org\/{rel}","templated":true}]}}