{"id":858,"date":"2022-05-10T00:00:00","date_gmt":"2022-05-09T22:00:00","guid":{"rendered":"https:\/\/partyinabox.dk\/party\/?post_type=product&#038;p=858"},"modified":"2026-04-15T21:09:13","modified_gmt":"2026-04-15T19:09:13","slug":"hvide-balloner-50","status":"publish","type":"product","link":"https:\/\/partyinabox.dk\/party\/vare\/hvide-balloner-50\/","title":{"rendered":"Metallisk hvid perlemor ballon"},"content":{"rendered":"<p>Forestil dig et hav af skinnende, hvide balloner, der forvandler din fest til et dr\u00f8mmelandskab. Disse balloner bringer ikke kun elegance til bordet; de sv\u00e6ver ogs\u00e5 henover g\u00e6sternes hoveder med en n\u00e6sten magisk aura. Er du klar til at opleve, hvordan din n\u00e6ste fest kan blive et skridt t\u00e6ttere p\u00e5 eventyrland?<\/p>\n<p>Materiale af h\u00f8j kvalitet sikrer, at disse sk\u00f8nheder kan holde festen k\u00f8rende med b\u00e5de helium og Hi-Float. V\u00e6lg mellem pakker p\u00e5 10, 50 eller 100 for at matche netop dit behov. Hvem vidste, at beslutningen om balloner kunne v\u00e6re startskuddet p\u00e5 en uforglemmelig aften?<\/p>\n<p>Med disse metalhvide latexballoner er temaet &#8216;hvid magi&#8217; inden for r\u00e6kkevidde. Lad os v\u00e6re \u00e6rlige; lidt ekstra glans har aldrig skadet en fest, vel? G\u00f8r klar til at blive festens midtpunkt \u2013 og det uden at skulle stj\u00e6le showet fra ballonerne, naturligvis.<\/p>\n<p>M\u00e5l: 50 cm<\/p>\n","protected":false},"excerpt":{"rendered":"<p>Forestil dig et hav af skinnende, hvide balloner, der forvandler din fest til et dr\u00f8mmelandskab. Disse balloner bringer ikke kun elegance til bordet; de sv\u00e6ver ogs\u00e5 henover g\u00e6sternes hoveder med en n\u00e6sten magisk aura. Er du klar til at opleve, [&hellip;]<\/p>\n","protected":false},"featured_media":855,"template":"","meta":{"_acf_changed":false},"product_brand":[],"product_cat":[30],"product_tag":[],"class_list":{"0":"post-858","1":"product","2":"type-product","3":"status-publish","4":"has-post-thumbnail","6":"product_cat-balloner","8":"first","9":"instock","10":"taxable","11":"shipping-taxable","12":"purchasable","13":"product-type-simple"},"bundled_by":[],"bundle_stock_status":"instock","bundle_stock_quantity":43,"bundle_virtual":false,"bundle_layout":"","bundle_add_to_cart_form_location":"","bundle_editable_in_cart":false,"bundle_sold_individually_context":"","bundle_item_grouping":"","bundle_min_size":"","bundle_max_size":"","bundle_price":[],"bundled_items":[],"bundle_sell_ids":[],"acf":[],"tiered_pricing_type":"fixed","tiered_pricing_fixed_rules":[],"tiered_pricing_product_settings":{"layout":"default","base_unit_name":{"singular":null,"plural":null},"default_variation":null},"tiered_pricing_minimum_quantity":null,"tiered_pricing_roles_data":[],"tiered_pricing_percentage_rules":[],"tiered_pricing_maximum_quantity":null,"tiered_pricing_quantity_step":null,"_links":{"self":[{"href":"https:\/\/partyinabox.dk\/party\/wp-json\/wp\/v2\/product\/858","targetHints":{"allow":["GET"]}}],"collection":[{"href":"https:\/\/partyinabox.dk\/party\/wp-json\/wp\/v2\/product"}],"about":[{"href":"https:\/\/partyinabox.dk\/party\/wp-json\/wp\/v2\/types\/product"}],"wp:featuredmedia":[{"embeddable":true,"href":"https:\/\/partyinabox.dk\/party\/wp-json\/wp\/v2\/media\/855"}],"wp:attachment":[{"href":"https:\/\/partyinabox.dk\/party\/wp-json\/wp\/v2\/media?parent=858"}],"wp:term":[{"taxonomy":"product_brand","embeddable":true,"href":"https:\/\/partyinabox.dk\/party\/wp-json\/wp\/v2\/product_brand?post=858"},{"taxonomy":"product_cat","embeddable":true,"href":"https:\/\/partyinabox.dk\/party\/wp-json\/wp\/v2\/product_cat?post=858"},{"taxonomy":"product_tag","embeddable":true,"href":"https:\/\/partyinabox.dk\/party\/wp-json\/wp\/v2\/product_tag?post=858"}],"curies":[{"name":"wp","href":"https:\/\/api.w.org\/{rel}","templated":true}]}}