{"id":85196,"date":"2025-09-16T00:00:00","date_gmt":"2025-09-15T22:00:00","guid":{"rendered":"https:\/\/partyinabox.dk\/party\/?post_type=product&#038;p=85196"},"modified":"2026-03-13T11:15:55","modified_gmt":"2026-03-13T10:15:55","slug":"batman-servietter","status":"publish","type":"product","link":"https:\/\/partyinabox.dk\/party\/vare\/batman-servietter\/","title":{"rendered":"Batman\u00ae servietter"},"content":{"rendered":"<p>Er dit barn ogs\u00e5 helt vild med Batman og alt fra DC universet? S\u00e5 vil en b\u00f8rnef\u00f8dselsdag sp\u00e6kket med Batman temaet uden tvivl blive et hit hos den lille superhelte entusiast!<\/p>\n<p>Den heltemodige DC\u00ae fort\u00e6lling om milliard\u00e6ren Bruce Wayne, der i al hemmelighed bek\u00e6mper kriminalitet som superhelten, Batman, har ramt direkte i hjerterne p\u00e5 b\u00e5de piger og drenge verden over. Genskab heltegerningerne fra de ikoniske Batman film og tegneserier med en Batman temafest eller Batman f\u00f8dselsdag.<\/p>\n<p>Du modtager 16 stk. Servietter af papir, som m\u00e5ler 16,5 x 16,5 cm, n\u00e5r de er foldede og 33 x 33 cm, n\u00e5r de er udfoldede. P\u00e5 servietterne ses et stort motiv af Batman i hans ikoniske superheltedragt samt sm\u00e5 print af Batman logoet, batmobiler og meget mere.<\/p>\n<p>S\u00e5 hvorfor ikke s\u00f8rge for en vidunderlig dag hvor superhelte og Batman temaet skinner igennem? F\u00e5 fat i Batman servietterne og skab begejstring hos de sm\u00e5!<\/p>\n","protected":false},"excerpt":{"rendered":"<p>Er dit barn ogs\u00e5 helt vild med Batman og alt fra DC universet? S\u00e5 vil en b\u00f8rnef\u00f8dselsdag sp\u00e6kket med Batman temaet uden tvivl blive et hit hos den lille superhelte entusiast! Den heltemodige DC\u00ae fort\u00e6lling om milliard\u00e6ren Bruce Wayne, der [&hellip;]<\/p>\n","protected":false},"featured_media":85197,"template":"","meta":{"_acf_changed":false},"product_brand":[],"product_cat":[32],"product_tag":[],"class_list":{"0":"post-85196","1":"product","2":"type-product","3":"status-publish","4":"has-post-thumbnail","6":"product_cat-service","8":"first","9":"outofstock","10":"taxable","11":"shipping-taxable","12":"purchasable","13":"product-type-simple"},"bundled_by":[],"bundle_stock_status":"outofstock","bundle_stock_quantity":0,"bundle_virtual":false,"bundle_layout":"","bundle_add_to_cart_form_location":"","bundle_editable_in_cart":false,"bundle_sold_individually_context":"","bundle_item_grouping":"","bundle_min_size":"","bundle_max_size":"","bundle_price":[],"bundled_items":[],"bundle_sell_ids":[],"acf":[],"tiered_pricing_type":"fixed","tiered_pricing_fixed_rules":[],"tiered_pricing_product_settings":{"layout":"default","base_unit_name":{"singular":null,"plural":null},"default_variation":null},"tiered_pricing_minimum_quantity":null,"tiered_pricing_roles_data":[],"tiered_pricing_percentage_rules":[],"tiered_pricing_maximum_quantity":null,"tiered_pricing_quantity_step":null,"_links":{"self":[{"href":"https:\/\/partyinabox.dk\/party\/wp-json\/wp\/v2\/product\/85196","targetHints":{"allow":["GET"]}}],"collection":[{"href":"https:\/\/partyinabox.dk\/party\/wp-json\/wp\/v2\/product"}],"about":[{"href":"https:\/\/partyinabox.dk\/party\/wp-json\/wp\/v2\/types\/product"}],"wp:featuredmedia":[{"embeddable":true,"href":"https:\/\/partyinabox.dk\/party\/wp-json\/wp\/v2\/media\/85197"}],"wp:attachment":[{"href":"https:\/\/partyinabox.dk\/party\/wp-json\/wp\/v2\/media?parent=85196"}],"wp:term":[{"taxonomy":"product_brand","embeddable":true,"href":"https:\/\/partyinabox.dk\/party\/wp-json\/wp\/v2\/product_brand?post=85196"},{"taxonomy":"product_cat","embeddable":true,"href":"https:\/\/partyinabox.dk\/party\/wp-json\/wp\/v2\/product_cat?post=85196"},{"taxonomy":"product_tag","embeddable":true,"href":"https:\/\/partyinabox.dk\/party\/wp-json\/wp\/v2\/product_tag?post=85196"}],"curies":[{"name":"wp","href":"https:\/\/api.w.org\/{rel}","templated":true}]}}