{"id":84892,"date":"2025-04-07T12:31:21","date_gmt":"2025-04-07T10:31:21","guid":{"rendered":"https:\/\/partyinabox.dk\/party\/vare\/lyseblaa-slikpose-2\/"},"modified":"2026-04-09T03:34:46","modified_gmt":"2026-04-09T01:34:46","slug":"lyseblaa-slikpose-2","status":"publish","type":"product","link":"https:\/\/partyinabox.dk\/party\/vare\/lyseblaa-slikpose-2\/","title":{"rendered":"Lysebl\u00e5 slikpose"},"content":{"rendered":"<p>G\u00f8r din fest ekstra s\u00e6rlig med lysebl\u00e5 papirsposer, der giver den perfekte ramme om sm\u00e5 overraskelser til dine g\u00e6ster.<\/p>\n<p>De enkle, elegante poser er fremstillet i holdbart papir og har en praktisk st\u00f8rrelse til godter, sm\u00e5 gaver eller festlige souvenirs. Den lysebl\u00e5 farve passer smukt til b\u00e5de barned\u00e5b, babyshower og f\u00f8dselsdage.<\/p>\n<p><i>Tip: Brug poserne som festlige goodiebags eller som en del af borddekorationen fyldt med s\u00f8de sager.<\/i><\/p>\n<p>Indhold: 12 stk. \/ M\u00e5l: 25,4 x 13,3 x 8,9 cm<\/p>\n","protected":false},"excerpt":{"rendered":"<p>G\u00f8r din fest ekstra s\u00e6rlig med lysebl\u00e5 papirsposer, der giver den perfekte ramme om sm\u00e5 overraskelser til dine g\u00e6ster. De enkle, elegante poser er fremstillet i holdbart papir og har en praktisk st\u00f8rrelse til godter, sm\u00e5 gaver eller festlige souvenirs. [&hellip;]<\/p>\n","protected":false},"featured_media":84893,"template":"","meta":{"_acf_changed":false},"product_brand":[],"product_cat":[34],"product_tag":[],"class_list":{"0":"post-84892","1":"product","2":"type-product","3":"status-publish","4":"has-post-thumbnail","6":"product_cat-accessories","7":"pa_item-color-lyseblaa","8":"pa_item-group-festtilbehoer","9":"pa_item-subgroup-poser-goodiebags","10":"pa_pakken-indeholder-12-stk-poser","11":"pa_tema_tax-colour-themes","12":"pa_under-tema-blue-theme","14":"first","15":"outofstock","16":"taxable","17":"shipping-taxable","18":"purchasable","19":"product-type-simple"},"bundled_by":[],"bundle_stock_status":"outofstock","bundle_stock_quantity":0,"bundle_virtual":false,"bundle_layout":"","bundle_add_to_cart_form_location":"","bundle_editable_in_cart":false,"bundle_sold_individually_context":"","bundle_item_grouping":"","bundle_min_size":"","bundle_max_size":"","bundle_price":[],"bundled_items":[],"bundle_sell_ids":[],"acf":[],"tiered_pricing_type":"fixed","tiered_pricing_fixed_rules":[],"tiered_pricing_product_settings":{"layout":"default","base_unit_name":{"singular":null,"plural":null},"default_variation":null},"tiered_pricing_minimum_quantity":null,"tiered_pricing_roles_data":[],"tiered_pricing_percentage_rules":[],"tiered_pricing_maximum_quantity":null,"tiered_pricing_quantity_step":null,"_links":{"self":[{"href":"https:\/\/partyinabox.dk\/party\/wp-json\/wp\/v2\/product\/84892","targetHints":{"allow":["GET"]}}],"collection":[{"href":"https:\/\/partyinabox.dk\/party\/wp-json\/wp\/v2\/product"}],"about":[{"href":"https:\/\/partyinabox.dk\/party\/wp-json\/wp\/v2\/types\/product"}],"wp:featuredmedia":[{"embeddable":true,"href":"https:\/\/partyinabox.dk\/party\/wp-json\/wp\/v2\/media\/84893"}],"wp:attachment":[{"href":"https:\/\/partyinabox.dk\/party\/wp-json\/wp\/v2\/media?parent=84892"}],"wp:term":[{"taxonomy":"product_brand","embeddable":true,"href":"https:\/\/partyinabox.dk\/party\/wp-json\/wp\/v2\/product_brand?post=84892"},{"taxonomy":"product_cat","embeddable":true,"href":"https:\/\/partyinabox.dk\/party\/wp-json\/wp\/v2\/product_cat?post=84892"},{"taxonomy":"product_tag","embeddable":true,"href":"https:\/\/partyinabox.dk\/party\/wp-json\/wp\/v2\/product_tag?post=84892"}],"curies":[{"name":"wp","href":"https:\/\/api.w.org\/{rel}","templated":true}]}}