{"id":83452,"date":"2025-03-17T14:52:20","date_gmt":"2025-03-17T13:52:20","guid":{"rendered":"https:\/\/partyinabox.dk\/party\/vare\/hello-30-sloejfe-tallerkener\/"},"modified":"2026-04-13T22:17:10","modified_gmt":"2026-04-13T20:17:10","slug":"hello-30-sloejfe-tallerkener","status":"publish","type":"product","link":"https:\/\/partyinabox.dk\/party\/vare\/hello-30-sloejfe-tallerkener\/","title":{"rendered":"Creme\/sort &#8220;hello 30&#8221; tallerken"},"content":{"rendered":"<p>G\u00f8r din 30-\u00e5rs fejring b\u00e5de stilfuld og praktisk med disse papir-tallerkener. Med et elegant cremefarvet design, sorte detaljer og en skinnende s\u00f8lvtekst, skaber de en smuk ramme om bordd\u00e6kningen.<\/p>\n<p>Tallerkenerne er perfekte til b\u00e5de snacks, mad og kage og g\u00f8r oprydningen let. Ideelle til en festlig middag eller en uformel fejring med venner og familie.<\/p>\n<p>Indhold: 6 stk. \/ M\u00e5l: 18 cm<\/p>\n","protected":false},"excerpt":{"rendered":"<p>G\u00f8r din 30-\u00e5rs fejring b\u00e5de stilfuld og praktisk med disse papir-tallerkener. Med et elegant cremefarvet design, sorte detaljer og en skinnende s\u00f8lvtekst, skaber de en smuk ramme om bordd\u00e6kningen. Tallerkenerne er perfekte til b\u00e5de snacks, mad og kage og g\u00f8r [&hellip;]<\/p>\n","protected":false},"featured_media":83461,"template":"","meta":{"_acf_changed":false},"product_brand":[],"product_cat":[32],"product_tag":[],"class_list":{"0":"post-83452","1":"product","2":"type-product","3":"status-publish","4":"has-post-thumbnail","6":"product_cat-service","7":"pa_item-color-creme","8":"pa_item-color-sort","9":"pa_item-group-bordservice","10":"pa_item-subgroup-tallerkner","11":"pa_pakken-indeholder-6-stk-paptallerkener","12":"pa_tema_tax-birthday","13":"pa_under-tema-30-year","15":"first","16":"instock","17":"taxable","18":"shipping-taxable","19":"purchasable","20":"product-type-simple"},"bundled_by":[],"bundle_stock_status":"instock","bundle_stock_quantity":46,"bundle_virtual":false,"bundle_layout":"","bundle_add_to_cart_form_location":"","bundle_editable_in_cart":false,"bundle_sold_individually_context":"","bundle_item_grouping":"","bundle_min_size":"","bundle_max_size":"","bundle_price":[],"bundled_items":[],"bundle_sell_ids":[],"acf":[],"tiered_pricing_type":"fixed","tiered_pricing_fixed_rules":[],"tiered_pricing_product_settings":{"layout":"default","base_unit_name":{"singular":null,"plural":null},"default_variation":null},"tiered_pricing_minimum_quantity":null,"tiered_pricing_roles_data":[],"tiered_pricing_percentage_rules":[],"tiered_pricing_maximum_quantity":null,"tiered_pricing_quantity_step":null,"_links":{"self":[{"href":"https:\/\/partyinabox.dk\/party\/wp-json\/wp\/v2\/product\/83452","targetHints":{"allow":["GET"]}}],"collection":[{"href":"https:\/\/partyinabox.dk\/party\/wp-json\/wp\/v2\/product"}],"about":[{"href":"https:\/\/partyinabox.dk\/party\/wp-json\/wp\/v2\/types\/product"}],"wp:featuredmedia":[{"embeddable":true,"href":"https:\/\/partyinabox.dk\/party\/wp-json\/wp\/v2\/media\/83461"}],"wp:attachment":[{"href":"https:\/\/partyinabox.dk\/party\/wp-json\/wp\/v2\/media?parent=83452"}],"wp:term":[{"taxonomy":"product_brand","embeddable":true,"href":"https:\/\/partyinabox.dk\/party\/wp-json\/wp\/v2\/product_brand?post=83452"},{"taxonomy":"product_cat","embeddable":true,"href":"https:\/\/partyinabox.dk\/party\/wp-json\/wp\/v2\/product_cat?post=83452"},{"taxonomy":"product_tag","embeddable":true,"href":"https:\/\/partyinabox.dk\/party\/wp-json\/wp\/v2\/product_tag?post=83452"}],"curies":[{"name":"wp","href":"https:\/\/api.w.org\/{rel}","templated":true}]}}