{"id":83204,"date":"2025-03-13T11:45:44","date_gmt":"2025-03-13T10:45:44","guid":{"rendered":"https:\/\/partyinabox.dk\/party\/vare\/cirkus-soeloeve-serviet\/"},"modified":"2026-04-20T10:12:46","modified_gmt":"2026-04-20T08:12:46","slug":"cirkus-soeloeve-serviet","status":"publish","type":"product","link":"https:\/\/partyinabox.dk\/party\/vare\/cirkus-soeloeve-serviet\/","title":{"rendered":"Cirkus s\u00f8l\u00f8ve serviet"},"content":{"rendered":"<p>Giv dit bord en festlig stemning med disse cirkus s\u00f8l\u00f8ve servietter. De unikke servietter formet som en s\u00f8l\u00f8ve med en farverig bold p\u00e5 n\u00e6sen er perfekte til b\u00f8rnef\u00f8dselsdage eller temafester.<\/p>\n<p>Servietterne er lavet af papir. N\u00e5r de er foldet, m\u00e5ler de 11 x 17 cm, og n\u00e5r de er udfoldet, m\u00e5ler de 21,5 x 33,5 cm. Deres flotte design l\u00f8fter stemningen og g\u00f8r bordd\u00e6kningen ekstra sjov.<\/p>\n<p>De er ideelle som en del af en cirkus-temafest.<\/p>\n<p>Indhold: 12 stk. \/ M\u00e5l: Foldet 11 x 17 cm, udfoldet 21,5 x 33,5 cm<\/p>\n","protected":false},"excerpt":{"rendered":"<p>Giv dit bord en festlig stemning med disse cirkus s\u00f8l\u00f8ve servietter. De unikke servietter formet som en s\u00f8l\u00f8ve med en farverig bold p\u00e5 n\u00e6sen er perfekte til b\u00f8rnef\u00f8dselsdage eller temafester. Servietterne er lavet af papir. N\u00e5r de er foldet, m\u00e5ler [&hellip;]<\/p>\n","protected":false},"featured_media":83205,"template":"","meta":{"_acf_changed":false},"product_brand":[],"product_cat":[32],"product_tag":[],"class_list":{"0":"post-83204","1":"product","2":"type-product","3":"status-publish","4":"has-post-thumbnail","6":"product_cat-service","7":"pa_item-color-lyseblaa","8":"pa_item-color-multi","9":"pa_item-group-bordservice","10":"pa_item-subgroup-servietter","11":"pa_pakken-indeholder-12-stk-servietter","12":"pa_tema_tax-animals","13":"pa_under-tema-seal","15":"first","16":"instock","17":"taxable","18":"shipping-taxable","19":"purchasable","20":"product-type-simple"},"bundled_by":[],"bundle_stock_status":"instock","bundle_stock_quantity":35,"bundle_virtual":false,"bundle_layout":"","bundle_add_to_cart_form_location":"","bundle_editable_in_cart":false,"bundle_sold_individually_context":"","bundle_item_grouping":"","bundle_min_size":"","bundle_max_size":"","bundle_price":[],"bundled_items":[],"bundle_sell_ids":[],"acf":[],"tiered_pricing_type":"fixed","tiered_pricing_fixed_rules":[],"tiered_pricing_product_settings":{"layout":"default","base_unit_name":{"singular":null,"plural":null},"default_variation":null},"tiered_pricing_minimum_quantity":null,"tiered_pricing_roles_data":[],"tiered_pricing_percentage_rules":[],"tiered_pricing_maximum_quantity":null,"tiered_pricing_quantity_step":null,"_links":{"self":[{"href":"https:\/\/partyinabox.dk\/party\/wp-json\/wp\/v2\/product\/83204","targetHints":{"allow":["GET"]}}],"collection":[{"href":"https:\/\/partyinabox.dk\/party\/wp-json\/wp\/v2\/product"}],"about":[{"href":"https:\/\/partyinabox.dk\/party\/wp-json\/wp\/v2\/types\/product"}],"wp:featuredmedia":[{"embeddable":true,"href":"https:\/\/partyinabox.dk\/party\/wp-json\/wp\/v2\/media\/83205"}],"wp:attachment":[{"href":"https:\/\/partyinabox.dk\/party\/wp-json\/wp\/v2\/media?parent=83204"}],"wp:term":[{"taxonomy":"product_brand","embeddable":true,"href":"https:\/\/partyinabox.dk\/party\/wp-json\/wp\/v2\/product_brand?post=83204"},{"taxonomy":"product_cat","embeddable":true,"href":"https:\/\/partyinabox.dk\/party\/wp-json\/wp\/v2\/product_cat?post=83204"},{"taxonomy":"product_tag","embeddable":true,"href":"https:\/\/partyinabox.dk\/party\/wp-json\/wp\/v2\/product_tag?post=83204"}],"curies":[{"name":"wp","href":"https:\/\/api.w.org\/{rel}","templated":true}]}}