{"id":83158,"date":"2025-03-13T11:45:29","date_gmt":"2025-03-13T10:45:29","guid":{"rendered":"https:\/\/partyinabox.dk\/party\/vare\/sort-happy-birthday-kagetopper\/"},"modified":"2026-03-20T14:32:21","modified_gmt":"2026-03-20T13:32:21","slug":"sort-happy-birthday-kagetopper","status":"publish","type":"product","link":"https:\/\/partyinabox.dk\/party\/vare\/sort-happy-birthday-kagetopper\/","title":{"rendered":"Sort &#8220;happy birthday&#8221; kage pynt"},"content":{"rendered":"<p>Tilf\u00f8j et elegant touch til din f\u00f8dselsdagskage med denne sorte kagetopper. Den simple \u201cHappy Birthday\u201d-tekst g\u00f8r enhver kage lidt mere speciel og fejrer dagen med stil.<\/p>\n<p>Topperen er lavet af holdbart akrylmateriale, der sikrer et flot og moderne look. Med en st\u00f8rrelse p\u00e5 16,5 x 18 cm passer den perfekt til b\u00e5de sm\u00e5 og store kager.<\/p>\n<p>Brug kagetopperen som en nem m\u00e5de at g\u00f8re kagen personlig. Placer den direkte p\u00e5 kagen, og lad den v\u00e6re midtpunktet for fejringen.<\/p>\n<p>Indhold: 1 stk. \/ M\u00e5l: 16,5 x 18 cm<\/p>\n","protected":false},"excerpt":{"rendered":"<p>Tilf\u00f8j et elegant touch til din f\u00f8dselsdagskage med denne sorte kagetopper. Den simple \u201cHappy Birthday\u201d-tekst g\u00f8r enhver kage lidt mere speciel og fejrer dagen med stil. Topperen er lavet af holdbart akrylmateriale, der sikrer et flot og moderne look. Med [&hellip;]<\/p>\n","protected":false},"featured_media":83159,"template":"","meta":{"_acf_changed":false},"product_brand":[],"product_cat":[33],"product_tag":[],"class_list":{"0":"post-83158","1":"product","2":"type-product","3":"status-publish","4":"has-post-thumbnail","6":"product_cat-til-kagen","7":"pa_item-color-sort","8":"pa_item-group-kagetilbehoer","9":"pa_item-subgroup-kagefigur-kagetopper","10":"pa_pakken-indeholder-kagetopper","11":"pa_tema_tax-birthday","12":"pa_under-tema-birthday","14":"first","15":"instock","16":"taxable","17":"shipping-taxable","18":"purchasable","19":"product-type-simple"},"bundled_by":[],"bundle_stock_status":"instock","bundle_stock_quantity":59,"bundle_virtual":false,"bundle_layout":"","bundle_add_to_cart_form_location":"","bundle_editable_in_cart":false,"bundle_sold_individually_context":"","bundle_item_grouping":"","bundle_min_size":"","bundle_max_size":"","bundle_price":[],"bundled_items":[],"bundle_sell_ids":[],"acf":[],"tiered_pricing_type":"fixed","tiered_pricing_fixed_rules":[],"tiered_pricing_product_settings":{"layout":"default","base_unit_name":{"singular":null,"plural":null},"default_variation":null},"tiered_pricing_minimum_quantity":null,"tiered_pricing_roles_data":[],"tiered_pricing_percentage_rules":[],"tiered_pricing_maximum_quantity":null,"tiered_pricing_quantity_step":null,"_links":{"self":[{"href":"https:\/\/partyinabox.dk\/party\/wp-json\/wp\/v2\/product\/83158","targetHints":{"allow":["GET"]}}],"collection":[{"href":"https:\/\/partyinabox.dk\/party\/wp-json\/wp\/v2\/product"}],"about":[{"href":"https:\/\/partyinabox.dk\/party\/wp-json\/wp\/v2\/types\/product"}],"wp:featuredmedia":[{"embeddable":true,"href":"https:\/\/partyinabox.dk\/party\/wp-json\/wp\/v2\/media\/83159"}],"wp:attachment":[{"href":"https:\/\/partyinabox.dk\/party\/wp-json\/wp\/v2\/media?parent=83158"}],"wp:term":[{"taxonomy":"product_brand","embeddable":true,"href":"https:\/\/partyinabox.dk\/party\/wp-json\/wp\/v2\/product_brand?post=83158"},{"taxonomy":"product_cat","embeddable":true,"href":"https:\/\/partyinabox.dk\/party\/wp-json\/wp\/v2\/product_cat?post=83158"},{"taxonomy":"product_tag","embeddable":true,"href":"https:\/\/partyinabox.dk\/party\/wp-json\/wp\/v2\/product_tag?post=83158"}],"curies":[{"name":"wp","href":"https:\/\/api.w.org\/{rel}","templated":true}]}}