{"id":83147,"date":"2025-03-13T11:45:29","date_gmt":"2025-03-13T10:45:29","guid":{"rendered":"https:\/\/partyinabox.dk\/party\/vare\/cirkus-popcorn-baeger\/"},"modified":"2026-04-14T16:49:20","modified_gmt":"2026-04-14T14:49:20","slug":"cirkus-popcorn-baeger","status":"publish","type":"product","link":"https:\/\/partyinabox.dk\/party\/vare\/cirkus-popcorn-baeger\/","title":{"rendered":"Cirkus popcorn b\u00e6ger"},"content":{"rendered":"<p>G\u00f8r din n\u00e6ste fest lidt mere farverig med disse cirkus popcornb\u00e6gre. De unikke designs og glade farver skaber en sjov stemning, der passer perfekt til b\u00f8rnef\u00f8dselsdage eller temafester.<\/p>\n<p>B\u00e6grene er lavet af papir og leveres som et mix af m\u00f8nstre og farver. Hver pakke indeholder 6 b\u00e6gre, der m\u00e5ler 8 x 11,5 x 8 cm, n\u00e5r de er samlet.<\/p>\n<p>Brug b\u00e6grene til popcorn eller andre snacks og g\u00f8r serveringen til en del af dekorationen.<\/p>\n<p>Indhold: 6 stk. \/ M\u00e5l: 8 x 11,5 x 8 cm<\/p>\n","protected":false},"excerpt":{"rendered":"<p>G\u00f8r din n\u00e6ste fest lidt mere farverig med disse cirkus popcornb\u00e6gre. De unikke designs og glade farver skaber en sjov stemning, der passer perfekt til b\u00f8rnef\u00f8dselsdage eller temafester. B\u00e6grene er lavet af papir og leveres som et mix af m\u00f8nstre [&hellip;]<\/p>\n","protected":false},"featured_media":83148,"template":"","meta":{"_acf_changed":false},"product_brand":[],"product_cat":[32],"product_tag":[],"class_list":{"0":"post-83147","1":"product","2":"type-product","3":"status-publish","4":"has-post-thumbnail","6":"product_cat-service","7":"pa_item-color-multi","8":"pa_item-group-bordservice","9":"pa_item-subgroup-baegre","10":"pa_pakken-indeholder-6-stk-baegre","11":"pa_tema_tax-funny","12":"pa_under-tema-circus","14":"first","15":"instock","16":"taxable","17":"shipping-taxable","18":"purchasable","19":"product-type-simple"},"bundled_by":[],"bundle_stock_status":"instock","bundle_stock_quantity":60,"bundle_virtual":false,"bundle_layout":"","bundle_add_to_cart_form_location":"","bundle_editable_in_cart":false,"bundle_sold_individually_context":"","bundle_item_grouping":"","bundle_min_size":"","bundle_max_size":"","bundle_price":[],"bundled_items":[],"bundle_sell_ids":[],"acf":[],"tiered_pricing_type":"fixed","tiered_pricing_fixed_rules":[],"tiered_pricing_product_settings":{"layout":"default","base_unit_name":{"singular":null,"plural":null},"default_variation":null},"tiered_pricing_minimum_quantity":null,"tiered_pricing_roles_data":[],"tiered_pricing_percentage_rules":[],"tiered_pricing_maximum_quantity":null,"tiered_pricing_quantity_step":null,"_links":{"self":[{"href":"https:\/\/partyinabox.dk\/party\/wp-json\/wp\/v2\/product\/83147","targetHints":{"allow":["GET"]}}],"collection":[{"href":"https:\/\/partyinabox.dk\/party\/wp-json\/wp\/v2\/product"}],"about":[{"href":"https:\/\/partyinabox.dk\/party\/wp-json\/wp\/v2\/types\/product"}],"wp:featuredmedia":[{"embeddable":true,"href":"https:\/\/partyinabox.dk\/party\/wp-json\/wp\/v2\/media\/83148"}],"wp:attachment":[{"href":"https:\/\/partyinabox.dk\/party\/wp-json\/wp\/v2\/media?parent=83147"}],"wp:term":[{"taxonomy":"product_brand","embeddable":true,"href":"https:\/\/partyinabox.dk\/party\/wp-json\/wp\/v2\/product_brand?post=83147"},{"taxonomy":"product_cat","embeddable":true,"href":"https:\/\/partyinabox.dk\/party\/wp-json\/wp\/v2\/product_cat?post=83147"},{"taxonomy":"product_tag","embeddable":true,"href":"https:\/\/partyinabox.dk\/party\/wp-json\/wp\/v2\/product_tag?post=83147"}],"curies":[{"name":"wp","href":"https:\/\/api.w.org\/{rel}","templated":true}]}}