{"id":83103,"date":"2025-03-13T11:45:12","date_gmt":"2025-03-13T10:45:12","guid":{"rendered":"https:\/\/partyinabox.dk\/party\/vare\/karneval-pariserhjul-snack-stand\/"},"modified":"2026-04-15T10:30:59","modified_gmt":"2026-04-15T08:30:59","slug":"karneval-pariserhjul-snack-stand","status":"publish","type":"product","link":"https:\/\/partyinabox.dk\/party\/vare\/karneval-pariserhjul-snack-stand\/","title":{"rendered":"Cirkus pariserhjul snack stand"},"content":{"rendered":"<p>G\u00f8r din n\u00e6ste fest til noget s\u00e6rligt med denne karneval pariserhjul snackstand. Den unikke stand giver et festligt og farverigt twist til dine snacks og skaber en uforglemmelig bordd\u00e6kning.<\/p>\n<p>Standen er fremstillet af papir og har otte sm\u00e5 kabiner, der er perfekte til at servere slik, sm\u00e5kager eller andre l\u00e6kkerier. Med en h\u00f8jde p\u00e5 48 cm og en bredde p\u00e5 33 cm bliver den hurtigt midtpunktet p\u00e5 bordet. Saml den nemt selv og s\u00e6t gang i feststemningen.<\/p>\n<p>Anvend cirkus hjulet til b\u00f8rnef\u00f8dselsdage, temafester eller andre sammenkomster, hvor detaljen g\u00f8r hele forskellen.<\/p>\n<p>Indhold: 1 stk. \/ M\u00e5l: 33 x 48 cm<\/p>\n","protected":false},"excerpt":{"rendered":"<p>G\u00f8r din n\u00e6ste fest til noget s\u00e6rligt med denne karneval pariserhjul snackstand. Den unikke stand giver et festligt og farverigt twist til dine snacks og skaber en uforglemmelig bordd\u00e6kning. Standen er fremstillet af papir og har otte sm\u00e5 kabiner, der [&hellip;]<\/p>\n","protected":false},"featured_media":83104,"template":"","meta":{"_acf_changed":false},"product_brand":[],"product_cat":[32],"product_tag":[],"class_list":{"0":"post-83103","1":"product","2":"type-product","3":"status-publish","4":"has-post-thumbnail","6":"product_cat-service","7":"pa_item-color-multi","8":"pa_item-group-kagetilbehoer","9":"pa_item-subgroup-kagestand","10":"pa_pakken-indeholder-snackstand","11":"pa_tema_tax-theme-parties","12":"pa_under-tema-carnival","14":"first","15":"instock","16":"taxable","17":"shipping-taxable","18":"purchasable","19":"product-type-simple"},"bundled_by":[],"bundle_stock_status":"instock","bundle_stock_quantity":11,"bundle_virtual":false,"bundle_layout":"","bundle_add_to_cart_form_location":"","bundle_editable_in_cart":false,"bundle_sold_individually_context":"","bundle_item_grouping":"","bundle_min_size":"","bundle_max_size":"","bundle_price":[],"bundled_items":[],"bundle_sell_ids":[],"acf":[],"tiered_pricing_type":"fixed","tiered_pricing_fixed_rules":[],"tiered_pricing_product_settings":{"layout":"default","base_unit_name":{"singular":null,"plural":null},"default_variation":null},"tiered_pricing_minimum_quantity":null,"tiered_pricing_roles_data":[],"tiered_pricing_percentage_rules":[],"tiered_pricing_maximum_quantity":null,"tiered_pricing_quantity_step":null,"_links":{"self":[{"href":"https:\/\/partyinabox.dk\/party\/wp-json\/wp\/v2\/product\/83103","targetHints":{"allow":["GET"]}}],"collection":[{"href":"https:\/\/partyinabox.dk\/party\/wp-json\/wp\/v2\/product"}],"about":[{"href":"https:\/\/partyinabox.dk\/party\/wp-json\/wp\/v2\/types\/product"}],"wp:featuredmedia":[{"embeddable":true,"href":"https:\/\/partyinabox.dk\/party\/wp-json\/wp\/v2\/media\/83104"}],"wp:attachment":[{"href":"https:\/\/partyinabox.dk\/party\/wp-json\/wp\/v2\/media?parent=83103"}],"wp:term":[{"taxonomy":"product_brand","embeddable":true,"href":"https:\/\/partyinabox.dk\/party\/wp-json\/wp\/v2\/product_brand?post=83103"},{"taxonomy":"product_cat","embeddable":true,"href":"https:\/\/partyinabox.dk\/party\/wp-json\/wp\/v2\/product_cat?post=83103"},{"taxonomy":"product_tag","embeddable":true,"href":"https:\/\/partyinabox.dk\/party\/wp-json\/wp\/v2\/product_tag?post=83103"}],"curies":[{"name":"wp","href":"https:\/\/api.w.org\/{rel}","templated":true}]}}