{"id":79388,"date":"2025-01-30T12:11:29","date_gmt":"2025-01-30T11:11:29","guid":{"rendered":"https:\/\/partyinabox.dk\/party\/?post_type=product&#038;p=79388"},"modified":"2026-04-04T19:22:23","modified_gmt":"2026-04-04T17:22:23","slug":"racerbane-bordloeber","status":"publish","type":"product","link":"https:\/\/partyinabox.dk\/party\/vare\/racerbane-bordloeber\/","title":{"rendered":"Racerbane bordl\u00f8ber"},"content":{"rendered":"<p>Skal du holde b\u00f8rne f\u00f8dselsdag med Cars eller politi tema? S\u00e5 se lige den her seje bordl\u00f8ber.<\/p>\n<p>Den er perfekt til Bil race p\u00e5 bordet, og vil helt sikkert v\u00e6kke begejstring hos b\u00f8rnene.<\/p>\n<p>Racerbanen er sort og hvid og lavet af fiber.<\/p>\n<p>Du f\u00e5r 1 rulle i pakken.<\/p>\n<p>M\u00e5l: 40 cm x 5 meter<\/p>\n","protected":false},"excerpt":{"rendered":"<p>Skal du holde b\u00f8rne f\u00f8dselsdag med Cars eller politi tema? S\u00e5 se lige den her seje bordl\u00f8ber. Den er perfekt til Bil race p\u00e5 bordet, og vil helt sikkert v\u00e6kke begejstring hos b\u00f8rnene. Racerbanen er sort og hvid og lavet [&hellip;]<\/p>\n","protected":false},"featured_media":79389,"template":"","meta":{"_acf_changed":false},"product_brand":[],"product_cat":[32],"product_tag":[],"class_list":{"0":"post-79388","1":"product","2":"type-product","3":"status-publish","4":"has-post-thumbnail","6":"product_cat-service","8":"first","9":"instock","10":"taxable","11":"shipping-taxable","12":"purchasable","13":"product-type-simple"},"bundled_by":[],"bundle_stock_status":"instock","bundle_stock_quantity":114,"bundle_virtual":false,"bundle_layout":"","bundle_add_to_cart_form_location":"","bundle_editable_in_cart":false,"bundle_sold_individually_context":"","bundle_item_grouping":"","bundle_min_size":"","bundle_max_size":"","bundle_price":[],"bundled_items":[],"bundle_sell_ids":[],"acf":[],"tiered_pricing_type":"fixed","tiered_pricing_fixed_rules":[],"tiered_pricing_product_settings":{"layout":"default","base_unit_name":{"singular":null,"plural":null},"default_variation":null},"tiered_pricing_minimum_quantity":null,"tiered_pricing_roles_data":[],"tiered_pricing_percentage_rules":[],"tiered_pricing_maximum_quantity":null,"tiered_pricing_quantity_step":null,"_links":{"self":[{"href":"https:\/\/partyinabox.dk\/party\/wp-json\/wp\/v2\/product\/79388","targetHints":{"allow":["GET"]}}],"collection":[{"href":"https:\/\/partyinabox.dk\/party\/wp-json\/wp\/v2\/product"}],"about":[{"href":"https:\/\/partyinabox.dk\/party\/wp-json\/wp\/v2\/types\/product"}],"wp:featuredmedia":[{"embeddable":true,"href":"https:\/\/partyinabox.dk\/party\/wp-json\/wp\/v2\/media\/79389"}],"wp:attachment":[{"href":"https:\/\/partyinabox.dk\/party\/wp-json\/wp\/v2\/media?parent=79388"}],"wp:term":[{"taxonomy":"product_brand","embeddable":true,"href":"https:\/\/partyinabox.dk\/party\/wp-json\/wp\/v2\/product_brand?post=79388"},{"taxonomy":"product_cat","embeddable":true,"href":"https:\/\/partyinabox.dk\/party\/wp-json\/wp\/v2\/product_cat?post=79388"},{"taxonomy":"product_tag","embeddable":true,"href":"https:\/\/partyinabox.dk\/party\/wp-json\/wp\/v2\/product_tag?post=79388"}],"curies":[{"name":"wp","href":"https:\/\/api.w.org\/{rel}","templated":true}]}}