{"id":78823,"date":"2025-01-22T12:59:13","date_gmt":"2025-01-22T11:59:13","guid":{"rendered":"https:\/\/partyinabox.dk\/party\/?post_type=product&#038;p=78823"},"modified":"2026-04-14T13:56:05","modified_gmt":"2026-04-14T11:56:05","slug":"stitch-falske-tatoveringer","status":"publish","type":"product","link":"https:\/\/partyinabox.dk\/party\/vare\/stitch-falske-tatoveringer\/","title":{"rendered":"Stitch\u00ae falske tatoveringer"},"content":{"rendered":"<p>Stitch er den superseje, bl\u00e5 lille alien fra filmen <em>Lilo &amp; Stitch<\/em>, og nu kan du f\u00e5 tatoveringer, der ser ud som om de er p\u00e5 ham! Disse tatoveringer er ikke \u00e6gte, men de kan f\u00e5 dig til at f\u00f8le dig lige s\u00e5 sej som Stitch selv. Du kan f\u00e5 tatoveringer af Stitch, hans sjove udtryk, eller m\u00e5ske hans sm\u00e5 sk\u00f8re poter.<\/p>\n<p>De er perfekte til at vise, hvor meget du elsker Stitch og hans eventyr. Og det bedste er, at de ikke er permanente \u2013 de kan nemt vaskes af, s\u00e5 du kan pr\u00f8ve nye tatoveringer, n\u00e5r du har lyst! Med Stitch-tatoveringer kan du blive lige s\u00e5 cool som ham, uden at skulle bruge en n\u00e5l!<\/p>\n<p>Indhold: 12 stk.<\/p>\n","protected":false},"excerpt":{"rendered":"<p>Stitch er den superseje, bl\u00e5 lille alien fra filmen Lilo &amp; Stitch, og nu kan du f\u00e5 tatoveringer, der ser ud som om de er p\u00e5 ham! Disse tatoveringer er ikke \u00e6gte, men de kan f\u00e5 dig til at f\u00f8le [&hellip;]<\/p>\n","protected":false},"featured_media":78824,"template":"","meta":{"_acf_changed":false},"product_brand":[],"product_cat":[32],"product_tag":[],"class_list":{"0":"post-78823","1":"product","2":"type-product","3":"status-publish","4":"has-post-thumbnail","6":"product_cat-service","7":"pa_item-color-blaa","8":"pa_item-group-bordservice","9":"pa_item-subgroup-tallerkner","10":"pa_pakken-indeholder-8-stk-paptallerkener","11":"pa_tema_tax-tv-series-movies","12":"pa_under-tema-lilo-stitch","14":"first","15":"instock","16":"taxable","17":"shipping-taxable","18":"purchasable","19":"product-type-simple"},"bundled_by":[],"bundle_stock_status":"instock","bundle_stock_quantity":110,"bundle_virtual":false,"bundle_layout":"","bundle_add_to_cart_form_location":"","bundle_editable_in_cart":false,"bundle_sold_individually_context":"","bundle_item_grouping":"","bundle_min_size":"","bundle_max_size":"","bundle_price":[],"bundled_items":[],"bundle_sell_ids":[],"acf":[],"tiered_pricing_type":"fixed","tiered_pricing_fixed_rules":[],"tiered_pricing_product_settings":{"layout":"default","base_unit_name":{"singular":null,"plural":null},"default_variation":null},"tiered_pricing_minimum_quantity":null,"tiered_pricing_roles_data":[],"tiered_pricing_percentage_rules":[],"tiered_pricing_maximum_quantity":null,"tiered_pricing_quantity_step":null,"_links":{"self":[{"href":"https:\/\/partyinabox.dk\/party\/wp-json\/wp\/v2\/product\/78823","targetHints":{"allow":["GET"]}}],"collection":[{"href":"https:\/\/partyinabox.dk\/party\/wp-json\/wp\/v2\/product"}],"about":[{"href":"https:\/\/partyinabox.dk\/party\/wp-json\/wp\/v2\/types\/product"}],"wp:featuredmedia":[{"embeddable":true,"href":"https:\/\/partyinabox.dk\/party\/wp-json\/wp\/v2\/media\/78824"}],"wp:attachment":[{"href":"https:\/\/partyinabox.dk\/party\/wp-json\/wp\/v2\/media?parent=78823"}],"wp:term":[{"taxonomy":"product_brand","embeddable":true,"href":"https:\/\/partyinabox.dk\/party\/wp-json\/wp\/v2\/product_brand?post=78823"},{"taxonomy":"product_cat","embeddable":true,"href":"https:\/\/partyinabox.dk\/party\/wp-json\/wp\/v2\/product_cat?post=78823"},{"taxonomy":"product_tag","embeddable":true,"href":"https:\/\/partyinabox.dk\/party\/wp-json\/wp\/v2\/product_tag?post=78823"}],"curies":[{"name":"wp","href":"https:\/\/api.w.org\/{rel}","templated":true}]}}