{"id":78803,"date":"2025-01-22T00:00:00","date_gmt":"2025-01-21T23:00:00","guid":{"rendered":"https:\/\/partyinabox.dk\/party\/vare\/stitch-dug\/"},"modified":"2026-04-17T19:46:14","modified_gmt":"2026-04-17T17:46:14","slug":"stitch-dug","status":"publish","type":"product","link":"https:\/\/partyinabox.dk\/party\/vare\/stitch-dug\/","title":{"rendered":"Stitch\u00ae dug"},"content":{"rendered":"<p>Skab den perfekte Hawaii-stemning med denne farverige Stitch\u00ae dug. Den store plastikdug viser det s\u00f8de rumv\u00e6sen p\u00e5 stranden blandt palmer og b\u00f8lger &#8211; perfekt til enhver b\u00f8rnefest med et tropisk tema.<\/p>\n<p>Den praktiske plastikdug beskytter bordet og er nem at t\u00f8rre af. Det fine strandmotiv med palmer, sol og stjerner g\u00e5r igen p\u00e5 hele dugen og skaber en festlig stemning ved bordet.<\/p>\n<p>Brug dugen som en flot baggrund til festens fotos eller pynt op med matchende balloner i bl\u00e5 og turkise nuancer for at fuldende temaet.<\/p>\n<p>Indhold: 1 stk. \/ M\u00e5l: 120 x 180 cm<\/p>\n","protected":false},"excerpt":{"rendered":"<p>Skab den perfekte Hawaii-stemning med denne farverige Stitch\u00ae dug. Den store plastikdug viser det s\u00f8de rumv\u00e6sen p\u00e5 stranden blandt palmer og b\u00f8lger &#8211; perfekt til enhver b\u00f8rnefest med et tropisk tema. Den praktiske plastikdug beskytter bordet og er nem at [&hellip;]<\/p>\n","protected":false},"featured_media":78804,"template":"","meta":{"_acf_changed":false},"product_brand":[],"product_cat":[32],"product_tag":[],"class_list":{"0":"post-78803","1":"product","2":"type-product","3":"status-publish","4":"has-post-thumbnail","6":"product_cat-service","7":"pa_item-color-blaa","8":"pa_item-group-vaegdekoration","9":"pa_item-subgroup-bannere","10":"pa_pakken-indeholder-plastikdug","11":"pa_tema_tax-tv-series-movies","12":"pa_under-tema-lilo-stitch","14":"first","15":"instock","16":"taxable","17":"shipping-taxable","18":"purchasable","19":"product-type-simple"},"bundled_by":[],"bundle_stock_status":"instock","bundle_stock_quantity":87,"bundle_virtual":false,"bundle_layout":"","bundle_add_to_cart_form_location":"","bundle_editable_in_cart":false,"bundle_sold_individually_context":"","bundle_item_grouping":"","bundle_min_size":"","bundle_max_size":"","bundle_price":[],"bundled_items":[],"bundle_sell_ids":[],"acf":[],"tiered_pricing_type":"fixed","tiered_pricing_fixed_rules":[],"tiered_pricing_product_settings":{"layout":"default","base_unit_name":{"singular":null,"plural":null},"default_variation":null},"tiered_pricing_minimum_quantity":null,"tiered_pricing_roles_data":[],"tiered_pricing_percentage_rules":[],"tiered_pricing_maximum_quantity":null,"tiered_pricing_quantity_step":null,"_links":{"self":[{"href":"https:\/\/partyinabox.dk\/party\/wp-json\/wp\/v2\/product\/78803","targetHints":{"allow":["GET"]}}],"collection":[{"href":"https:\/\/partyinabox.dk\/party\/wp-json\/wp\/v2\/product"}],"about":[{"href":"https:\/\/partyinabox.dk\/party\/wp-json\/wp\/v2\/types\/product"}],"wp:featuredmedia":[{"embeddable":true,"href":"https:\/\/partyinabox.dk\/party\/wp-json\/wp\/v2\/media\/78804"}],"wp:attachment":[{"href":"https:\/\/partyinabox.dk\/party\/wp-json\/wp\/v2\/media?parent=78803"}],"wp:term":[{"taxonomy":"product_brand","embeddable":true,"href":"https:\/\/partyinabox.dk\/party\/wp-json\/wp\/v2\/product_brand?post=78803"},{"taxonomy":"product_cat","embeddable":true,"href":"https:\/\/partyinabox.dk\/party\/wp-json\/wp\/v2\/product_cat?post=78803"},{"taxonomy":"product_tag","embeddable":true,"href":"https:\/\/partyinabox.dk\/party\/wp-json\/wp\/v2\/product_tag?post=78803"}],"curies":[{"name":"wp","href":"https:\/\/api.w.org\/{rel}","templated":true}]}}