{"id":78797,"date":"2025-01-22T00:00:00","date_gmt":"2025-01-21T23:00:00","guid":{"rendered":"https:\/\/partyinabox.dk\/party\/vare\/stitch-slikposer\/"},"modified":"2026-04-30T16:37:46","modified_gmt":"2026-04-30T14:37:46","slug":"stitch-slikposer","status":"publish","type":"product","link":"https:\/\/partyinabox.dk\/party\/vare\/stitch-slikposer\/","title":{"rendered":"Stitch\u00ae slikposer"},"content":{"rendered":"<p>G\u00f8r din b\u00f8rnef\u00f8dselsdag ekstra magisk med disse festlige Stitch\u00ae poser. De farverige poser med den sjove rumv\u00e6n og hans ven p\u00e5 en bl\u00e5 baggrund spreder straks god stemning til festen.<\/p>\n<p>Poserne er fremstillet af FSC-certificeret papir og prydet med tropiske palmeblade og b\u00f8lgemotiver. Brug dem til godteposer eller sm\u00e5 gaver ved f\u00f8dselsdagen.<\/p>\n<p>Indhold: 4 stk. poser<\/p>\n","protected":false},"excerpt":{"rendered":"<p>G\u00f8r din b\u00f8rnef\u00f8dselsdag ekstra magisk med disse festlige Stitch\u00ae poser. De farverige poser med den sjove rumv\u00e6n og hans ven p\u00e5 en bl\u00e5 baggrund spreder straks god stemning til festen. Poserne er fremstillet af FSC-certificeret papir og prydet med tropiske [&hellip;]<\/p>\n","protected":false},"featured_media":78798,"template":"","meta":{"_acf_changed":false},"product_brand":[],"product_cat":[34],"product_tag":[],"class_list":{"0":"post-78797","1":"product","2":"type-product","3":"status-publish","4":"has-post-thumbnail","6":"product_cat-accessories","7":"pa_item-color-blaa","8":"pa_item-group-festtilbehoer","9":"pa_item-subgroup-poser-goodiebags","10":"pa_pakken-indeholder-4-stk-poser","11":"pa_tema_tax-tv-series-movies","12":"pa_under-tema-lilo-stitch","14":"first","15":"instock","16":"taxable","17":"shipping-taxable","18":"purchasable","19":"product-type-simple"},"bundled_by":[],"bundle_stock_status":"instock","bundle_stock_quantity":150,"bundle_virtual":false,"bundle_layout":"","bundle_add_to_cart_form_location":"","bundle_editable_in_cart":false,"bundle_sold_individually_context":"","bundle_item_grouping":"","bundle_min_size":"","bundle_max_size":"","bundle_price":[],"bundled_items":[],"bundle_sell_ids":[],"acf":[],"tiered_pricing_type":"fixed","tiered_pricing_fixed_rules":[],"tiered_pricing_product_settings":{"layout":"default","base_unit_name":{"singular":null,"plural":null},"default_variation":null},"tiered_pricing_minimum_quantity":null,"tiered_pricing_roles_data":[],"tiered_pricing_percentage_rules":[],"tiered_pricing_maximum_quantity":null,"tiered_pricing_quantity_step":null,"_links":{"self":[{"href":"https:\/\/partyinabox.dk\/party\/wp-json\/wp\/v2\/product\/78797","targetHints":{"allow":["GET"]}}],"collection":[{"href":"https:\/\/partyinabox.dk\/party\/wp-json\/wp\/v2\/product"}],"about":[{"href":"https:\/\/partyinabox.dk\/party\/wp-json\/wp\/v2\/types\/product"}],"wp:featuredmedia":[{"embeddable":true,"href":"https:\/\/partyinabox.dk\/party\/wp-json\/wp\/v2\/media\/78798"}],"wp:attachment":[{"href":"https:\/\/partyinabox.dk\/party\/wp-json\/wp\/v2\/media?parent=78797"}],"wp:term":[{"taxonomy":"product_brand","embeddable":true,"href":"https:\/\/partyinabox.dk\/party\/wp-json\/wp\/v2\/product_brand?post=78797"},{"taxonomy":"product_cat","embeddable":true,"href":"https:\/\/partyinabox.dk\/party\/wp-json\/wp\/v2\/product_cat?post=78797"},{"taxonomy":"product_tag","embeddable":true,"href":"https:\/\/partyinabox.dk\/party\/wp-json\/wp\/v2\/product_tag?post=78797"}],"curies":[{"name":"wp","href":"https:\/\/api.w.org\/{rel}","templated":true}]}}