{"id":75459,"date":"2024-11-19T00:00:00","date_gmt":"2024-11-18T23:00:00","guid":{"rendered":"https:\/\/partyinabox.dk\/party\/vare\/konfirmation-fingeraftryk-plakat-pige-blaa\/"},"modified":"2026-04-01T19:53:44","modified_gmt":"2026-04-01T17:53:44","slug":"konfirmation-fingeraftryk-plakat-pige-blaa","status":"publish","type":"product","link":"https:\/\/partyinabox.dk\/party\/vare\/konfirmation-fingeraftryk-plakat-pige-blaa\/","title":{"rendered":"Konfirmation fingeraftryk plakat pige bl\u00e5"},"content":{"rendered":"<p>G\u00f8r konfirmationsdagen ekstra personlig med denne elegante fingeraftryksplakat i bl\u00e5 toner. Det smukke tr\u00e6motiv forvandles til et unikt minde, n\u00e5r g\u00e6sterne s\u00e6tter deres fingeraftryk som blade p\u00e5 grenene.<\/p>\n<p>Plakaten kommer med stempelfarve, s\u00e5 I nemt kan skabe jeres helt eget kunstv\u00e6rk. Med plads til op til 100 g\u00e6sters fingeraftryk bliver dette en s\u00e6rlig erindring fra den store dag.<\/p>\n<p>Tilf\u00f8j navn og dato nederst p\u00e5 plakaten, og lad den pynte p\u00e5 v\u00e6ggen som et personligt alternativ til den klassiske g\u00e6stebog.<\/p>\n<p>Indhold: 1 stk. A3 plakat, 1 stk. stempelfarve \/ M\u00e5l: A3 (29,7 x 42 cm)<\/p>\n","protected":false},"excerpt":{"rendered":"<p>G\u00f8r konfirmationsdagen ekstra personlig med denne elegante fingeraftryksplakat i bl\u00e5 toner. Det smukke tr\u00e6motiv forvandles til et unikt minde, n\u00e5r g\u00e6sterne s\u00e6tter deres fingeraftryk som blade p\u00e5 grenene. Plakaten kommer med stempelfarve, s\u00e5 I nemt kan skabe jeres helt eget [&hellip;]<\/p>\n","protected":false},"featured_media":75461,"template":"","meta":{"_acf_changed":false},"product_brand":[],"product_cat":[34],"product_tag":[],"class_list":{"0":"post-75459","1":"product","2":"type-product","3":"status-publish","4":"has-post-thumbnail","6":"product_cat-accessories","7":"pa_item-color-blaa","8":"pa_item-color-hvid","9":"pa_item-group-vaegdekoration","10":"pa_item-subgroup-plakat","11":"pa_pakken-indeholder-plakatstempelfarve","12":"pa_tema_tax-occasions","13":"pa_under-tema-confirmation","15":"first","16":"instock","17":"taxable","18":"shipping-taxable","19":"purchasable","20":"product-type-simple"},"bundled_by":[],"bundle_stock_status":"instock","bundle_stock_quantity":23,"bundle_virtual":false,"bundle_layout":"","bundle_add_to_cart_form_location":"","bundle_editable_in_cart":false,"bundle_sold_individually_context":"","bundle_item_grouping":"","bundle_min_size":"","bundle_max_size":"","bundle_price":[],"bundled_items":[],"bundle_sell_ids":[],"acf":[],"tiered_pricing_type":"fixed","tiered_pricing_fixed_rules":[],"tiered_pricing_product_settings":{"layout":"default","base_unit_name":{"singular":null,"plural":null},"default_variation":null},"tiered_pricing_minimum_quantity":null,"tiered_pricing_roles_data":[],"tiered_pricing_percentage_rules":[],"tiered_pricing_maximum_quantity":null,"tiered_pricing_quantity_step":null,"_links":{"self":[{"href":"https:\/\/partyinabox.dk\/party\/wp-json\/wp\/v2\/product\/75459","targetHints":{"allow":["GET"]}}],"collection":[{"href":"https:\/\/partyinabox.dk\/party\/wp-json\/wp\/v2\/product"}],"about":[{"href":"https:\/\/partyinabox.dk\/party\/wp-json\/wp\/v2\/types\/product"}],"wp:featuredmedia":[{"embeddable":true,"href":"https:\/\/partyinabox.dk\/party\/wp-json\/wp\/v2\/media\/75461"}],"wp:attachment":[{"href":"https:\/\/partyinabox.dk\/party\/wp-json\/wp\/v2\/media?parent=75459"}],"wp:term":[{"taxonomy":"product_brand","embeddable":true,"href":"https:\/\/partyinabox.dk\/party\/wp-json\/wp\/v2\/product_brand?post=75459"},{"taxonomy":"product_cat","embeddable":true,"href":"https:\/\/partyinabox.dk\/party\/wp-json\/wp\/v2\/product_cat?post=75459"},{"taxonomy":"product_tag","embeddable":true,"href":"https:\/\/partyinabox.dk\/party\/wp-json\/wp\/v2\/product_tag?post=75459"}],"curies":[{"name":"wp","href":"https:\/\/api.w.org\/{rel}","templated":true}]}}