{"id":75178,"date":"2024-12-06T00:00:00","date_gmt":"2024-12-05T23:00:00","guid":{"rendered":"https:\/\/partyinabox.dk\/party\/vare\/happy-new-year-papkrus-guld\/"},"modified":"2026-03-17T13:24:00","modified_gmt":"2026-03-17T12:24:00","slug":"happy-new-year-papkrus-guld","status":"publish","type":"product","link":"https:\/\/partyinabox.dk\/party\/vare\/happy-new-year-papkrus-guld\/","title":{"rendered":"Happy new year papkop"},"content":{"rendered":"<p>Skab en glamour\u00f8s nyt\u00e5rsaften med gyldne papkrus, der f\u00e5r din fest til at str\u00e5le. Den smukke tekst &#8216;Happy New Year&#8217; pryder hvert krus og giver bordd\u00e6kningen et eksklusivt udtryk.<\/p>\n<p>Disse papkrus er fremstillet i holdbart materiale med en flot guldfinish. De rummer 270 ml og er perfekte til b\u00e5de bobler og alkoholfrie drikke ved nyt\u00e5rsfesten.<\/p>\n<p><i>Tip: Brug krusene som sm\u00e5 vaser til bordpynten eller fyld dem med snacks til velkomstdrinks.<\/i><\/p>\n<p>Indhold: 10 stk. \/ M\u00e5l: 7,8 x 9,7 cm<\/p>\n","protected":false},"excerpt":{"rendered":"<p>Skab en glamour\u00f8s nyt\u00e5rsaften med gyldne papkrus, der f\u00e5r din fest til at str\u00e5le. Den smukke tekst &#8216;Happy New Year&#8217; pryder hvert krus og giver bordd\u00e6kningen et eksklusivt udtryk. Disse papkrus er fremstillet i holdbart materiale med en flot guldfinish. [&hellip;]<\/p>\n","protected":false},"featured_media":75179,"template":"","meta":{"_acf_changed":false},"product_brand":[],"product_cat":[32],"product_tag":[],"class_list":{"0":"post-75178","1":"product","2":"type-product","3":"status-publish","4":"has-post-thumbnail","6":"product_cat-service","7":"pa_item-color-sort","8":"pa_item-color-guld","9":"pa_item-color-soelv","10":"pa_item-group-bordservice","11":"pa_item-subgroup-krus","12":"pa_pakken-indeholder-10-stk-papkrus","13":"pa_tema_tax-occasions","14":"pa_under-tema-new-year","16":"first","17":"instock","18":"taxable","19":"shipping-taxable","20":"purchasable","21":"product-type-simple"},"bundled_by":[],"bundle_stock_status":"instock","bundle_stock_quantity":45,"bundle_virtual":false,"bundle_layout":"","bundle_add_to_cart_form_location":"","bundle_editable_in_cart":false,"bundle_sold_individually_context":"","bundle_item_grouping":"","bundle_min_size":"","bundle_max_size":"","bundle_price":[],"bundled_items":[],"bundle_sell_ids":[],"acf":[],"tiered_pricing_type":"fixed","tiered_pricing_fixed_rules":[],"tiered_pricing_product_settings":{"layout":"default","base_unit_name":{"singular":null,"plural":null},"default_variation":null},"tiered_pricing_minimum_quantity":null,"tiered_pricing_roles_data":[],"tiered_pricing_percentage_rules":[],"tiered_pricing_maximum_quantity":null,"tiered_pricing_quantity_step":null,"_links":{"self":[{"href":"https:\/\/partyinabox.dk\/party\/wp-json\/wp\/v2\/product\/75178","targetHints":{"allow":["GET"]}}],"collection":[{"href":"https:\/\/partyinabox.dk\/party\/wp-json\/wp\/v2\/product"}],"about":[{"href":"https:\/\/partyinabox.dk\/party\/wp-json\/wp\/v2\/types\/product"}],"wp:featuredmedia":[{"embeddable":true,"href":"https:\/\/partyinabox.dk\/party\/wp-json\/wp\/v2\/media\/75179"}],"wp:attachment":[{"href":"https:\/\/partyinabox.dk\/party\/wp-json\/wp\/v2\/media?parent=75178"}],"wp:term":[{"taxonomy":"product_brand","embeddable":true,"href":"https:\/\/partyinabox.dk\/party\/wp-json\/wp\/v2\/product_brand?post=75178"},{"taxonomy":"product_cat","embeddable":true,"href":"https:\/\/partyinabox.dk\/party\/wp-json\/wp\/v2\/product_cat?post=75178"},{"taxonomy":"product_tag","embeddable":true,"href":"https:\/\/partyinabox.dk\/party\/wp-json\/wp\/v2\/product_tag?post=75178"}],"curies":[{"name":"wp","href":"https:\/\/api.w.org\/{rel}","templated":true}]}}