{"id":74955,"date":"2024-11-10T21:04:26","date_gmt":"2024-11-10T20:04:26","guid":{"rendered":"https:\/\/partyinabox.dk\/party\/?post_type=product&#038;p=74955"},"modified":"2026-03-13T11:15:34","modified_gmt":"2026-03-13T10:15:34","slug":"sort-happy-new-year-haarbaand","status":"publish","type":"product","link":"https:\/\/partyinabox.dk\/party\/vare\/sort-happy-new-year-haarbaand\/","title":{"rendered":"Sort &#8216;Happy New Year&#8217; h\u00e5rb\u00e5nd"},"content":{"rendered":"<p>V\u00e6r ekstra festlig n\u00e5r dy tr\u00e6der ind i 2025 med dette fine pandeb\u00e5nd. Den sorte tekst er fyldt med fin glimmer som g\u00f8r den ekstra festlig.<\/p>\n","protected":false},"excerpt":{"rendered":"<p>V\u00e6r ekstra festlig n\u00e5r dy tr\u00e6der ind i 2025 med dette fine pandeb\u00e5nd. Den sorte tekst er fyldt med fin glimmer som g\u00f8r den ekstra festlig.<\/p>\n","protected":false},"featured_media":74958,"template":"","meta":{"_acf_changed":false},"product_brand":[],"product_cat":[34],"product_tag":[],"class_list":{"0":"post-74955","1":"product","2":"type-product","3":"status-publish","4":"has-post-thumbnail","6":"product_cat-accessories","8":"first","9":"outofstock","10":"taxable","11":"shipping-taxable","12":"purchasable","13":"product-type-simple"},"bundled_by":[],"bundle_stock_status":"outofstock","bundle_stock_quantity":0,"bundle_virtual":false,"bundle_layout":"","bundle_add_to_cart_form_location":"","bundle_editable_in_cart":false,"bundle_sold_individually_context":"","bundle_item_grouping":"","bundle_min_size":"","bundle_max_size":"","bundle_price":[],"bundled_items":[],"bundle_sell_ids":[],"acf":[],"tiered_pricing_type":"fixed","tiered_pricing_fixed_rules":[],"tiered_pricing_product_settings":{"layout":"default","base_unit_name":{"singular":null,"plural":null},"default_variation":null},"tiered_pricing_minimum_quantity":null,"tiered_pricing_roles_data":[],"tiered_pricing_percentage_rules":[],"tiered_pricing_maximum_quantity":null,"tiered_pricing_quantity_step":null,"_links":{"self":[{"href":"https:\/\/partyinabox.dk\/party\/wp-json\/wp\/v2\/product\/74955","targetHints":{"allow":["GET"]}}],"collection":[{"href":"https:\/\/partyinabox.dk\/party\/wp-json\/wp\/v2\/product"}],"about":[{"href":"https:\/\/partyinabox.dk\/party\/wp-json\/wp\/v2\/types\/product"}],"wp:featuredmedia":[{"embeddable":true,"href":"https:\/\/partyinabox.dk\/party\/wp-json\/wp\/v2\/media\/74958"}],"wp:attachment":[{"href":"https:\/\/partyinabox.dk\/party\/wp-json\/wp\/v2\/media?parent=74955"}],"wp:term":[{"taxonomy":"product_brand","embeddable":true,"href":"https:\/\/partyinabox.dk\/party\/wp-json\/wp\/v2\/product_brand?post=74955"},{"taxonomy":"product_cat","embeddable":true,"href":"https:\/\/partyinabox.dk\/party\/wp-json\/wp\/v2\/product_cat?post=74955"},{"taxonomy":"product_tag","embeddable":true,"href":"https:\/\/partyinabox.dk\/party\/wp-json\/wp\/v2\/product_tag?post=74955"}],"curies":[{"name":"wp","href":"https:\/\/api.w.org\/{rel}","templated":true}]}}