{"id":74085,"date":"2024-10-29T15:20:35","date_gmt":"2024-10-29T14:20:35","guid":{"rendered":"https:\/\/partyinabox.dk\/party\/vare\/sand-babysko-m-sloejfe\/"},"modified":"2026-04-08T13:32:43","modified_gmt":"2026-04-08T11:32:43","slug":"sand-babysko-m-sloejfe","status":"publish","type":"product","link":"https:\/\/partyinabox.dk\/party\/vare\/sand-babysko-m-sloejfe\/","title":{"rendered":"Sand babysko m\/sl\u00f8jfe"},"content":{"rendered":"<p>Skab den s\u00f8deste bordpynt til babyshoweret eller barned\u00e5ben med disse fine sm\u00e5 balletsko i cremehvid. De bittesm\u00e5 sko med blondeb\u00e5nd giver en elegant og stilfuld dekoration, der passer perfekt til den store dag.<\/p>\n<p>De detaljerede papirsko har et flot linnedet look og er pyntet med en delikat blondesl\u00f8jfe p\u00e5 overdelen. Brug dem som en del af borddekorationen eller placer dem p\u00e5 gavebordet for at fuldende den fine stemning.<\/p>\n<p>Indhold: 2 stk. \/ M\u00e5l: 8,5 x 4,5 cm<\/p>\n","protected":false},"excerpt":{"rendered":"<p>Skab den s\u00f8deste bordpynt til babyshoweret eller barned\u00e5ben med disse fine sm\u00e5 balletsko i cremehvid. De bittesm\u00e5 sko med blondeb\u00e5nd giver en elegant og stilfuld dekoration, der passer perfekt til den store dag. De detaljerede papirsko har et flot linnedet [&hellip;]<\/p>\n","protected":false},"featured_media":74086,"template":"","meta":{"_acf_changed":false},"product_brand":[],"product_cat":[19],"product_tag":[],"class_list":{"0":"post-74085","1":"product","2":"type-product","3":"status-publish","4":"has-post-thumbnail","6":"product_cat-pynt","7":"pa_item-color-beige","8":"pa_item-group-borddekoration","9":"pa_item-subgroup-centerpieces","10":"pa_pakken-indeholder-2-stk-babysko","11":"pa_tema_tax-occasions","12":"pa_under-tema-babyshower","14":"first","15":"instock","16":"taxable","17":"shipping-taxable","18":"purchasable","19":"product-type-simple"},"bundled_by":[],"bundle_stock_status":"instock","bundle_stock_quantity":33,"bundle_virtual":false,"bundle_layout":"","bundle_add_to_cart_form_location":"","bundle_editable_in_cart":false,"bundle_sold_individually_context":"","bundle_item_grouping":"","bundle_min_size":"","bundle_max_size":"","bundle_price":[],"bundled_items":[],"bundle_sell_ids":[],"acf":[],"tiered_pricing_type":"fixed","tiered_pricing_fixed_rules":[],"tiered_pricing_product_settings":{"layout":"default","base_unit_name":{"singular":null,"plural":null},"default_variation":null},"tiered_pricing_minimum_quantity":null,"tiered_pricing_roles_data":[],"tiered_pricing_percentage_rules":[],"tiered_pricing_maximum_quantity":null,"tiered_pricing_quantity_step":null,"_links":{"self":[{"href":"https:\/\/partyinabox.dk\/party\/wp-json\/wp\/v2\/product\/74085","targetHints":{"allow":["GET"]}}],"collection":[{"href":"https:\/\/partyinabox.dk\/party\/wp-json\/wp\/v2\/product"}],"about":[{"href":"https:\/\/partyinabox.dk\/party\/wp-json\/wp\/v2\/types\/product"}],"wp:featuredmedia":[{"embeddable":true,"href":"https:\/\/partyinabox.dk\/party\/wp-json\/wp\/v2\/media\/74086"}],"wp:attachment":[{"href":"https:\/\/partyinabox.dk\/party\/wp-json\/wp\/v2\/media?parent=74085"}],"wp:term":[{"taxonomy":"product_brand","embeddable":true,"href":"https:\/\/partyinabox.dk\/party\/wp-json\/wp\/v2\/product_brand?post=74085"},{"taxonomy":"product_cat","embeddable":true,"href":"https:\/\/partyinabox.dk\/party\/wp-json\/wp\/v2\/product_cat?post=74085"},{"taxonomy":"product_tag","embeddable":true,"href":"https:\/\/partyinabox.dk\/party\/wp-json\/wp\/v2\/product_tag?post=74085"}],"curies":[{"name":"wp","href":"https:\/\/api.w.org\/{rel}","templated":true}]}}