{"id":73925,"date":"2024-10-29T15:19:42","date_gmt":"2024-10-29T14:19:42","guid":{"rendered":"https:\/\/partyinabox.dk\/party\/vare\/snefnug-konfetti\/"},"modified":"2026-04-21T08:50:43","modified_gmt":"2026-04-21T06:50:43","slug":"snefnug-konfetti","status":"publish","type":"product","link":"https:\/\/partyinabox.dk\/party\/vare\/snefnug-konfetti\/","title":{"rendered":"Snefnug konfetti"},"content":{"rendered":"<p>G\u00f8r din Frozen eller vinterfest magisk med disse smukke snefnug i isbl\u00e5 og s\u00f8lv nuancer. De skinnende konfetti med glimmereffekt skaber den perfekte vinterlige stemning til enhver festlig anledning.<\/p>\n<p>De fine snefnug kommer i forskellige m\u00f8nstre og har en flot iriserende overflade, der reflekterer lyset smukt. Spred dem p\u00e5 bordet eller brug dem som en del af din bordpynt til vinterbryllup, nyt\u00e5rsfest, Frozen f\u00f8dselsdag eller anden festlig begivenhed.<\/p>\n<p><i>Tip: Kombiner snefnuggene med hvide bloklys eller s\u00f8lvfarvede lysestager for at skabe en elegant vinterdekoration.<\/i><\/p>\n<p>Indhold: 100 stk. \/ M\u00e5l: 2,6-3,2 cm<\/p>\n","protected":false},"excerpt":{"rendered":"<p>G\u00f8r din Frozen eller vinterfest magisk med disse smukke snefnug i isbl\u00e5 og s\u00f8lv nuancer. De skinnende konfetti med glimmereffekt skaber den perfekte vinterlige stemning til enhver festlig anledning. De fine snefnug kommer i forskellige m\u00f8nstre og har en flot [&hellip;]<\/p>\n","protected":false},"featured_media":73926,"template":"","meta":{"_acf_changed":false},"product_brand":[],"product_cat":[32],"product_tag":[],"class_list":{"0":"post-73925","1":"product","2":"type-product","3":"status-publish","4":"has-post-thumbnail","6":"product_cat-service","7":"pa_item-color-hvid","8":"pa_item-color-soelv","9":"pa_item-group-borddekoration","10":"pa_item-subgroup-konfetti","11":"pa_pakken-indeholder-100-stk-konfetti","12":"pa_tema_tax-christmas","13":"pa_under-tema-christmas-decorations","15":"first","16":"instock","17":"taxable","18":"shipping-taxable","19":"purchasable","20":"product-type-simple"},"bundled_by":[],"bundle_stock_status":"instock","bundle_stock_quantity":31,"bundle_virtual":false,"bundle_layout":"","bundle_add_to_cart_form_location":"","bundle_editable_in_cart":false,"bundle_sold_individually_context":"","bundle_item_grouping":"","bundle_min_size":"","bundle_max_size":"","bundle_price":[],"bundled_items":[],"bundle_sell_ids":[],"acf":[],"tiered_pricing_type":"fixed","tiered_pricing_fixed_rules":[],"tiered_pricing_product_settings":{"layout":"default","base_unit_name":{"singular":null,"plural":null},"default_variation":null},"tiered_pricing_minimum_quantity":null,"tiered_pricing_roles_data":[],"tiered_pricing_percentage_rules":[],"tiered_pricing_maximum_quantity":null,"tiered_pricing_quantity_step":null,"_links":{"self":[{"href":"https:\/\/partyinabox.dk\/party\/wp-json\/wp\/v2\/product\/73925","targetHints":{"allow":["GET"]}}],"collection":[{"href":"https:\/\/partyinabox.dk\/party\/wp-json\/wp\/v2\/product"}],"about":[{"href":"https:\/\/partyinabox.dk\/party\/wp-json\/wp\/v2\/types\/product"}],"wp:featuredmedia":[{"embeddable":true,"href":"https:\/\/partyinabox.dk\/party\/wp-json\/wp\/v2\/media\/73926"}],"wp:attachment":[{"href":"https:\/\/partyinabox.dk\/party\/wp-json\/wp\/v2\/media?parent=73925"}],"wp:term":[{"taxonomy":"product_brand","embeddable":true,"href":"https:\/\/partyinabox.dk\/party\/wp-json\/wp\/v2\/product_brand?post=73925"},{"taxonomy":"product_cat","embeddable":true,"href":"https:\/\/partyinabox.dk\/party\/wp-json\/wp\/v2\/product_cat?post=73925"},{"taxonomy":"product_tag","embeddable":true,"href":"https:\/\/partyinabox.dk\/party\/wp-json\/wp\/v2\/product_tag?post=73925"}],"curies":[{"name":"wp","href":"https:\/\/api.w.org\/{rel}","templated":true}]}}