{"id":73793,"date":"2024-10-29T14:52:56","date_gmt":"2024-10-29T13:52:56","guid":{"rendered":"https:\/\/partyinabox.dk\/party\/vare\/marineblaa-serviet-m-guld-kant\/"},"modified":"2026-04-29T16:14:34","modified_gmt":"2026-04-29T14:14:34","slug":"marineblaa-serviet-m-guld-kant","status":"publish","type":"product","link":"https:\/\/partyinabox.dk\/party\/vare\/marineblaa-serviet-m-guld-kant\/","title":{"rendered":"M\u00f8rkebl\u00e5 serviet m\/guld kant"},"content":{"rendered":"<p>Skab et elegant udtryk ved bordet med disse marinebl\u00e5 frokostservietter med dekorativ guldkant. Den dybe, marinebl\u00e5 farve tilf\u00f8jer et stilfuldt touch til enhver bordd\u00e6kning, mens den gyldne kant giver et raffineret pr\u00e6g.<\/p>\n<p>3-lags servietter sikrer god kvalitet og absorbering. Perfekte til b\u00e5de hverdag og fest, hvor du \u00f8nsker at skabe en flot bordopd\u00e6kning med et klassisk udtryk.<\/p>\n<p><i>Tip: Fold servietterne i trekanter eller vifteform for at fremh\u00e6ve den smukke guldkant.<\/i><\/p>\n<p>Indhold: 16 stk. \/ M\u00e5l: 33 x 33 cm (udfoldet)<\/p>\n","protected":false},"excerpt":{"rendered":"<p>Skab et elegant udtryk ved bordet med disse marinebl\u00e5 frokostservietter med dekorativ guldkant. Den dybe, marinebl\u00e5 farve tilf\u00f8jer et stilfuldt touch til enhver bordd\u00e6kning, mens den gyldne kant giver et raffineret pr\u00e6g. 3-lags servietter sikrer god kvalitet og absorbering. Perfekte [&hellip;]<\/p>\n","protected":false},"featured_media":73794,"template":"","meta":{"_acf_changed":false},"product_brand":[],"product_cat":[32],"product_tag":[],"class_list":{"0":"post-73793","1":"product","2":"type-product","3":"status-publish","4":"has-post-thumbnail","6":"product_cat-service","7":"pa_item-color-blaa","8":"pa_item-group-bordservice","9":"pa_item-subgroup-servietter","10":"pa_pakken-indeholder-16-stk-frokostservietter","11":"pa_tema_tax-colour-themes","12":"pa_under-tema-blue-theme","14":"first","15":"instock","16":"taxable","17":"shipping-taxable","18":"purchasable","19":"product-type-simple"},"bundled_by":[],"bundle_stock_status":"instock","bundle_stock_quantity":39,"bundle_virtual":false,"bundle_layout":"","bundle_add_to_cart_form_location":"","bundle_editable_in_cart":false,"bundle_sold_individually_context":"","bundle_item_grouping":"","bundle_min_size":"","bundle_max_size":"","bundle_price":[],"bundled_items":[],"bundle_sell_ids":[],"acf":[],"tiered_pricing_type":"fixed","tiered_pricing_fixed_rules":[],"tiered_pricing_product_settings":{"layout":"default","base_unit_name":{"singular":null,"plural":null},"default_variation":null},"tiered_pricing_minimum_quantity":null,"tiered_pricing_roles_data":[],"tiered_pricing_percentage_rules":[],"tiered_pricing_maximum_quantity":null,"tiered_pricing_quantity_step":null,"_links":{"self":[{"href":"https:\/\/partyinabox.dk\/party\/wp-json\/wp\/v2\/product\/73793","targetHints":{"allow":["GET"]}}],"collection":[{"href":"https:\/\/partyinabox.dk\/party\/wp-json\/wp\/v2\/product"}],"about":[{"href":"https:\/\/partyinabox.dk\/party\/wp-json\/wp\/v2\/types\/product"}],"wp:featuredmedia":[{"embeddable":true,"href":"https:\/\/partyinabox.dk\/party\/wp-json\/wp\/v2\/media\/73794"}],"wp:attachment":[{"href":"https:\/\/partyinabox.dk\/party\/wp-json\/wp\/v2\/media?parent=73793"}],"wp:term":[{"taxonomy":"product_brand","embeddable":true,"href":"https:\/\/partyinabox.dk\/party\/wp-json\/wp\/v2\/product_brand?post=73793"},{"taxonomy":"product_cat","embeddable":true,"href":"https:\/\/partyinabox.dk\/party\/wp-json\/wp\/v2\/product_cat?post=73793"},{"taxonomy":"product_tag","embeddable":true,"href":"https:\/\/partyinabox.dk\/party\/wp-json\/wp\/v2\/product_tag?post=73793"}],"curies":[{"name":"wp","href":"https:\/\/api.w.org\/{rel}","templated":true}]}}