{"id":73478,"date":"2024-11-03T00:00:00","date_gmt":"2024-11-02T23:00:00","guid":{"rendered":"https:\/\/partyinabox.dk\/party\/?post_type=product&#038;p=73478"},"modified":"2026-03-19T08:55:42","modified_gmt":"2026-03-19T07:55:42","slug":"guld-staaende-rensdyr-folie-ballon-stor","status":"publish","type":"product","link":"https:\/\/partyinabox.dk\/party\/vare\/guld-staaende-rensdyr-folie-ballon-stor\/","title":{"rendered":"Guld st\u00e5ende rensdyr folie ballon (stor)"},"content":{"rendered":"<p>Super fint st\u00e5ende rensdyr folieballon i guld, der selv kan st\u00e5 op gulvet. Den er flot til jul, og m\u00e5ler ca. 110 cm h\u00f8j n\u00e5r den er pustet op. Folieballonen skal kun fyldes med almindelig luft &#8211; enten med et suger\u00f8r eller med en ballon pumpe.<\/p>\n<p>Indhold: 1 stk. \/ M\u00e5l: 110 x 64 cm<\/p>\n","protected":false},"excerpt":{"rendered":"<p>Super fint st\u00e5ende rensdyr folieballon i guld, der selv kan st\u00e5 op gulvet. Den er flot til jul, og m\u00e5ler ca. 110 cm h\u00f8j n\u00e5r den er pustet op. Folieballonen skal kun fyldes med almindelig luft &#8211; enten med et [&hellip;]<\/p>\n","protected":false},"featured_media":73480,"template":"","meta":{"_acf_changed":false},"product_brand":[],"product_cat":[30],"product_tag":[],"class_list":{"0":"post-73478","1":"product","2":"type-product","3":"status-publish","4":"has-post-thumbnail","6":"product_cat-balloner","8":"first","9":"instock","10":"taxable","11":"shipping-taxable","12":"purchasable","13":"product-type-simple"},"bundled_by":[],"bundle_stock_status":"instock","bundle_stock_quantity":28,"bundle_virtual":false,"bundle_layout":"","bundle_add_to_cart_form_location":"","bundle_editable_in_cart":false,"bundle_sold_individually_context":"","bundle_item_grouping":"","bundle_min_size":"","bundle_max_size":"","bundle_price":[],"bundled_items":[],"bundle_sell_ids":[],"acf":[],"tiered_pricing_type":"fixed","tiered_pricing_fixed_rules":[],"tiered_pricing_product_settings":{"layout":"default","base_unit_name":{"singular":null,"plural":null},"default_variation":null},"tiered_pricing_minimum_quantity":null,"tiered_pricing_roles_data":[],"tiered_pricing_percentage_rules":[],"tiered_pricing_maximum_quantity":null,"tiered_pricing_quantity_step":null,"_links":{"self":[{"href":"https:\/\/partyinabox.dk\/party\/wp-json\/wp\/v2\/product\/73478","targetHints":{"allow":["GET"]}}],"collection":[{"href":"https:\/\/partyinabox.dk\/party\/wp-json\/wp\/v2\/product"}],"about":[{"href":"https:\/\/partyinabox.dk\/party\/wp-json\/wp\/v2\/types\/product"}],"wp:featuredmedia":[{"embeddable":true,"href":"https:\/\/partyinabox.dk\/party\/wp-json\/wp\/v2\/media\/73480"}],"wp:attachment":[{"href":"https:\/\/partyinabox.dk\/party\/wp-json\/wp\/v2\/media?parent=73478"}],"wp:term":[{"taxonomy":"product_brand","embeddable":true,"href":"https:\/\/partyinabox.dk\/party\/wp-json\/wp\/v2\/product_brand?post=73478"},{"taxonomy":"product_cat","embeddable":true,"href":"https:\/\/partyinabox.dk\/party\/wp-json\/wp\/v2\/product_cat?post=73478"},{"taxonomy":"product_tag","embeddable":true,"href":"https:\/\/partyinabox.dk\/party\/wp-json\/wp\/v2\/product_tag?post=73478"}],"curies":[{"name":"wp","href":"https:\/\/api.w.org\/{rel}","templated":true}]}}