{"id":73369,"date":"2024-10-24T12:06:27","date_gmt":"2024-10-24T10:06:27","guid":{"rendered":"https:\/\/partyinabox.dk\/party\/?post_type=product&#038;p=73369"},"modified":"2026-04-22T22:33:30","modified_gmt":"2026-04-22T20:33:30","slug":"hund-kage-pynt","status":"publish","type":"product","link":"https:\/\/partyinabox.dk\/party\/vare\/hund-kage-pynt\/","title":{"rendered":"Hund kage pynt"},"content":{"rendered":"<p>S\u00f8de hunde kagetopper der kan bruges som kagepynt eller til at stikke i mad. Hundene skal man selv s\u00e6tte p\u00e5 tr\u00e6pindene.<\/p>\n<p>Der er i alt 1 styk af hver, og i alt 7 styk kagepynt i pakken.<\/p>\n<p>Indhold: 7 stk. \/ M\u00e5l: H 7-9,5 cm<\/p>\n","protected":false},"excerpt":{"rendered":"<p>S\u00f8de hunde kagetopper der kan bruges som kagepynt eller til at stikke i mad. Hundene skal man selv s\u00e6tte p\u00e5 tr\u00e6pindene. Der er i alt 1 styk af hver, og i alt 7 styk kagepynt i pakken. Indhold: 7 stk. [&hellip;]<\/p>\n","protected":false},"featured_media":73371,"template":"","meta":{"_acf_changed":false},"product_brand":[],"product_cat":[33],"product_tag":[],"class_list":{"0":"post-73369","1":"product","2":"type-product","3":"status-publish","4":"has-post-thumbnail","6":"product_cat-til-kagen","8":"first","9":"instock","10":"taxable","11":"shipping-taxable","12":"purchasable","13":"product-type-simple"},"bundled_by":[],"bundle_stock_status":"instock","bundle_stock_quantity":23,"bundle_virtual":false,"bundle_layout":"","bundle_add_to_cart_form_location":"","bundle_editable_in_cart":false,"bundle_sold_individually_context":"","bundle_item_grouping":"","bundle_min_size":"","bundle_max_size":"","bundle_price":[],"bundled_items":[],"bundle_sell_ids":[],"acf":[],"tiered_pricing_type":"fixed","tiered_pricing_fixed_rules":[],"tiered_pricing_product_settings":{"layout":"default","base_unit_name":{"singular":null,"plural":null},"default_variation":null},"tiered_pricing_minimum_quantity":null,"tiered_pricing_roles_data":[],"tiered_pricing_percentage_rules":[],"tiered_pricing_maximum_quantity":null,"tiered_pricing_quantity_step":null,"_links":{"self":[{"href":"https:\/\/partyinabox.dk\/party\/wp-json\/wp\/v2\/product\/73369","targetHints":{"allow":["GET"]}}],"collection":[{"href":"https:\/\/partyinabox.dk\/party\/wp-json\/wp\/v2\/product"}],"about":[{"href":"https:\/\/partyinabox.dk\/party\/wp-json\/wp\/v2\/types\/product"}],"wp:featuredmedia":[{"embeddable":true,"href":"https:\/\/partyinabox.dk\/party\/wp-json\/wp\/v2\/media\/73371"}],"wp:attachment":[{"href":"https:\/\/partyinabox.dk\/party\/wp-json\/wp\/v2\/media?parent=73369"}],"wp:term":[{"taxonomy":"product_brand","embeddable":true,"href":"https:\/\/partyinabox.dk\/party\/wp-json\/wp\/v2\/product_brand?post=73369"},{"taxonomy":"product_cat","embeddable":true,"href":"https:\/\/partyinabox.dk\/party\/wp-json\/wp\/v2\/product_cat?post=73369"},{"taxonomy":"product_tag","embeddable":true,"href":"https:\/\/partyinabox.dk\/party\/wp-json\/wp\/v2\/product_tag?post=73369"}],"curies":[{"name":"wp","href":"https:\/\/api.w.org\/{rel}","templated":true}]}}