{"id":72265,"date":"2024-10-09T12:03:33","date_gmt":"2024-10-09T10:03:33","guid":{"rendered":"https:\/\/partyinabox.dk\/party\/?post_type=product&#038;p=72265"},"modified":"2026-04-12T21:21:28","modified_gmt":"2026-04-12T19:21:28","slug":"soelvbryllup-guirlande","status":"publish","type":"product","link":"https:\/\/partyinabox.dk\/party\/vare\/soelvbryllup-guirlande\/","title":{"rendered":"S\u00f8lvbryllup guirlande"},"content":{"rendered":"<p>Fejr s\u00f8lvbrylluppet og h\u00e6ng denne flotte s\u00f8lvbryllup guilande op og fejr 25 \u00e5rs k\u00e6rlighed og den dag man sagde ja til hinanden.<\/p>\n<p>Indhold: 1 stk \/ M\u00e5l: 128 cm x 31 cm<\/p>\n","protected":false},"excerpt":{"rendered":"<p>Fejr s\u00f8lvbrylluppet og h\u00e6ng denne flotte s\u00f8lvbryllup guilande op og fejr 25 \u00e5rs k\u00e6rlighed og den dag man sagde ja til hinanden. Indhold: 1 stk \/ M\u00e5l: 128 cm x 31 cm<\/p>\n","protected":false},"featured_media":72266,"template":"","meta":{"_acf_changed":false},"product_brand":[],"product_cat":[19,31],"product_tag":[],"class_list":{"0":"post-72265","1":"product","2":"type-product","3":"status-publish","4":"has-post-thumbnail","6":"product_cat-pynt","7":"product_cat-til-loftet","9":"first","10":"instock","11":"taxable","12":"shipping-taxable","13":"purchasable","14":"product-type-simple"},"bundled_by":[],"bundle_stock_status":"instock","bundle_stock_quantity":545,"bundle_virtual":false,"bundle_layout":"","bundle_add_to_cart_form_location":"","bundle_editable_in_cart":false,"bundle_sold_individually_context":"","bundle_item_grouping":"","bundle_min_size":"","bundle_max_size":"","bundle_price":[],"bundled_items":[],"bundle_sell_ids":[],"acf":[],"tiered_pricing_type":"fixed","tiered_pricing_fixed_rules":[],"tiered_pricing_product_settings":{"layout":"default","base_unit_name":{"singular":null,"plural":null},"default_variation":null},"tiered_pricing_minimum_quantity":null,"tiered_pricing_roles_data":[],"tiered_pricing_percentage_rules":[],"tiered_pricing_maximum_quantity":null,"tiered_pricing_quantity_step":null,"_links":{"self":[{"href":"https:\/\/partyinabox.dk\/party\/wp-json\/wp\/v2\/product\/72265","targetHints":{"allow":["GET"]}}],"collection":[{"href":"https:\/\/partyinabox.dk\/party\/wp-json\/wp\/v2\/product"}],"about":[{"href":"https:\/\/partyinabox.dk\/party\/wp-json\/wp\/v2\/types\/product"}],"wp:featuredmedia":[{"embeddable":true,"href":"https:\/\/partyinabox.dk\/party\/wp-json\/wp\/v2\/media\/72266"}],"wp:attachment":[{"href":"https:\/\/partyinabox.dk\/party\/wp-json\/wp\/v2\/media?parent=72265"}],"wp:term":[{"taxonomy":"product_brand","embeddable":true,"href":"https:\/\/partyinabox.dk\/party\/wp-json\/wp\/v2\/product_brand?post=72265"},{"taxonomy":"product_cat","embeddable":true,"href":"https:\/\/partyinabox.dk\/party\/wp-json\/wp\/v2\/product_cat?post=72265"},{"taxonomy":"product_tag","embeddable":true,"href":"https:\/\/partyinabox.dk\/party\/wp-json\/wp\/v2\/product_tag?post=72265"}],"curies":[{"name":"wp","href":"https:\/\/api.w.org\/{rel}","templated":true}]}}