{"id":71440,"date":"2024-10-15T00:00:00","date_gmt":"2024-10-14T22:00:00","guid":{"rendered":"https:\/\/partyinabox.dk\/party\/?post_type=product&#038;p=71440"},"modified":"2026-03-16T13:29:15","modified_gmt":"2026-03-16T12:29:15","slug":"graeskar-halloweenpose","status":"publish","type":"product","link":"https:\/\/partyinabox.dk\/party\/vare\/graeskar-halloweenpose\/","title":{"rendered":"Gr\u00e6skar slikpose"},"content":{"rendered":"<p>Sej poser til halloween, som er af gennemsigtig plastik med orange gr\u00e6sk\u00e6r hovedet p\u00e5.<\/p>\n<p>Kan bl.a. bruges som slikposer eller til at have andre l\u00e6kkerier i.<\/p>\n<p>Indhold: 20 stk. \/ M\u00e5l:\u00a0 28 x 13 cm<\/p>\n","protected":false},"excerpt":{"rendered":"<p>Sej poser til halloween, som er af gennemsigtig plastik med orange gr\u00e6sk\u00e6r hovedet p\u00e5. Kan bl.a. bruges som slikposer eller til at have andre l\u00e6kkerier i. Indhold: 20 stk. \/ M\u00e5l:\u00a0 28 x 13 cm<\/p>\n","protected":false},"featured_media":71441,"template":"","meta":{"_acf_changed":false},"product_brand":[],"product_cat":[34],"product_tag":[],"class_list":{"0":"post-71440","1":"product","2":"type-product","3":"status-publish","4":"has-post-thumbnail","6":"product_cat-accessories","8":"first","9":"instock","10":"taxable","11":"shipping-taxable","12":"purchasable","13":"product-type-simple"},"bundled_by":[],"bundle_stock_status":"instock","bundle_stock_quantity":190,"bundle_virtual":false,"bundle_layout":"","bundle_add_to_cart_form_location":"","bundle_editable_in_cart":false,"bundle_sold_individually_context":"","bundle_item_grouping":"","bundle_min_size":"","bundle_max_size":"","bundle_price":[],"bundled_items":[],"bundle_sell_ids":[],"acf":[],"tiered_pricing_type":"fixed","tiered_pricing_fixed_rules":[],"tiered_pricing_product_settings":{"layout":"default","base_unit_name":{"singular":null,"plural":null},"default_variation":null},"tiered_pricing_minimum_quantity":null,"tiered_pricing_roles_data":[],"tiered_pricing_percentage_rules":[],"tiered_pricing_maximum_quantity":null,"tiered_pricing_quantity_step":null,"_links":{"self":[{"href":"https:\/\/partyinabox.dk\/party\/wp-json\/wp\/v2\/product\/71440","targetHints":{"allow":["GET"]}}],"collection":[{"href":"https:\/\/partyinabox.dk\/party\/wp-json\/wp\/v2\/product"}],"about":[{"href":"https:\/\/partyinabox.dk\/party\/wp-json\/wp\/v2\/types\/product"}],"wp:featuredmedia":[{"embeddable":true,"href":"https:\/\/partyinabox.dk\/party\/wp-json\/wp\/v2\/media\/71441"}],"wp:attachment":[{"href":"https:\/\/partyinabox.dk\/party\/wp-json\/wp\/v2\/media?parent=71440"}],"wp:term":[{"taxonomy":"product_brand","embeddable":true,"href":"https:\/\/partyinabox.dk\/party\/wp-json\/wp\/v2\/product_brand?post=71440"},{"taxonomy":"product_cat","embeddable":true,"href":"https:\/\/partyinabox.dk\/party\/wp-json\/wp\/v2\/product_cat?post=71440"},{"taxonomy":"product_tag","embeddable":true,"href":"https:\/\/partyinabox.dk\/party\/wp-json\/wp\/v2\/product_tag?post=71440"}],"curies":[{"name":"wp","href":"https:\/\/api.w.org\/{rel}","templated":true}]}}