{"id":71026,"date":"2024-09-19T09:36:44","date_gmt":"2024-09-19T07:36:44","guid":{"rendered":"https:\/\/partyinabox.dk\/party\/?post_type=product&#038;p=71026"},"modified":"2026-04-21T11:19:59","modified_gmt":"2026-04-21T09:19:59","slug":"rosa-firkantet-stof-dug","status":"publish","type":"product","link":"https:\/\/partyinabox.dk\/party\/vare\/rosa-firkantet-stof-dug\/","title":{"rendered":"Rosa stof dug 180 x 300 cm"},"content":{"rendered":"<p>Flot rosa stofdug som er med din at s\u00e6tte rammerne for en flot fest med sin rosa \/ lyser\u00f8d farve. Stofdugen passer til firkantede borde og m\u00e5ler 180 x 300 cm.<\/p>\n<p>Pynt yderligere bordet for at g\u00f8re det endnu mere festligt.<\/p>\n<p>Indhold: 1 stk. \/ M\u00e5l: 230 cm<\/p>\n","protected":false},"excerpt":{"rendered":"<p>Flot rosa stofdug som er med din at s\u00e6tte rammerne for en flot fest med sin rosa \/ lyser\u00f8d farve. Stofdugen passer til firkantede borde og m\u00e5ler 180 x 300 cm. Pynt yderligere bordet for at g\u00f8re det endnu mere [&hellip;]<\/p>\n","protected":false},"featured_media":71027,"template":"","meta":{"_acf_changed":false},"product_brand":[],"product_cat":[32],"product_tag":[],"class_list":{"0":"post-71026","1":"product","2":"type-product","3":"status-publish","4":"has-post-thumbnail","6":"product_cat-service","8":"first","9":"instock","10":"taxable","11":"shipping-taxable","12":"purchasable","13":"product-type-simple"},"bundled_by":[],"bundle_stock_status":"instock","bundle_stock_quantity":205,"bundle_virtual":false,"bundle_layout":"","bundle_add_to_cart_form_location":"","bundle_editable_in_cart":false,"bundle_sold_individually_context":"","bundle_item_grouping":"","bundle_min_size":"","bundle_max_size":"","bundle_price":[],"bundled_items":[],"bundle_sell_ids":[],"acf":[],"tiered_pricing_type":"fixed","tiered_pricing_fixed_rules":[],"tiered_pricing_product_settings":{"layout":"default","base_unit_name":{"singular":null,"plural":null},"default_variation":null},"tiered_pricing_minimum_quantity":null,"tiered_pricing_roles_data":[],"tiered_pricing_percentage_rules":[],"tiered_pricing_maximum_quantity":null,"tiered_pricing_quantity_step":null,"_links":{"self":[{"href":"https:\/\/partyinabox.dk\/party\/wp-json\/wp\/v2\/product\/71026","targetHints":{"allow":["GET"]}}],"collection":[{"href":"https:\/\/partyinabox.dk\/party\/wp-json\/wp\/v2\/product"}],"about":[{"href":"https:\/\/partyinabox.dk\/party\/wp-json\/wp\/v2\/types\/product"}],"wp:featuredmedia":[{"embeddable":true,"href":"https:\/\/partyinabox.dk\/party\/wp-json\/wp\/v2\/media\/71027"}],"wp:attachment":[{"href":"https:\/\/partyinabox.dk\/party\/wp-json\/wp\/v2\/media?parent=71026"}],"wp:term":[{"taxonomy":"product_brand","embeddable":true,"href":"https:\/\/partyinabox.dk\/party\/wp-json\/wp\/v2\/product_brand?post=71026"},{"taxonomy":"product_cat","embeddable":true,"href":"https:\/\/partyinabox.dk\/party\/wp-json\/wp\/v2\/product_cat?post=71026"},{"taxonomy":"product_tag","embeddable":true,"href":"https:\/\/partyinabox.dk\/party\/wp-json\/wp\/v2\/product_tag?post=71026"}],"curies":[{"name":"wp","href":"https:\/\/api.w.org\/{rel}","templated":true}]}}