{"id":70559,"date":"2024-09-13T12:25:40","date_gmt":"2024-09-13T10:25:40","guid":{"rendered":"https:\/\/partyinabox.dk\/party\/?post_type=product&#038;p=70559"},"modified":"2026-04-14T12:56:53","modified_gmt":"2026-04-14T10:56:53","slug":"iridescent-honeycomb-small","status":"publish","type":"product","link":"https:\/\/partyinabox.dk\/party\/vare\/iridescent-honeycomb-small\/","title":{"rendered":"Iridescent honeycomb small"},"content":{"rendered":"<p>Flot honeycomb i iridescent udseende der kan g\u00e5 til rigtig mange fester og temaer. Hvad enten det er en b\u00f8rnef\u00f8dselsdag, jul eller noget helt tredje er denne honeycomb flot.<\/p>\n<p>Kan l\u00e6gges p\u00e5 borde som pynt eller h\u00e6nges op i loftet.<\/p>\n<p>F\u00e5s i flere st\u00f8rrelser.<\/p>\n<p>Indhold: 1 stk \/ M\u00e5l: 10 cm<\/p>\n","protected":false},"excerpt":{"rendered":"<p>Flot honeycomb i iridescent udseende der kan g\u00e5 til rigtig mange fester og temaer. Hvad enten det er en b\u00f8rnef\u00f8dselsdag, jul eller noget helt tredje er denne honeycomb flot. Kan l\u00e6gges p\u00e5 borde som pynt eller h\u00e6nges op i loftet. [&hellip;]<\/p>\n","protected":false},"featured_media":75249,"template":"","meta":{"_acf_changed":false},"product_brand":[],"product_cat":[19,31],"product_tag":[],"class_list":{"0":"post-70559","1":"product","2":"type-product","3":"status-publish","4":"has-post-thumbnail","6":"product_cat-pynt","7":"product_cat-til-loftet","9":"first","10":"instock","11":"taxable","12":"shipping-taxable","13":"purchasable","14":"product-type-simple"},"bundled_by":[],"bundle_stock_status":"instock","bundle_stock_quantity":16,"bundle_virtual":false,"bundle_layout":"","bundle_add_to_cart_form_location":"","bundle_editable_in_cart":false,"bundle_sold_individually_context":"","bundle_item_grouping":"","bundle_min_size":"","bundle_max_size":"","bundle_price":[],"bundled_items":[],"bundle_sell_ids":[],"acf":[],"tiered_pricing_type":"fixed","tiered_pricing_fixed_rules":[],"tiered_pricing_product_settings":{"layout":"default","base_unit_name":{"singular":null,"plural":null},"default_variation":null},"tiered_pricing_minimum_quantity":null,"tiered_pricing_roles_data":[],"tiered_pricing_percentage_rules":[],"tiered_pricing_maximum_quantity":null,"tiered_pricing_quantity_step":null,"_links":{"self":[{"href":"https:\/\/partyinabox.dk\/party\/wp-json\/wp\/v2\/product\/70559","targetHints":{"allow":["GET"]}}],"collection":[{"href":"https:\/\/partyinabox.dk\/party\/wp-json\/wp\/v2\/product"}],"about":[{"href":"https:\/\/partyinabox.dk\/party\/wp-json\/wp\/v2\/types\/product"}],"wp:featuredmedia":[{"embeddable":true,"href":"https:\/\/partyinabox.dk\/party\/wp-json\/wp\/v2\/media\/75249"}],"wp:attachment":[{"href":"https:\/\/partyinabox.dk\/party\/wp-json\/wp\/v2\/media?parent=70559"}],"wp:term":[{"taxonomy":"product_brand","embeddable":true,"href":"https:\/\/partyinabox.dk\/party\/wp-json\/wp\/v2\/product_brand?post=70559"},{"taxonomy":"product_cat","embeddable":true,"href":"https:\/\/partyinabox.dk\/party\/wp-json\/wp\/v2\/product_cat?post=70559"},{"taxonomy":"product_tag","embeddable":true,"href":"https:\/\/partyinabox.dk\/party\/wp-json\/wp\/v2\/product_tag?post=70559"}],"curies":[{"name":"wp","href":"https:\/\/api.w.org\/{rel}","templated":true}]}}