{"id":70514,"date":"2025-12-02T00:00:00","date_gmt":"2025-12-01T23:00:00","guid":{"rendered":"https:\/\/partyinabox.dk\/party\/?post_type=product&#038;p=70514"},"modified":"2026-04-23T01:09:30","modified_gmt":"2026-04-22T23:09:30","slug":"sommerfugl-vaegdekoration","status":"publish","type":"product","link":"https:\/\/partyinabox.dk\/party\/vare\/sommerfugl-vaegdekoration\/","title":{"rendered":"Sommerfugl v\u00e6gdekoration"},"content":{"rendered":"<p>Flotte sommerfugle som kan bruges som dekoration p\u00e5 v\u00e6g eller bord.<\/p>\n<p>Det er et s\u00e6t med 3 sommerfugle som n\u00e6vnt kan h\u00e6nges p\u00e5 v\u00e6ggen. Sommerfuglene er i 3 farver, 1 i hver farve &#8211; rosa, lilla og mint.<\/p>\n<p>&nbsp;<\/p>\n<p>Indhold: 1 s\u00e6t med 3 stk. \/ M\u00e5l: 24 x 31cm<\/p>\n","protected":false},"excerpt":{"rendered":"<p>Flotte sommerfugle som kan bruges som dekoration p\u00e5 v\u00e6g eller bord. Det er et s\u00e6t med 3 sommerfugle som n\u00e6vnt kan h\u00e6nges p\u00e5 v\u00e6ggen. Sommerfuglene er i 3 farver, 1 i hver farve &#8211; rosa, lilla og mint. &nbsp; Indhold: [&hellip;]<\/p>\n","protected":false},"featured_media":70521,"template":"","meta":{"_acf_changed":false},"product_brand":[],"product_cat":[19],"product_tag":[],"class_list":{"0":"post-70514","1":"product","2":"type-product","3":"status-publish","4":"has-post-thumbnail","6":"product_cat-pynt","8":"first","9":"instock","10":"taxable","11":"shipping-taxable","12":"purchasable","13":"product-type-simple"},"bundled_by":[],"bundle_stock_status":"instock","bundle_stock_quantity":51,"bundle_virtual":false,"bundle_layout":"","bundle_add_to_cart_form_location":"","bundle_editable_in_cart":false,"bundle_sold_individually_context":"","bundle_item_grouping":"","bundle_min_size":"","bundle_max_size":"","bundle_price":[],"bundled_items":[],"bundle_sell_ids":[],"acf":[],"tiered_pricing_type":"fixed","tiered_pricing_fixed_rules":[],"tiered_pricing_product_settings":{"layout":"default","base_unit_name":{"singular":null,"plural":null},"default_variation":null},"tiered_pricing_minimum_quantity":null,"tiered_pricing_roles_data":[],"tiered_pricing_percentage_rules":[],"tiered_pricing_maximum_quantity":null,"tiered_pricing_quantity_step":null,"_links":{"self":[{"href":"https:\/\/partyinabox.dk\/party\/wp-json\/wp\/v2\/product\/70514","targetHints":{"allow":["GET"]}}],"collection":[{"href":"https:\/\/partyinabox.dk\/party\/wp-json\/wp\/v2\/product"}],"about":[{"href":"https:\/\/partyinabox.dk\/party\/wp-json\/wp\/v2\/types\/product"}],"wp:featuredmedia":[{"embeddable":true,"href":"https:\/\/partyinabox.dk\/party\/wp-json\/wp\/v2\/media\/70521"}],"wp:attachment":[{"href":"https:\/\/partyinabox.dk\/party\/wp-json\/wp\/v2\/media?parent=70514"}],"wp:term":[{"taxonomy":"product_brand","embeddable":true,"href":"https:\/\/partyinabox.dk\/party\/wp-json\/wp\/v2\/product_brand?post=70514"},{"taxonomy":"product_cat","embeddable":true,"href":"https:\/\/partyinabox.dk\/party\/wp-json\/wp\/v2\/product_cat?post=70514"},{"taxonomy":"product_tag","embeddable":true,"href":"https:\/\/partyinabox.dk\/party\/wp-json\/wp\/v2\/product_tag?post=70514"}],"curies":[{"name":"wp","href":"https:\/\/api.w.org\/{rel}","templated":true}]}}