{"id":68913,"date":"2024-08-21T11:44:26","date_gmt":"2024-08-21T09:44:26","guid":{"rendered":"https:\/\/partyinabox.dk\/party\/?post_type=product&#038;p=68913"},"modified":"2026-03-17T12:44:13","modified_gmt":"2026-03-17T11:44:13","slug":"graeskar-trick-or-treat-pose","status":"publish","type":"product","link":"https:\/\/partyinabox.dk\/party\/vare\/graeskar-trick-or-treat-pose\/","title":{"rendered":"Gr\u00e6skar &#8220;trick or treat&#8221; pose"},"content":{"rendered":"<p>Skal du ud og rasle til halloween? Og sige trick or treat, s\u00e5 skal du helt sikkert have fat i den her slikpose, du kan komme alt dit slik i.<\/p>\n<p>De kan ogs\u00e5 bruges, til at komme alt slik i, som du kan aflevere til b\u00f8rnene, n\u00e5r de kommer forbi. Hvis du skal holde en halloween fest, kan de sagtnes bruges som en del af bordpyntning.<\/p>\n<p>Og du kan komme slik der i, som dine g\u00e6ster bare kan tage i l\u00f8bet af aftenen.<\/p>\n<p>Gr\u00e6skaret er b\u00e5de med vinger og med hang, ogs\u00e5 sender den et s\u00f8dt smil afsted.<\/p>\n<p>1 styk i pakken.<\/p>\n<p>35 x 18 x 8 cm.<\/p>\n","protected":false},"excerpt":{"rendered":"<p>Skal du ud og rasle til halloween? Og sige trick or treat, s\u00e5 skal du helt sikkert have fat i den her slikpose, du kan komme alt dit slik i. De kan ogs\u00e5 bruges, til at komme alt slik i, [&hellip;]<\/p>\n","protected":false},"featured_media":71102,"template":"","meta":{"_acf_changed":false},"product_brand":[],"product_cat":[34],"product_tag":[],"class_list":{"0":"post-68913","1":"product","2":"type-product","3":"status-publish","4":"has-post-thumbnail","6":"product_cat-accessories","8":"first","9":"instock","10":"taxable","11":"shipping-taxable","12":"purchasable","13":"product-type-simple"},"bundled_by":[],"bundle_stock_status":"instock","bundle_stock_quantity":51,"bundle_virtual":false,"bundle_layout":"","bundle_add_to_cart_form_location":"","bundle_editable_in_cart":false,"bundle_sold_individually_context":"","bundle_item_grouping":"","bundle_min_size":"","bundle_max_size":"","bundle_price":[],"bundled_items":[],"bundle_sell_ids":[],"acf":[],"tiered_pricing_type":"fixed","tiered_pricing_fixed_rules":[],"tiered_pricing_product_settings":{"layout":"default","base_unit_name":{"singular":null,"plural":null},"default_variation":null},"tiered_pricing_minimum_quantity":null,"tiered_pricing_roles_data":[],"tiered_pricing_percentage_rules":[],"tiered_pricing_maximum_quantity":null,"tiered_pricing_quantity_step":null,"_links":{"self":[{"href":"https:\/\/partyinabox.dk\/party\/wp-json\/wp\/v2\/product\/68913","targetHints":{"allow":["GET"]}}],"collection":[{"href":"https:\/\/partyinabox.dk\/party\/wp-json\/wp\/v2\/product"}],"about":[{"href":"https:\/\/partyinabox.dk\/party\/wp-json\/wp\/v2\/types\/product"}],"wp:featuredmedia":[{"embeddable":true,"href":"https:\/\/partyinabox.dk\/party\/wp-json\/wp\/v2\/media\/71102"}],"wp:attachment":[{"href":"https:\/\/partyinabox.dk\/party\/wp-json\/wp\/v2\/media?parent=68913"}],"wp:term":[{"taxonomy":"product_brand","embeddable":true,"href":"https:\/\/partyinabox.dk\/party\/wp-json\/wp\/v2\/product_brand?post=68913"},{"taxonomy":"product_cat","embeddable":true,"href":"https:\/\/partyinabox.dk\/party\/wp-json\/wp\/v2\/product_cat?post=68913"},{"taxonomy":"product_tag","embeddable":true,"href":"https:\/\/partyinabox.dk\/party\/wp-json\/wp\/v2\/product_tag?post=68913"}],"curies":[{"name":"wp","href":"https:\/\/api.w.org\/{rel}","templated":true}]}}