{"id":66253,"date":"2024-10-01T00:00:00","date_gmt":"2024-09-30T22:00:00","guid":{"rendered":"https:\/\/partyinabox.dk\/party\/?post_type=product&#038;p=66253"},"modified":"2026-03-13T11:14:57","modified_gmt":"2026-03-13T10:14:57","slug":"heksegryde-plastik","status":"publish","type":"product","link":"https:\/\/partyinabox.dk\/party\/vare\/heksegryde-plastik\/","title":{"rendered":"Heksekedel (lille)"},"content":{"rendered":"<p>Skal du holde en halloween fest? S\u00c5 kan den her heksegryde bruges til rigtige mange ting. Du kan fx have den med, n\u00e5r b\u00f8rnene skal ud p\u00e5 tricks or treat.<\/p>\n<p>Du kan ogs\u00e5 have den p\u00e5 snackbordet med popcorn eller slik i. Fyld den op med vand og have flyde lys og uhyggelige halloween ting i.<\/p>\n<p>Kun fantasien s\u00e6tter gr\u00e6nser, vi vil sige, s\u00e5dan en gryde er et must-have til Halloween.<\/p>\n<p>Den er lavet af plastik.<\/p>\n<p>M\u00e5l: 26 x 20 x 14 cm.<\/p>\n","protected":false},"excerpt":{"rendered":"<p>Skal du holde en halloween fest? S\u00c5 kan den her heksegryde bruges til rigtige mange ting. Du kan fx have den med, n\u00e5r b\u00f8rnene skal ud p\u00e5 tricks or treat. Du kan ogs\u00e5 have den p\u00e5 snackbordet med popcorn eller [&hellip;]<\/p>\n","protected":false},"featured_media":66255,"template":"","meta":{"_acf_changed":false},"product_brand":[],"product_cat":[19,34],"product_tag":[],"class_list":{"0":"post-66253","1":"product","2":"type-product","3":"status-publish","4":"has-post-thumbnail","6":"product_cat-pynt","7":"product_cat-accessories","9":"first","10":"instock","11":"taxable","12":"shipping-taxable","13":"purchasable","14":"product-type-simple"},"bundled_by":[],"bundle_stock_status":"instock","bundle_stock_quantity":35,"bundle_virtual":false,"bundle_layout":"","bundle_add_to_cart_form_location":"","bundle_editable_in_cart":false,"bundle_sold_individually_context":"","bundle_item_grouping":"","bundle_min_size":"","bundle_max_size":"","bundle_price":[],"bundled_items":[],"bundle_sell_ids":[],"acf":[],"tiered_pricing_type":"fixed","tiered_pricing_fixed_rules":[],"tiered_pricing_product_settings":{"layout":"default","base_unit_name":{"singular":null,"plural":null},"default_variation":null},"tiered_pricing_minimum_quantity":null,"tiered_pricing_roles_data":[],"tiered_pricing_percentage_rules":[],"tiered_pricing_maximum_quantity":null,"tiered_pricing_quantity_step":null,"_links":{"self":[{"href":"https:\/\/partyinabox.dk\/party\/wp-json\/wp\/v2\/product\/66253","targetHints":{"allow":["GET"]}}],"collection":[{"href":"https:\/\/partyinabox.dk\/party\/wp-json\/wp\/v2\/product"}],"about":[{"href":"https:\/\/partyinabox.dk\/party\/wp-json\/wp\/v2\/types\/product"}],"wp:featuredmedia":[{"embeddable":true,"href":"https:\/\/partyinabox.dk\/party\/wp-json\/wp\/v2\/media\/66255"}],"wp:attachment":[{"href":"https:\/\/partyinabox.dk\/party\/wp-json\/wp\/v2\/media?parent=66253"}],"wp:term":[{"taxonomy":"product_brand","embeddable":true,"href":"https:\/\/partyinabox.dk\/party\/wp-json\/wp\/v2\/product_brand?post=66253"},{"taxonomy":"product_cat","embeddable":true,"href":"https:\/\/partyinabox.dk\/party\/wp-json\/wp\/v2\/product_cat?post=66253"},{"taxonomy":"product_tag","embeddable":true,"href":"https:\/\/partyinabox.dk\/party\/wp-json\/wp\/v2\/product_tag?post=66253"}],"curies":[{"name":"wp","href":"https:\/\/api.w.org\/{rel}","templated":true}]}}