{"id":64130,"date":"2024-05-22T13:51:33","date_gmt":"2024-05-22T11:51:33","guid":{"rendered":"https:\/\/partyinabox.dk\/party\/?post_type=product&#038;p=64130"},"modified":"2026-04-30T22:59:30","modified_gmt":"2026-04-30T20:59:30","slug":"lys-olivengroen-tallerken-m-guld-kant","status":"publish","type":"product","link":"https:\/\/partyinabox.dk\/party\/vare\/lys-olivengroen-tallerken-m-guld-kant\/","title":{"rendered":"Lys olivengr\u00f8n tallerken m\/guld kant"},"content":{"rendered":"<p>De mega fine pastel gr\u00f8nne tallerkener er perfekt til din n\u00e6ste sommerfest, d\u00e5b, konfirmation eller bryllup med natur tema.<\/p>\n<p>Brug dem i bordopd\u00e6kningen eller stil dem ved buffeten. Tallerknerne har en fin b\u00f8lgede kant med guld, den er h\u00f8j nok til at det er sv\u00e6rt at spilde med dem.<\/p>\n<p>Tallerknerne er af pap og kan bruges til aftensmad, brunch, frokost etc.<\/p>\n<p>Du f\u00e5r 8 stk. i en pakke.<\/p>\n<p>M\u00e5l: 23 cm.<\/p>\n","protected":false},"excerpt":{"rendered":"<p>De mega fine pastel gr\u00f8nne tallerkener er perfekt til din n\u00e6ste sommerfest, d\u00e5b, konfirmation eller bryllup med natur tema. Brug dem i bordopd\u00e6kningen eller stil dem ved buffeten. Tallerknerne har en fin b\u00f8lgede kant med guld, den er h\u00f8j nok [&hellip;]<\/p>\n","protected":false},"featured_media":64132,"template":"","meta":{"_acf_changed":false},"product_brand":[],"product_cat":[32],"product_tag":[],"class_list":{"0":"post-64130","1":"product","2":"type-product","3":"status-publish","4":"has-post-thumbnail","6":"product_cat-service","8":"first","9":"instock","10":"taxable","11":"shipping-taxable","12":"purchasable","13":"product-type-simple"},"bundled_by":[],"bundle_stock_status":"instock","bundle_stock_quantity":272,"bundle_virtual":false,"bundle_layout":"","bundle_add_to_cart_form_location":"","bundle_editable_in_cart":false,"bundle_sold_individually_context":"","bundle_item_grouping":"","bundle_min_size":"","bundle_max_size":"","bundle_price":[],"bundled_items":[],"bundle_sell_ids":[],"acf":[],"tiered_pricing_type":"fixed","tiered_pricing_fixed_rules":[],"tiered_pricing_product_settings":{"layout":"default","base_unit_name":{"singular":null,"plural":null},"default_variation":null},"tiered_pricing_minimum_quantity":null,"tiered_pricing_roles_data":[],"tiered_pricing_percentage_rules":[],"tiered_pricing_maximum_quantity":null,"tiered_pricing_quantity_step":null,"_links":{"self":[{"href":"https:\/\/partyinabox.dk\/party\/wp-json\/wp\/v2\/product\/64130","targetHints":{"allow":["GET"]}}],"collection":[{"href":"https:\/\/partyinabox.dk\/party\/wp-json\/wp\/v2\/product"}],"about":[{"href":"https:\/\/partyinabox.dk\/party\/wp-json\/wp\/v2\/types\/product"}],"wp:featuredmedia":[{"embeddable":true,"href":"https:\/\/partyinabox.dk\/party\/wp-json\/wp\/v2\/media\/64132"}],"wp:attachment":[{"href":"https:\/\/partyinabox.dk\/party\/wp-json\/wp\/v2\/media?parent=64130"}],"wp:term":[{"taxonomy":"product_brand","embeddable":true,"href":"https:\/\/partyinabox.dk\/party\/wp-json\/wp\/v2\/product_brand?post=64130"},{"taxonomy":"product_cat","embeddable":true,"href":"https:\/\/partyinabox.dk\/party\/wp-json\/wp\/v2\/product_cat?post=64130"},{"taxonomy":"product_tag","embeddable":true,"href":"https:\/\/partyinabox.dk\/party\/wp-json\/wp\/v2\/product_tag?post=64130"}],"curies":[{"name":"wp","href":"https:\/\/api.w.org\/{rel}","templated":true}]}}