{"id":64117,"date":"2024-05-22T12:34:14","date_gmt":"2024-05-22T10:34:14","guid":{"rendered":"https:\/\/partyinabox.dk\/party\/?post_type=product&#038;p=64117"},"modified":"2026-04-15T21:09:14","modified_gmt":"2026-04-15T19:09:14","slug":"mini-trae-staffelier","status":"publish","type":"product","link":"https:\/\/partyinabox.dk\/party\/vare\/mini-trae-staffelier\/","title":{"rendered":"Mini tr\u00e6 staffelier"},"content":{"rendered":"<p>De fine tr\u00e6 staffelier kan bruges til rigtige mange ting, og g\u00f8r bordopd\u00e6kningen, buffeten eller baren lige det ekstra touch.<\/p>\n<p>Brug dem til bordkort, bordnummerholder, hvad der er p\u00e5 menuen eller hvad der er i dine drinks. Eller hvis du vil give dine g\u00e6ster en besked.<\/p>\n<p>Perfekt til d\u00e5b, konfirmation, f\u00f8dselsdag, bryllup, nyt\u00e5r og jul osv.<\/p>\n<p>Du f\u00e5r 6 stk. i pakken<\/p>\n<p>M\u00e5l: 8 x 4,5 cm<\/p>\n","protected":false},"excerpt":{"rendered":"<p>De fine tr\u00e6 staffelier kan bruges til rigtige mange ting, og g\u00f8r bordopd\u00e6kningen, buffeten eller baren lige det ekstra touch. Brug dem til bordkort, bordnummerholder, hvad der er p\u00e5 menuen eller hvad der er i dine drinks. Eller hvis du [&hellip;]<\/p>\n","protected":false},"featured_media":64119,"template":"","meta":{"_acf_changed":false},"product_brand":[],"product_cat":[19,32],"product_tag":[],"class_list":{"0":"post-64117","1":"product","2":"type-product","3":"status-publish","4":"has-post-thumbnail","6":"product_cat-pynt","7":"product_cat-service","9":"first","10":"instock","11":"taxable","12":"shipping-taxable","13":"purchasable","14":"product-type-simple"},"bundled_by":[],"bundle_stock_status":"instock","bundle_stock_quantity":95,"bundle_virtual":false,"bundle_layout":"","bundle_add_to_cart_form_location":"","bundle_editable_in_cart":false,"bundle_sold_individually_context":"","bundle_item_grouping":"","bundle_min_size":"","bundle_max_size":"","bundle_price":[],"bundled_items":[],"bundle_sell_ids":[],"acf":[],"tiered_pricing_type":"fixed","tiered_pricing_fixed_rules":[],"tiered_pricing_product_settings":{"layout":"default","base_unit_name":{"singular":null,"plural":null},"default_variation":null},"tiered_pricing_minimum_quantity":null,"tiered_pricing_roles_data":[],"tiered_pricing_percentage_rules":[],"tiered_pricing_maximum_quantity":null,"tiered_pricing_quantity_step":null,"_links":{"self":[{"href":"https:\/\/partyinabox.dk\/party\/wp-json\/wp\/v2\/product\/64117","targetHints":{"allow":["GET"]}}],"collection":[{"href":"https:\/\/partyinabox.dk\/party\/wp-json\/wp\/v2\/product"}],"about":[{"href":"https:\/\/partyinabox.dk\/party\/wp-json\/wp\/v2\/types\/product"}],"wp:featuredmedia":[{"embeddable":true,"href":"https:\/\/partyinabox.dk\/party\/wp-json\/wp\/v2\/media\/64119"}],"wp:attachment":[{"href":"https:\/\/partyinabox.dk\/party\/wp-json\/wp\/v2\/media?parent=64117"}],"wp:term":[{"taxonomy":"product_brand","embeddable":true,"href":"https:\/\/partyinabox.dk\/party\/wp-json\/wp\/v2\/product_brand?post=64117"},{"taxonomy":"product_cat","embeddable":true,"href":"https:\/\/partyinabox.dk\/party\/wp-json\/wp\/v2\/product_cat?post=64117"},{"taxonomy":"product_tag","embeddable":true,"href":"https:\/\/partyinabox.dk\/party\/wp-json\/wp\/v2\/product_tag?post=64117"}],"curies":[{"name":"wp","href":"https:\/\/api.w.org\/{rel}","templated":true}]}}