{"id":63345,"date":"2024-05-08T09:35:13","date_gmt":"2024-05-08T07:35:13","guid":{"rendered":"https:\/\/partyinabox.dk\/party\/?post_type=product&#038;p=63345"},"modified":"2026-04-10T11:51:24","modified_gmt":"2026-04-10T09:51:24","slug":"swirls-m-tropisk-blomst","status":"publish","type":"product","link":"https:\/\/partyinabox.dk\/party\/vare\/swirls-m-tropisk-blomst\/","title":{"rendered":"Swirls m\/tropisk blomst"},"content":{"rendered":"<p>De smukke swirls med Hawaii blomster, palmer og ananas er helt perfekt til din kommende Aloha fest. Kan sagtnes bruges til en sommerfest eller b\u00f8rnef\u00f8dselsdag.<\/p>\n<p>H\u00e6ng dem op i loftet med fiskesn\u00f8re eller tr\u00e6er. Spiralerne er med metallisk, s\u00e5 det shine effekt.<\/p>\n<p>De tropiske blomster giver den helt rigtige stemning og kan nemt genbruges efter festen.<\/p>\n<p>3 stk. i pakken<\/p>\n<p>60 cm.<\/p>\n","protected":false},"excerpt":{"rendered":"<p>De smukke swirls med Hawaii blomster, palmer og ananas er helt perfekt til din kommende Aloha fest. Kan sagtnes bruges til en sommerfest eller b\u00f8rnef\u00f8dselsdag. H\u00e6ng dem op i loftet med fiskesn\u00f8re eller tr\u00e6er. Spiralerne er med metallisk, s\u00e5 det [&hellip;]<\/p>\n","protected":false},"featured_media":65940,"template":"","meta":{"_acf_changed":false},"product_brand":[],"product_cat":[19,31],"product_tag":[],"class_list":{"0":"post-63345","1":"product","2":"type-product","3":"status-publish","4":"has-post-thumbnail","6":"product_cat-pynt","7":"product_cat-til-loftet","9":"first","10":"instock","11":"taxable","12":"shipping-taxable","13":"purchasable","14":"product-type-simple"},"bundled_by":[],"bundle_stock_status":"instock","bundle_stock_quantity":24,"bundle_virtual":false,"bundle_layout":"","bundle_add_to_cart_form_location":"","bundle_editable_in_cart":false,"bundle_sold_individually_context":"","bundle_item_grouping":"","bundle_min_size":"","bundle_max_size":"","bundle_price":[],"bundled_items":[],"bundle_sell_ids":[],"acf":[],"tiered_pricing_type":"fixed","tiered_pricing_fixed_rules":[],"tiered_pricing_product_settings":{"layout":"default","base_unit_name":{"singular":null,"plural":null},"default_variation":null},"tiered_pricing_minimum_quantity":null,"tiered_pricing_roles_data":[],"tiered_pricing_percentage_rules":[],"tiered_pricing_maximum_quantity":null,"tiered_pricing_quantity_step":null,"_links":{"self":[{"href":"https:\/\/partyinabox.dk\/party\/wp-json\/wp\/v2\/product\/63345","targetHints":{"allow":["GET"]}}],"collection":[{"href":"https:\/\/partyinabox.dk\/party\/wp-json\/wp\/v2\/product"}],"about":[{"href":"https:\/\/partyinabox.dk\/party\/wp-json\/wp\/v2\/types\/product"}],"wp:featuredmedia":[{"embeddable":true,"href":"https:\/\/partyinabox.dk\/party\/wp-json\/wp\/v2\/media\/65940"}],"wp:attachment":[{"href":"https:\/\/partyinabox.dk\/party\/wp-json\/wp\/v2\/media?parent=63345"}],"wp:term":[{"taxonomy":"product_brand","embeddable":true,"href":"https:\/\/partyinabox.dk\/party\/wp-json\/wp\/v2\/product_brand?post=63345"},{"taxonomy":"product_cat","embeddable":true,"href":"https:\/\/partyinabox.dk\/party\/wp-json\/wp\/v2\/product_cat?post=63345"},{"taxonomy":"product_tag","embeddable":true,"href":"https:\/\/partyinabox.dk\/party\/wp-json\/wp\/v2\/product_tag?post=63345"}],"curies":[{"name":"wp","href":"https:\/\/api.w.org\/{rel}","templated":true}]}}