{"id":60008,"date":"2024-03-13T12:07:00","date_gmt":"2024-03-13T11:07:00","guid":{"rendered":"https:\/\/partyinabox.dk\/party\/?post_type=product&#038;p=60008"},"modified":"2026-04-22T14:12:38","modified_gmt":"2026-04-22T12:12:38","slug":"trae-happy-birthday-kagepynt-m-tusindfryd","status":"publish","type":"product","link":"https:\/\/partyinabox.dk\/party\/vare\/trae-happy-birthday-kagepynt-m-tusindfryd\/","title":{"rendered":"Tr\u00e6 &#8220;Happy Birthday&#8221; kagepynt m\/tusindfryd"},"content":{"rendered":"<p>Pynt din f\u00f8dselsdagskage flot op til f\u00f8dselsdag med blomster natur tema eller 1 \u00e5rs natur f\u00f8dselsdag. Denne kagedekoration er i tr\u00e6 og har teksten &#8220;Happy Birthday&#8221; omgivet af en krans af smykke tusindfryd blomster \/ daisies.<\/p>\n<p>Indhold: 1 stk. \/ M\u00e5l: 17,8 x 12 cm (H x B) + 6,5 cm tr\u00e6 pind<\/p>\n","protected":false},"excerpt":{"rendered":"<p>Pynt din f\u00f8dselsdagskage flot op til f\u00f8dselsdag med blomster natur tema eller 1 \u00e5rs natur f\u00f8dselsdag. Denne kagedekoration er i tr\u00e6 og har teksten &#8220;Happy Birthday&#8221; omgivet af en krans af smykke tusindfryd blomster \/ daisies. Indhold: 1 stk. \/ [&hellip;]<\/p>\n","protected":false},"featured_media":60009,"template":"","meta":{"_acf_changed":false},"product_brand":[],"product_cat":[33],"product_tag":[],"class_list":{"0":"post-60008","1":"product","2":"type-product","3":"status-publish","4":"has-post-thumbnail","6":"product_cat-til-kagen","8":"first","9":"instock","10":"taxable","11":"shipping-taxable","12":"purchasable","13":"product-type-simple"},"bundled_by":[],"bundle_stock_status":"instock","bundle_stock_quantity":2,"bundle_virtual":false,"bundle_layout":"","bundle_add_to_cart_form_location":"","bundle_editable_in_cart":false,"bundle_sold_individually_context":"","bundle_item_grouping":"","bundle_min_size":"","bundle_max_size":"","bundle_price":[],"bundled_items":[],"bundle_sell_ids":[],"acf":[],"tiered_pricing_type":"fixed","tiered_pricing_fixed_rules":[],"tiered_pricing_product_settings":{"layout":"default","base_unit_name":{"singular":null,"plural":null},"default_variation":null},"tiered_pricing_minimum_quantity":null,"tiered_pricing_roles_data":[],"tiered_pricing_percentage_rules":[],"tiered_pricing_maximum_quantity":null,"tiered_pricing_quantity_step":null,"_links":{"self":[{"href":"https:\/\/partyinabox.dk\/party\/wp-json\/wp\/v2\/product\/60008","targetHints":{"allow":["GET"]}}],"collection":[{"href":"https:\/\/partyinabox.dk\/party\/wp-json\/wp\/v2\/product"}],"about":[{"href":"https:\/\/partyinabox.dk\/party\/wp-json\/wp\/v2\/types\/product"}],"wp:featuredmedia":[{"embeddable":true,"href":"https:\/\/partyinabox.dk\/party\/wp-json\/wp\/v2\/media\/60009"}],"wp:attachment":[{"href":"https:\/\/partyinabox.dk\/party\/wp-json\/wp\/v2\/media?parent=60008"}],"wp:term":[{"taxonomy":"product_brand","embeddable":true,"href":"https:\/\/partyinabox.dk\/party\/wp-json\/wp\/v2\/product_brand?post=60008"},{"taxonomy":"product_cat","embeddable":true,"href":"https:\/\/partyinabox.dk\/party\/wp-json\/wp\/v2\/product_cat?post=60008"},{"taxonomy":"product_tag","embeddable":true,"href":"https:\/\/partyinabox.dk\/party\/wp-json\/wp\/v2\/product_tag?post=60008"}],"curies":[{"name":"wp","href":"https:\/\/api.w.org\/{rel}","templated":true}]}}