{"id":56442,"date":"2026-01-06T00:00:00","date_gmt":"2026-01-05T23:00:00","guid":{"rendered":"https:\/\/partyinabox.dk\/party\/?post_type=product&#038;p=56442"},"modified":"2026-05-01T12:14:39","modified_gmt":"2026-05-01T10:14:39","slug":"mokka-brun-ballon-aarets-konfirmand","status":"publish","type":"product","link":"https:\/\/partyinabox.dk\/party\/vare\/mokka-brun-ballon-aarets-konfirmand\/","title":{"rendered":"Mokka brun ballon &#8220;\u00c5rets Konfirmand&#8221;"},"content":{"rendered":"<p>Pynt flot op til konfirmation med disse mokka brune latex balloner med hvid &#8220;\u00c5rets Konfirmand&#8221; skrift p\u00e5 begge sider. Pust ballonen op med helium, hvis den skal sv\u00e6ve. En latex ballon med helium holder 5-8 timer, men du kan forl\u00e6nge ballonens levetid med Hi float. Med Hi float holder ballonen i 4-6 dage. Du kan ogs\u00e5 puste ballonen op med alm. luft, og h\u00e6nge den op med stick ups eller ballon lim dutter.<\/p>\n<p>Indhold: 10 stk. \/ M\u00e5l: 30 cm<\/p>\n","protected":false},"excerpt":{"rendered":"<p>Pynt flot op til konfirmation med disse mokka brune latex balloner med hvid &#8220;\u00c5rets Konfirmand&#8221; skrift p\u00e5 begge sider. Pust ballonen op med helium, hvis den skal sv\u00e6ve. En latex ballon med helium holder 5-8 timer, men du kan forl\u00e6nge [&hellip;]<\/p>\n","protected":false},"featured_media":56441,"template":"","meta":{"_acf_changed":false},"product_brand":[],"product_cat":[30],"product_tag":[],"class_list":{"0":"post-56442","1":"product","2":"type-product","3":"status-publish","4":"has-post-thumbnail","6":"product_cat-balloner","8":"first","9":"instock","10":"taxable","11":"shipping-taxable","12":"purchasable","13":"product-type-simple"},"bundled_by":[],"bundle_stock_status":"instock","bundle_stock_quantity":46,"bundle_virtual":false,"bundle_layout":"","bundle_add_to_cart_form_location":"","bundle_editable_in_cart":false,"bundle_sold_individually_context":"","bundle_item_grouping":"","bundle_min_size":"","bundle_max_size":"","bundle_price":[],"bundled_items":[],"bundle_sell_ids":[],"acf":[],"tiered_pricing_type":"fixed","tiered_pricing_fixed_rules":[],"tiered_pricing_product_settings":{"layout":"default","base_unit_name":{"singular":null,"plural":null},"default_variation":null},"tiered_pricing_minimum_quantity":null,"tiered_pricing_roles_data":[],"tiered_pricing_percentage_rules":[],"tiered_pricing_maximum_quantity":null,"tiered_pricing_quantity_step":null,"_links":{"self":[{"href":"https:\/\/partyinabox.dk\/party\/wp-json\/wp\/v2\/product\/56442","targetHints":{"allow":["GET"]}}],"collection":[{"href":"https:\/\/partyinabox.dk\/party\/wp-json\/wp\/v2\/product"}],"about":[{"href":"https:\/\/partyinabox.dk\/party\/wp-json\/wp\/v2\/types\/product"}],"wp:featuredmedia":[{"embeddable":true,"href":"https:\/\/partyinabox.dk\/party\/wp-json\/wp\/v2\/media\/56441"}],"wp:attachment":[{"href":"https:\/\/partyinabox.dk\/party\/wp-json\/wp\/v2\/media?parent=56442"}],"wp:term":[{"taxonomy":"product_brand","embeddable":true,"href":"https:\/\/partyinabox.dk\/party\/wp-json\/wp\/v2\/product_brand?post=56442"},{"taxonomy":"product_cat","embeddable":true,"href":"https:\/\/partyinabox.dk\/party\/wp-json\/wp\/v2\/product_cat?post=56442"},{"taxonomy":"product_tag","embeddable":true,"href":"https:\/\/partyinabox.dk\/party\/wp-json\/wp\/v2\/product_tag?post=56442"}],"curies":[{"name":"wp","href":"https:\/\/api.w.org\/{rel}","templated":true}]}}