{"id":56310,"date":"2024-01-24T14:41:09","date_gmt":"2024-01-24T13:41:09","guid":{"rendered":"https:\/\/partyinabox.dk\/party\/?post_type=product&#038;p=56310"},"modified":"2026-04-28T08:23:29","modified_gmt":"2026-04-28T06:23:29","slug":"eco-prinsesse-happy-birthday-ballon","status":"publish","type":"product","link":"https:\/\/partyinabox.dk\/party\/vare\/eco-prinsesse-happy-birthday-ballon\/","title":{"rendered":"ECO prinsesse &#8220;Happy Birthday&#8221; ballon"},"content":{"rendered":"<p>Balloner er bare altid et hit til b\u00f8rnef\u00f8dselsdage! Og med disse flotte ECO balloner med Happy Birthday, hjerter, prinsessekrone og et flot prinsesseslot har du den perfekte pynt til din n\u00e6ste prinsesse f\u00f8dselsdag.<\/p>\n<p><strong>HUSK:<\/strong> helium hvis ballonerne skal sv\u00e6ve. Brug Hi Float for at forl\u00e6nge sv\u00e6vetiden til flere dage.<\/p>\n<p>Indhold: 5 stk. \/ M\u00e5l: 33 cm<\/p>\n","protected":false},"excerpt":{"rendered":"<p>Balloner er bare altid et hit til b\u00f8rnef\u00f8dselsdage! Og med disse flotte ECO balloner med Happy Birthday, hjerter, prinsessekrone og et flot prinsesseslot har du den perfekte pynt til din n\u00e6ste prinsesse f\u00f8dselsdag. HUSK: helium hvis ballonerne skal sv\u00e6ve. Brug [&hellip;]<\/p>\n","protected":false},"featured_media":56311,"template":"","meta":{"_acf_changed":false},"product_brand":[],"product_cat":[30],"product_tag":[],"class_list":{"0":"post-56310","1":"product","2":"type-product","3":"status-publish","4":"has-post-thumbnail","6":"product_cat-balloner","8":"first","9":"instock","10":"taxable","11":"shipping-taxable","12":"purchasable","13":"product-type-simple"},"bundled_by":[],"bundle_stock_status":"instock","bundle_stock_quantity":14,"bundle_virtual":false,"bundle_layout":"","bundle_add_to_cart_form_location":"","bundle_editable_in_cart":false,"bundle_sold_individually_context":"","bundle_item_grouping":"","bundle_min_size":"","bundle_max_size":"","bundle_price":[],"bundled_items":[],"bundle_sell_ids":[],"acf":[],"tiered_pricing_type":"fixed","tiered_pricing_fixed_rules":[],"tiered_pricing_product_settings":{"layout":"default","base_unit_name":{"singular":null,"plural":null},"default_variation":null},"tiered_pricing_minimum_quantity":null,"tiered_pricing_roles_data":[],"tiered_pricing_percentage_rules":[],"tiered_pricing_maximum_quantity":null,"tiered_pricing_quantity_step":null,"_links":{"self":[{"href":"https:\/\/partyinabox.dk\/party\/wp-json\/wp\/v2\/product\/56310","targetHints":{"allow":["GET"]}}],"collection":[{"href":"https:\/\/partyinabox.dk\/party\/wp-json\/wp\/v2\/product"}],"about":[{"href":"https:\/\/partyinabox.dk\/party\/wp-json\/wp\/v2\/types\/product"}],"wp:featuredmedia":[{"embeddable":true,"href":"https:\/\/partyinabox.dk\/party\/wp-json\/wp\/v2\/media\/56311"}],"wp:attachment":[{"href":"https:\/\/partyinabox.dk\/party\/wp-json\/wp\/v2\/media?parent=56310"}],"wp:term":[{"taxonomy":"product_brand","embeddable":true,"href":"https:\/\/partyinabox.dk\/party\/wp-json\/wp\/v2\/product_brand?post=56310"},{"taxonomy":"product_cat","embeddable":true,"href":"https:\/\/partyinabox.dk\/party\/wp-json\/wp\/v2\/product_cat?post=56310"},{"taxonomy":"product_tag","embeddable":true,"href":"https:\/\/partyinabox.dk\/party\/wp-json\/wp\/v2\/product_tag?post=56310"}],"curies":[{"name":"wp","href":"https:\/\/api.w.org\/{rel}","templated":true}]}}