{"id":56174,"date":"2025-10-20T00:00:00","date_gmt":"2025-10-19T22:00:00","guid":{"rendered":"https:\/\/partyinabox.dk\/party\/?post_type=product&#038;p=56174"},"modified":"2026-03-23T13:09:50","modified_gmt":"2026-03-23T12:09:50","slug":"triceratops-dinosaur-folie-ballon","status":"publish","type":"product","link":"https:\/\/partyinabox.dk\/party\/vare\/triceratops-dinosaur-folie-ballon\/","title":{"rendered":"Triceratops dinosaur folie ballon"},"content":{"rendered":"<p>Wow en fed dinosaur folie ballon! Pust den op med helium, s\u00e5 den sv\u00e6ver. Du kan ogs\u00e5 fylde den med alm. luft og h\u00e6nge den op med f.eks. fiskesn\u00f8re. Der bliver kamp om at f\u00e5 denne fede ballon til din n\u00e6ste dinosaur f\u00f8dselsdag &#8211; det er helt sikkert!<\/p>\n<p>Indhold: 1 stk. \/ M\u00e5l: 106 cm x 60 cm<\/p>\n","protected":false},"excerpt":{"rendered":"<p>Wow en fed dinosaur folie ballon! Pust den op med helium, s\u00e5 den sv\u00e6ver. Du kan ogs\u00e5 fylde den med alm. luft og h\u00e6nge den op med f.eks. fiskesn\u00f8re. Der bliver kamp om at f\u00e5 denne fede ballon til din [&hellip;]<\/p>\n","protected":false},"featured_media":56175,"template":"","meta":{"_acf_changed":false},"product_brand":[],"product_cat":[30],"product_tag":[],"class_list":{"0":"post-56174","1":"product","2":"type-product","3":"status-publish","4":"has-post-thumbnail","6":"product_cat-balloner","8":"first","9":"outofstock","10":"taxable","11":"shipping-taxable","12":"purchasable","13":"product-type-simple"},"bundled_by":[],"bundle_stock_status":"outofstock","bundle_stock_quantity":0,"bundle_virtual":false,"bundle_layout":"","bundle_add_to_cart_form_location":"","bundle_editable_in_cart":false,"bundle_sold_individually_context":"","bundle_item_grouping":"","bundle_min_size":"","bundle_max_size":"","bundle_price":[],"bundled_items":[],"bundle_sell_ids":[],"acf":[],"tiered_pricing_type":"fixed","tiered_pricing_fixed_rules":[],"tiered_pricing_product_settings":{"layout":"default","base_unit_name":{"singular":null,"plural":null},"default_variation":null},"tiered_pricing_minimum_quantity":null,"tiered_pricing_roles_data":[],"tiered_pricing_percentage_rules":[],"tiered_pricing_maximum_quantity":null,"tiered_pricing_quantity_step":null,"_links":{"self":[{"href":"https:\/\/partyinabox.dk\/party\/wp-json\/wp\/v2\/product\/56174","targetHints":{"allow":["GET"]}}],"collection":[{"href":"https:\/\/partyinabox.dk\/party\/wp-json\/wp\/v2\/product"}],"about":[{"href":"https:\/\/partyinabox.dk\/party\/wp-json\/wp\/v2\/types\/product"}],"wp:featuredmedia":[{"embeddable":true,"href":"https:\/\/partyinabox.dk\/party\/wp-json\/wp\/v2\/media\/56175"}],"wp:attachment":[{"href":"https:\/\/partyinabox.dk\/party\/wp-json\/wp\/v2\/media?parent=56174"}],"wp:term":[{"taxonomy":"product_brand","embeddable":true,"href":"https:\/\/partyinabox.dk\/party\/wp-json\/wp\/v2\/product_brand?post=56174"},{"taxonomy":"product_cat","embeddable":true,"href":"https:\/\/partyinabox.dk\/party\/wp-json\/wp\/v2\/product_cat?post=56174"},{"taxonomy":"product_tag","embeddable":true,"href":"https:\/\/partyinabox.dk\/party\/wp-json\/wp\/v2\/product_tag?post=56174"}],"curies":[{"name":"wp","href":"https:\/\/api.w.org\/{rel}","templated":true}]}}