{"id":56118,"date":"2024-01-22T15:49:11","date_gmt":"2024-01-22T14:49:11","guid":{"rendered":"https:\/\/partyinabox.dk\/party\/?post_type=product&#038;p=56118"},"modified":"2026-04-30T11:25:19","modified_gmt":"2026-04-30T09:25:19","slug":"avengers-infinity-stones-paptallerkner-stor","status":"publish","type":"product","link":"https:\/\/partyinabox.dk\/party\/vare\/avengers-infinity-stones-paptallerkner-stor\/","title":{"rendered":"Avengers\u00ae Infinity Stones Paptallerkner (stor)"},"content":{"rendered":"<p>Tag din fest til nye h\u00f8jder med Avengers Paptallerkner! Disse 8 Marvel tallerkner bringer dine yndlings superhelte direkte til middagsbordet. Med en diameter p\u00e5 23 cm er de perfekte til alle retter, fra sm\u00e5 snacks til pizza og pasta. Designet er b\u00e5de farverigt og heltemodigt, hvilket g\u00f8r dem ideelle til enhver superhelte temafest. S\u00e5 lad Avengers samles omkring dit bord og g\u00f8r din fest uforglemmelig for sm\u00e5 og store superheltefans!<\/p>\n","protected":false},"excerpt":{"rendered":"<p>Tag din fest til nye h\u00f8jder med Avengers Paptallerkner! Disse 8 Marvel tallerkner bringer dine yndlings superhelte direkte til middagsbordet. Med en diameter p\u00e5 23 cm er de perfekte til alle retter, fra sm\u00e5 snacks til pizza og pasta. Designet [&hellip;]<\/p>\n","protected":false},"featured_media":56119,"template":"","meta":{"_acf_changed":false},"product_brand":[],"product_cat":[32],"product_tag":[],"class_list":{"0":"post-56118","1":"product","2":"type-product","3":"status-publish","4":"has-post-thumbnail","6":"product_cat-service","7":"pa_item-color-gul","8":"pa_item-color-roed","9":"pa_item-color-blaa","10":"pa_item-color-groen","11":"pa_item-group-bordservice","12":"pa_item-subgroup-tallerkner","13":"pa_pakken-indeholder-8-stk-paptallerkener","14":"pa_tema_tax-superheroes","15":"pa_under-tema-avengers","17":"first","18":"instock","19":"taxable","20":"shipping-taxable","21":"purchasable","22":"product-type-simple"},"bundled_by":[],"bundle_stock_status":"instock","bundle_stock_quantity":29,"bundle_virtual":false,"bundle_layout":"","bundle_add_to_cart_form_location":"","bundle_editable_in_cart":false,"bundle_sold_individually_context":"","bundle_item_grouping":"","bundle_min_size":"","bundle_max_size":"","bundle_price":[],"bundled_items":[],"bundle_sell_ids":[],"acf":[],"tiered_pricing_type":"fixed","tiered_pricing_fixed_rules":[],"tiered_pricing_product_settings":{"layout":"default","base_unit_name":{"singular":null,"plural":null},"default_variation":null},"tiered_pricing_minimum_quantity":null,"tiered_pricing_roles_data":[],"tiered_pricing_percentage_rules":[],"tiered_pricing_maximum_quantity":null,"tiered_pricing_quantity_step":null,"_links":{"self":[{"href":"https:\/\/partyinabox.dk\/party\/wp-json\/wp\/v2\/product\/56118","targetHints":{"allow":["GET"]}}],"collection":[{"href":"https:\/\/partyinabox.dk\/party\/wp-json\/wp\/v2\/product"}],"about":[{"href":"https:\/\/partyinabox.dk\/party\/wp-json\/wp\/v2\/types\/product"}],"wp:featuredmedia":[{"embeddable":true,"href":"https:\/\/partyinabox.dk\/party\/wp-json\/wp\/v2\/media\/56119"}],"wp:attachment":[{"href":"https:\/\/partyinabox.dk\/party\/wp-json\/wp\/v2\/media?parent=56118"}],"wp:term":[{"taxonomy":"product_brand","embeddable":true,"href":"https:\/\/partyinabox.dk\/party\/wp-json\/wp\/v2\/product_brand?post=56118"},{"taxonomy":"product_cat","embeddable":true,"href":"https:\/\/partyinabox.dk\/party\/wp-json\/wp\/v2\/product_cat?post=56118"},{"taxonomy":"product_tag","embeddable":true,"href":"https:\/\/partyinabox.dk\/party\/wp-json\/wp\/v2\/product_tag?post=56118"}],"curies":[{"name":"wp","href":"https:\/\/api.w.org\/{rel}","templated":true}]}}