{"id":55792,"date":"2024-01-17T14:14:49","date_gmt":"2024-01-17T13:14:49","guid":{"rendered":"https:\/\/partyinabox.dk\/party\/?post_type=product&#038;p=55792"},"modified":"2026-04-07T20:53:41","modified_gmt":"2026-04-07T18:53:41","slug":"frozen-anna-og-elsa-masker","status":"publish","type":"product","link":"https:\/\/partyinabox.dk\/party\/vare\/frozen-anna-og-elsa-masker\/","title":{"rendered":"Frozen Anna og Elsa masker"},"content":{"rendered":"<p>Hvis b\u00f8rnene virkelig skal f\u00f8le sig som en del af Frozen \/ Frost universet, s\u00e5 er disse Anna og Elsa masker et must have til den n\u00e6ste Frozen b\u00f8rnef\u00f8dselsdag. Hver maske kommer med elastik og er af pap.<\/p>\n<p>Indhold: 6 stk. (3 stk. af hver)<\/p>\n","protected":false},"excerpt":{"rendered":"<p>Hvis b\u00f8rnene virkelig skal f\u00f8le sig som en del af Frozen \/ Frost universet, s\u00e5 er disse Anna og Elsa masker et must have til den n\u00e6ste Frozen b\u00f8rnef\u00f8dselsdag. Hver maske kommer med elastik og er af pap. Indhold: 6 [&hellip;]<\/p>\n","protected":false},"featured_media":55793,"template":"","meta":{"_acf_changed":false},"product_brand":[],"product_cat":[34],"product_tag":[],"class_list":{"0":"post-55792","1":"product","2":"type-product","3":"status-publish","4":"has-post-thumbnail","6":"product_cat-accessories","8":"first","9":"instock","10":"taxable","11":"shipping-taxable","12":"purchasable","13":"product-type-simple"},"bundled_by":[],"bundle_stock_status":"instock","bundle_stock_quantity":75,"bundle_virtual":false,"bundle_layout":"","bundle_add_to_cart_form_location":"","bundle_editable_in_cart":false,"bundle_sold_individually_context":"","bundle_item_grouping":"","bundle_min_size":"","bundle_max_size":"","bundle_price":[],"bundled_items":[],"bundle_sell_ids":[],"acf":[],"tiered_pricing_type":"fixed","tiered_pricing_fixed_rules":[],"tiered_pricing_product_settings":{"layout":"default","base_unit_name":{"singular":null,"plural":null},"default_variation":null},"tiered_pricing_minimum_quantity":null,"tiered_pricing_roles_data":[],"tiered_pricing_percentage_rules":[],"tiered_pricing_maximum_quantity":null,"tiered_pricing_quantity_step":null,"_links":{"self":[{"href":"https:\/\/partyinabox.dk\/party\/wp-json\/wp\/v2\/product\/55792","targetHints":{"allow":["GET"]}}],"collection":[{"href":"https:\/\/partyinabox.dk\/party\/wp-json\/wp\/v2\/product"}],"about":[{"href":"https:\/\/partyinabox.dk\/party\/wp-json\/wp\/v2\/types\/product"}],"wp:featuredmedia":[{"embeddable":true,"href":"https:\/\/partyinabox.dk\/party\/wp-json\/wp\/v2\/media\/55793"}],"wp:attachment":[{"href":"https:\/\/partyinabox.dk\/party\/wp-json\/wp\/v2\/media?parent=55792"}],"wp:term":[{"taxonomy":"product_brand","embeddable":true,"href":"https:\/\/partyinabox.dk\/party\/wp-json\/wp\/v2\/product_brand?post=55792"},{"taxonomy":"product_cat","embeddable":true,"href":"https:\/\/partyinabox.dk\/party\/wp-json\/wp\/v2\/product_cat?post=55792"},{"taxonomy":"product_tag","embeddable":true,"href":"https:\/\/partyinabox.dk\/party\/wp-json\/wp\/v2\/product_tag?post=55792"}],"curies":[{"name":"wp","href":"https:\/\/api.w.org\/{rel}","templated":true}]}}