{"id":54795,"date":"2024-01-24T00:00:00","date_gmt":"2024-01-23T23:00:00","guid":{"rendered":"https:\/\/partyinabox.dk\/party\/?post_type=product&#038;p=54795"},"modified":"2026-04-28T22:21:18","modified_gmt":"2026-04-28T20:21:18","slug":"gravko-honeycomb-dekoration","status":"publish","type":"product","link":"https:\/\/partyinabox.dk\/party\/vare\/gravko-honeycomb-dekoration\/","title":{"rendered":"Gravko Honeycomb Dekoration"},"content":{"rendered":"<p>Giv din lille byggearbejders f\u00f8dselsdagsfest et strejf af eventyr med denne charmerende borddekoration! Inspireret af de fascinerende store maskiner, der dominerer byggepladser, er denne dekoration et absolut hit for ethvert barn med en passion for konstruktion. Forestil dig deres gl\u00e6de, n\u00e5r de ser denne livlige og farverige gravko pryde festbordet. Perfekt til at skabe en sp\u00e6ndende stemning og v\u00e6kke b\u00f8rnenes fantasi, denne dekoration er mere end blot et pynteelement det er en invitation til et eventyr i byggepladsens verden. Denne gravko vil uden tvivl v\u00e6re midtpunktet p\u00e5 bordet og tilf\u00f8je et unikt og legende element til din lille entrepren\u00f8rs store dag!<\/p>\n","protected":false},"excerpt":{"rendered":"<p>Giv din lille byggearbejders f\u00f8dselsdagsfest et strejf af eventyr med denne charmerende borddekoration! Inspireret af de fascinerende store maskiner, der dominerer byggepladser, er denne dekoration et absolut hit for ethvert barn med en passion for konstruktion. Forestil dig deres gl\u00e6de, [&hellip;]<\/p>\n","protected":false},"featured_media":54796,"template":"","meta":{"_acf_changed":false},"product_brand":[],"product_cat":[19,32],"product_tag":[],"class_list":{"0":"post-54795","1":"product","2":"type-product","3":"status-publish","4":"has-post-thumbnail","6":"product_cat-pynt","7":"product_cat-service","8":"pa_item-color-blaa","9":"pa_item-color-gul","10":"pa_item-color-brun","11":"pa_item-group-dekoration","12":"pa_item-subgroup-honeycomb-figur","13":"pa_pakken-indeholder-honeycomb-dekoration","14":"pa_tema_tax-professions","15":"pa_under-tema-builder","17":"first","18":"instock","19":"taxable","20":"shipping-taxable","21":"purchasable","22":"product-type-simple"},"bundled_by":[],"bundle_stock_status":"instock","bundle_stock_quantity":28,"bundle_virtual":false,"bundle_layout":"","bundle_add_to_cart_form_location":"","bundle_editable_in_cart":false,"bundle_sold_individually_context":"","bundle_item_grouping":"","bundle_min_size":"","bundle_max_size":"","bundle_price":[],"bundled_items":[],"bundle_sell_ids":[],"acf":[],"tiered_pricing_type":"fixed","tiered_pricing_fixed_rules":[],"tiered_pricing_product_settings":{"layout":"default","base_unit_name":{"singular":null,"plural":null},"default_variation":null},"tiered_pricing_minimum_quantity":null,"tiered_pricing_roles_data":[],"tiered_pricing_percentage_rules":[],"tiered_pricing_maximum_quantity":null,"tiered_pricing_quantity_step":null,"_links":{"self":[{"href":"https:\/\/partyinabox.dk\/party\/wp-json\/wp\/v2\/product\/54795","targetHints":{"allow":["GET"]}}],"collection":[{"href":"https:\/\/partyinabox.dk\/party\/wp-json\/wp\/v2\/product"}],"about":[{"href":"https:\/\/partyinabox.dk\/party\/wp-json\/wp\/v2\/types\/product"}],"wp:featuredmedia":[{"embeddable":true,"href":"https:\/\/partyinabox.dk\/party\/wp-json\/wp\/v2\/media\/54796"}],"wp:attachment":[{"href":"https:\/\/partyinabox.dk\/party\/wp-json\/wp\/v2\/media?parent=54795"}],"wp:term":[{"taxonomy":"product_brand","embeddable":true,"href":"https:\/\/partyinabox.dk\/party\/wp-json\/wp\/v2\/product_brand?post=54795"},{"taxonomy":"product_cat","embeddable":true,"href":"https:\/\/partyinabox.dk\/party\/wp-json\/wp\/v2\/product_cat?post=54795"},{"taxonomy":"product_tag","embeddable":true,"href":"https:\/\/partyinabox.dk\/party\/wp-json\/wp\/v2\/product_tag?post=54795"}],"curies":[{"name":"wp","href":"https:\/\/api.w.org\/{rel}","templated":true}]}}