{"id":54730,"date":"2026-01-26T00:00:00","date_gmt":"2026-01-25T23:00:00","guid":{"rendered":"https:\/\/partyinabox.dk\/party\/?post_type=product&#038;p=54730"},"modified":"2026-03-16T09:24:04","modified_gmt":"2026-03-16T08:24:04","slug":"harry-potter-briller","status":"publish","type":"product","link":"https:\/\/partyinabox.dk\/party\/vare\/harry-potter-briller\/","title":{"rendered":"Harry Potter\u00ae Briller"},"content":{"rendered":"<p>Tr\u00e6d ind i en magisk verden med disse ikoniske Harry Potter briller! Perfekte til fans, der \u00f8nsker at opleve eventyret fra Hogwarts korridorer. Med disse sorte briller, genkendelige verden over, kan du f\u00f8le dig som en \u00e6gte del af Gryffindor og st\u00e5 side om side med dine yndlingstroldm\u00e6nd. De er ideelle til kostumefester eller til at tilf\u00f8re hverdagen et strejf af magi. Tag dem p\u00e5, og forbered dig p\u00e5 episke kampe og eventyr  m\u00e5ske endda et m\u00f8de med selveste Voldemort. Er du klar til at krydse platform 9  og begive dig ud p\u00e5 dit eget eventyr?<\/p>\n","protected":false},"excerpt":{"rendered":"<p>Tr\u00e6d ind i en magisk verden med disse ikoniske Harry Potter briller! Perfekte til fans, der \u00f8nsker at opleve eventyret fra Hogwarts korridorer. Med disse sorte briller, genkendelige verden over, kan du f\u00f8le dig som en \u00e6gte del af Gryffindor [&hellip;]<\/p>\n","protected":false},"featured_media":54731,"template":"","meta":{"_acf_changed":false},"product_brand":[],"product_cat":[34],"product_tag":[],"class_list":{"0":"post-54730","1":"product","2":"type-product","3":"status-publish","4":"has-post-thumbnail","6":"product_cat-accessories","7":"pa_item-color-sort","8":"pa_item-group-hovedtilbehoer","9":"pa_item-subgroup-briller","10":"pa_pakken-indeholder-briller","11":"pa_tema_tax-tv-series-movies","12":"pa_under-tema-harry-potter","14":"first","15":"outofstock","16":"taxable","17":"shipping-taxable","18":"purchasable","19":"product-type-simple"},"bundled_by":[],"bundle_stock_status":"outofstock","bundle_stock_quantity":0,"bundle_virtual":false,"bundle_layout":"","bundle_add_to_cart_form_location":"","bundle_editable_in_cart":false,"bundle_sold_individually_context":"","bundle_item_grouping":"","bundle_min_size":"","bundle_max_size":"","bundle_price":[],"bundled_items":[],"bundle_sell_ids":[],"acf":[],"tiered_pricing_type":"fixed","tiered_pricing_fixed_rules":[],"tiered_pricing_product_settings":{"layout":"default","base_unit_name":{"singular":null,"plural":null},"default_variation":null},"tiered_pricing_minimum_quantity":null,"tiered_pricing_roles_data":[],"tiered_pricing_percentage_rules":[],"tiered_pricing_maximum_quantity":null,"tiered_pricing_quantity_step":null,"_links":{"self":[{"href":"https:\/\/partyinabox.dk\/party\/wp-json\/wp\/v2\/product\/54730","targetHints":{"allow":["GET"]}}],"collection":[{"href":"https:\/\/partyinabox.dk\/party\/wp-json\/wp\/v2\/product"}],"about":[{"href":"https:\/\/partyinabox.dk\/party\/wp-json\/wp\/v2\/types\/product"}],"wp:featuredmedia":[{"embeddable":true,"href":"https:\/\/partyinabox.dk\/party\/wp-json\/wp\/v2\/media\/54731"}],"wp:attachment":[{"href":"https:\/\/partyinabox.dk\/party\/wp-json\/wp\/v2\/media?parent=54730"}],"wp:term":[{"taxonomy":"product_brand","embeddable":true,"href":"https:\/\/partyinabox.dk\/party\/wp-json\/wp\/v2\/product_brand?post=54730"},{"taxonomy":"product_cat","embeddable":true,"href":"https:\/\/partyinabox.dk\/party\/wp-json\/wp\/v2\/product_cat?post=54730"},{"taxonomy":"product_tag","embeddable":true,"href":"https:\/\/partyinabox.dk\/party\/wp-json\/wp\/v2\/product_tag?post=54730"}],"curies":[{"name":"wp","href":"https:\/\/api.w.org\/{rel}","templated":true}]}}