{"id":54608,"date":"2024-04-16T00:00:00","date_gmt":"2024-04-15T22:00:00","guid":{"rendered":"https:\/\/partyinabox.dk\/party\/?post_type=product&#038;p=54608"},"modified":"2026-03-16T09:24:02","modified_gmt":"2026-03-16T08:24:02","slug":"prinsesse-latexballoner","status":"publish","type":"product","link":"https:\/\/partyinabox.dk\/party\/vare\/prinsesse-latexballoner\/","title":{"rendered":"Prinsesse Latexballoner"},"content":{"rendered":"<p>Lad Prinsesse Latexballoner forvandle festlokalet til et magisk kongerige, hvor hver g\u00e6st bliver hovedpersonen i deres eget eventyr. Med en buket af pink, bl\u00e5 og lilla balloner, fyldes rummet med dr\u00f8mmenes farver og skaber en atmosf\u00e6re af fortryllelse. Disse balloner er ikke kun en del af dekorationen, men en invitation til at tr\u00e6de ind i en verden, hvor fantasien regerer. S\u00e5 lad festen begynde, og lad hver lille dr\u00f8mmer danse under et himmelrum af latexmagi!<\/p>\n","protected":false},"excerpt":{"rendered":"<p>Lad Prinsesse Latexballoner forvandle festlokalet til et magisk kongerige, hvor hver g\u00e6st bliver hovedpersonen i deres eget eventyr. Med en buket af pink, bl\u00e5 og lilla balloner, fyldes rummet med dr\u00f8mmenes farver og skaber en atmosf\u00e6re af fortryllelse. Disse balloner [&hellip;]<\/p>\n","protected":false},"featured_media":54609,"template":"","meta":{"_acf_changed":false},"product_brand":[],"product_cat":[30],"product_tag":[],"class_list":{"0":"post-54608","1":"product","2":"type-product","3":"status-publish","4":"has-post-thumbnail","6":"product_cat-balloner","7":"pa_item-color-blaa","8":"pa_item-color-lilla","9":"pa_item-color-pink","10":"pa_item-group-balloner","11":"pa_item-subgroup-latexballoner","12":"pa_pakken-indeholder-6-stk-latexballoner","13":"pa_tema_tax-fantasy-fairytale","14":"pa_under-tema-unicorn","16":"first","17":"instock","18":"taxable","19":"shipping-taxable","20":"purchasable","21":"product-type-simple"},"bundled_by":[],"bundle_stock_status":"instock","bundle_stock_quantity":5,"bundle_virtual":false,"bundle_layout":"","bundle_add_to_cart_form_location":"","bundle_editable_in_cart":false,"bundle_sold_individually_context":"","bundle_item_grouping":"","bundle_min_size":"","bundle_max_size":"","bundle_price":[],"bundled_items":[],"bundle_sell_ids":[],"acf":[],"tiered_pricing_type":"fixed","tiered_pricing_fixed_rules":[],"tiered_pricing_product_settings":{"layout":"default","base_unit_name":{"singular":null,"plural":null},"default_variation":null},"tiered_pricing_minimum_quantity":null,"tiered_pricing_roles_data":[],"tiered_pricing_percentage_rules":[],"tiered_pricing_maximum_quantity":null,"tiered_pricing_quantity_step":null,"_links":{"self":[{"href":"https:\/\/partyinabox.dk\/party\/wp-json\/wp\/v2\/product\/54608","targetHints":{"allow":["GET"]}}],"collection":[{"href":"https:\/\/partyinabox.dk\/party\/wp-json\/wp\/v2\/product"}],"about":[{"href":"https:\/\/partyinabox.dk\/party\/wp-json\/wp\/v2\/types\/product"}],"wp:featuredmedia":[{"embeddable":true,"href":"https:\/\/partyinabox.dk\/party\/wp-json\/wp\/v2\/media\/54609"}],"wp:attachment":[{"href":"https:\/\/partyinabox.dk\/party\/wp-json\/wp\/v2\/media?parent=54608"}],"wp:term":[{"taxonomy":"product_brand","embeddable":true,"href":"https:\/\/partyinabox.dk\/party\/wp-json\/wp\/v2\/product_brand?post=54608"},{"taxonomy":"product_cat","embeddable":true,"href":"https:\/\/partyinabox.dk\/party\/wp-json\/wp\/v2\/product_cat?post=54608"},{"taxonomy":"product_tag","embeddable":true,"href":"https:\/\/partyinabox.dk\/party\/wp-json\/wp\/v2\/product_tag?post=54608"}],"curies":[{"name":"wp","href":"https:\/\/api.w.org\/{rel}","templated":true}]}}