{"id":54574,"date":"2024-01-30T00:00:00","date_gmt":"2024-01-29T23:00:00","guid":{"rendered":"https:\/\/partyinabox.dk\/party\/?post_type=product&#038;p=54574"},"modified":"2026-04-24T19:23:59","modified_gmt":"2026-04-24T17:23:59","slug":"pirat-dug-roed","status":"publish","type":"product","link":"https:\/\/partyinabox.dk\/party\/vare\/pirat-dug-roed\/","title":{"rendered":"Pirat Dug R\u00f8d"},"content":{"rendered":"<p>Tag dine g\u00e6ster med p\u00e5 en uforglemmelig piratfest, lige fra dit spisebord! Denne i\u00f8jnefaldende r\u00f8de dug, prydet med kranier og korslagte sabler, inviterer til eventyr p\u00e5 de syv have. Den perfekte baggrund for en dag fyldt med skattejagt, leg og latter. <\/p>\n<p>Den livlige r\u00f8de farve og det eventyrlige design vil f\u00e5 alle sm\u00e5 og store pirater til at f\u00f8le sig som en del af en frygtindgydende bes\u00e6tning. S\u00e5 hejs flaget, g\u00f8r klar til sjove spil og l\u00e6kre snacks, og lad piratfesten begynde!<\/p>\n","protected":false},"excerpt":{"rendered":"<p>Tag dine g\u00e6ster med p\u00e5 en uforglemmelig piratfest, lige fra dit spisebord! Denne i\u00f8jnefaldende r\u00f8de dug, prydet med kranier og korslagte sabler, inviterer til eventyr p\u00e5 de syv have. Den perfekte baggrund for en dag fyldt med skattejagt, leg og [&hellip;]<\/p>\n","protected":false},"featured_media":54575,"template":"","meta":{"_acf_changed":false},"product_brand":[],"product_cat":[32],"product_tag":[],"class_list":{"0":"post-54574","1":"product","2":"type-product","3":"status-publish","4":"has-post-thumbnail","6":"product_cat-service","7":"pa_item-color-roed","8":"pa_item-color-blaa","9":"pa_item-group-borddekoration","10":"pa_item-subgroup-duge","11":"pa_pakken-indeholder-dug","12":"pa_tema_tax-theme-parties","13":"pa_under-tema-pirate","15":"first","16":"instock","17":"taxable","18":"shipping-taxable","19":"purchasable","20":"product-type-simple"},"bundled_by":[],"bundle_stock_status":"instock","bundle_stock_quantity":16,"bundle_virtual":false,"bundle_layout":"","bundle_add_to_cart_form_location":"","bundle_editable_in_cart":false,"bundle_sold_individually_context":"","bundle_item_grouping":"","bundle_min_size":"","bundle_max_size":"","bundle_price":[],"bundled_items":[],"bundle_sell_ids":[],"acf":[],"tiered_pricing_type":"fixed","tiered_pricing_fixed_rules":[],"tiered_pricing_product_settings":{"layout":"default","base_unit_name":{"singular":null,"plural":null},"default_variation":null},"tiered_pricing_minimum_quantity":null,"tiered_pricing_roles_data":[],"tiered_pricing_percentage_rules":[],"tiered_pricing_maximum_quantity":null,"tiered_pricing_quantity_step":null,"_links":{"self":[{"href":"https:\/\/partyinabox.dk\/party\/wp-json\/wp\/v2\/product\/54574","targetHints":{"allow":["GET"]}}],"collection":[{"href":"https:\/\/partyinabox.dk\/party\/wp-json\/wp\/v2\/product"}],"about":[{"href":"https:\/\/partyinabox.dk\/party\/wp-json\/wp\/v2\/types\/product"}],"wp:featuredmedia":[{"embeddable":true,"href":"https:\/\/partyinabox.dk\/party\/wp-json\/wp\/v2\/media\/54575"}],"wp:attachment":[{"href":"https:\/\/partyinabox.dk\/party\/wp-json\/wp\/v2\/media?parent=54574"}],"wp:term":[{"taxonomy":"product_brand","embeddable":true,"href":"https:\/\/partyinabox.dk\/party\/wp-json\/wp\/v2\/product_brand?post=54574"},{"taxonomy":"product_cat","embeddable":true,"href":"https:\/\/partyinabox.dk\/party\/wp-json\/wp\/v2\/product_cat?post=54574"},{"taxonomy":"product_tag","embeddable":true,"href":"https:\/\/partyinabox.dk\/party\/wp-json\/wp\/v2\/product_tag?post=54574"}],"curies":[{"name":"wp","href":"https:\/\/api.w.org\/{rel}","templated":true}]}}